{"id":954,"date":"2026-02-16T18:59:06","date_gmt":"2026-02-16T18:59:06","guid":{"rendered":"https:\/\/b2b.mvgd.pl\/?post_type=product&#038;p=954"},"modified":"2026-02-16T19:00:53","modified_gmt":"2026-02-16T19:00:53","slug":"compagnie-beaujolaise-morgon-075-l-13","status":"publish","type":"product","link":"https:\/\/b2b.mvgd.pl\/index.php\/produkt\/compagnie-beaujolaise-morgon-075-l-13\/","title":{"rendered":"Compagnie Beaujolaise Morgon 0,75\u202fl 13%"},"content":{"rendered":"<p data-start=\"315\" data-end=\"389\">Wygl\u0105d: G\u0142\u0119boka rubinowa barwa z fioletowym refleksem, klarowne i l\u015bni\u0105ce.<\/p>\n<p data-start=\"391\" data-end=\"517\">Aromat: Intensywne aromaty dojrza\u0142ych wi\u015bni, malin i \u015bliwek, z nutami fio\u0142k\u00f3w, przypraw i lekkim akcentem ziemisto-mineralnym.<\/p>\n<p data-start=\"519\" data-end=\"686\">Smak: \u015aredniope\u0142ne do pe\u0142nych, dobrze zbudowane z aksamitnymi taninami i \u015bwie\u017c\u0105 kwasowo\u015bci\u0105. Finisz d\u0142ugi, owocowy i z\u0142o\u017cony, z mineralnym t\u0142em typowym dla cru Morgon.<\/p>\n<p data-start=\"688\" data-end=\"719\">Temperatura podawania: 14\u201316\u202f\u00b0C<\/p>\n<p data-start=\"721\" data-end=\"834\">Serwowanie: Doskona\u0142e do pieczonej kaczki, ciel\u0119ciny, potraw z grzybami, twardych ser\u00f3w i da\u0144 kuchni francuskiej.<\/p>\n","protected":false},"excerpt":{"rendered":"<p data-start=\"334\" data-end=\"407\">Wytrawne czerwone wino z apelacji Morgon (Beaujolais) \u2013 owocowe, intensywne i elegancko zbudowane. Idealne do mi\u0119s, grzyb\u00f3w i ser\u00f3w.<\/p>\n","protected":false},"featured_media":1011,"comment_status":"closed","ping_status":"closed","template":"","meta":[],"product_brand":[],"product_cat":[1095,676,18],"product_tag":[1151,737,320,321],"class_list":{"0":"post-954","1":"product","2":"type-product","3":"status-publish","4":"has-post-thumbnail","6":"product_cat-beaujolais","7":"product_cat-francja","8":"product_cat-wina","9":"product_tag-compagnie-beaujolaise","10":"product_tag-czerwone","11":"product_tag-wino","12":"product_tag-wytrawne","14":"first","15":"instock","16":"shipping-taxable","17":"purchasable","18":"product-type-simple"},"yoast_head":"<!-- This site is optimized with the Yoast SEO plugin v26.9 - https:\/\/yoast.com\/product\/yoast-seo-wordpress\/ -->\n<title>Compagnie Beaujolaise Morgon 0,75\u202fl 13% - B2B MVGD PL<\/title>\n<meta name=\"robots\" content=\"index, follow, max-snippet:-1, max-image-preview:large, max-video-preview:-1\" \/>\n<link rel=\"canonical\" href=\"https:\/\/b2b.mvgd.pl\/index.php\/produkt\/compagnie-beaujolaise-morgon-075-l-13\/\" \/>\n<meta property=\"og:locale\" content=\"pl_PL\" \/>\n<meta property=\"og:type\" content=\"article\" \/>\n<meta property=\"og:title\" content=\"Compagnie Beaujolaise Morgon 0,75\u202fl 13% - B2B MVGD PL\" \/>\n<meta property=\"og:description\" content=\"Wytrawne czerwone wino z apelacji Morgon (Beaujolais) \u2013 owocowe, intensywne i elegancko zbudowane. Idealne do mi\u0119s, grzyb\u00f3w i ser\u00f3w.\" \/>\n<meta property=\"og:url\" content=\"https:\/\/b2b.mvgd.pl\/index.php\/produkt\/compagnie-beaujolaise-morgon-075-l-13\/\" \/>\n<meta property=\"og:site_name\" content=\"B2B MVGD PL\" \/>\n<meta property=\"article:modified_time\" content=\"2026-02-16T19:00:53+00:00\" \/>\n<meta name=\"twitter:card\" content=\"summary_large_image\" \/>\n<script type=\"application\/ld+json\" class=\"yoast-schema-graph\">{\"@context\":\"https:\/\/schema.org\",\"@graph\":[{\"@type\":\"WebPage\",\"@id\":\"https:\/\/b2b.mvgd.pl\/index.php\/produkt\/compagnie-beaujolaise-morgon-075-l-13\/\",\"url\":\"https:\/\/b2b.mvgd.pl\/index.php\/produkt\/compagnie-beaujolaise-morgon-075-l-13\/\",\"name\":\"Compagnie Beaujolaise Morgon 0,75\u202fl 13% - B2B MVGD PL\",\"isPartOf\":{\"@id\":\"https:\/\/b2b.mvgd.pl\/#website\"},\"primaryImageOfPage\":{\"@id\":\"https:\/\/b2b.mvgd.pl\/index.php\/produkt\/compagnie-beaujolaise-morgon-075-l-13\/#primaryimage\"},\"image\":{\"@id\":\"https:\/\/b2b.mvgd.pl\/index.php\/produkt\/compagnie-beaujolaise-morgon-075-l-13\/#primaryimage\"},\"thumbnailUrl\":\"https:\/\/b2b.mvgd.pl\/wp-content\/uploads\/2026\/02\/Compagnie-Beaujolaise-Morgon-075.png.png\",\"datePublished\":\"2026-02-16T18:59:06+00:00\",\"dateModified\":\"2026-02-16T19:00:53+00:00\",\"breadcrumb\":{\"@id\":\"https:\/\/b2b.mvgd.pl\/index.php\/produkt\/compagnie-beaujolaise-morgon-075-l-13\/#breadcrumb\"},\"inLanguage\":\"pl-PL\",\"potentialAction\":[{\"@type\":\"ReadAction\",\"target\":[\"https:\/\/b2b.mvgd.pl\/index.php\/produkt\/compagnie-beaujolaise-morgon-075-l-13\/\"]}]},{\"@type\":\"ImageObject\",\"inLanguage\":\"pl-PL\",\"@id\":\"https:\/\/b2b.mvgd.pl\/index.php\/produkt\/compagnie-beaujolaise-morgon-075-l-13\/#primaryimage\",\"url\":\"https:\/\/b2b.mvgd.pl\/wp-content\/uploads\/2026\/02\/Compagnie-Beaujolaise-Morgon-075.png.png\",\"contentUrl\":\"https:\/\/b2b.mvgd.pl\/wp-content\/uploads\/2026\/02\/Compagnie-Beaujolaise-Morgon-075.png.png\",\"width\":900,\"height\":1200},{\"@type\":\"BreadcrumbList\",\"@id\":\"https:\/\/b2b.mvgd.pl\/index.php\/produkt\/compagnie-beaujolaise-morgon-075-l-13\/#breadcrumb\",\"itemListElement\":[{\"@type\":\"ListItem\",\"position\":1,\"name\":\"Strona g\u0142\u00f3wna\",\"item\":\"https:\/\/b2b.mvgd.pl\/\"},{\"@type\":\"ListItem\",\"position\":2,\"name\":\"Shop\",\"item\":\"https:\/\/b2b.mvgd.pl\/index.php\/shop\/\"},{\"@type\":\"ListItem\",\"position\":3,\"name\":\"Compagnie Beaujolaise Morgon 0,75\u202fl 13%\"}]},{\"@type\":\"WebSite\",\"@id\":\"https:\/\/b2b.mvgd.pl\/#website\",\"url\":\"https:\/\/b2b.mvgd.pl\/\",\"name\":\"B2B MVGD PL\",\"description\":\"\",\"potentialAction\":[{\"@type\":\"SearchAction\",\"target\":{\"@type\":\"EntryPoint\",\"urlTemplate\":\"https:\/\/b2b.mvgd.pl\/?s={search_term_string}\"},\"query-input\":{\"@type\":\"PropertyValueSpecification\",\"valueRequired\":true,\"valueName\":\"search_term_string\"}}],\"inLanguage\":\"pl-PL\"}]}<\/script>\n<!-- \/ Yoast SEO plugin. -->","yoast_head_json":{"title":"Compagnie Beaujolaise Morgon 0,75\u202fl 13% - B2B MVGD PL","robots":{"index":"index","follow":"follow","max-snippet":"max-snippet:-1","max-image-preview":"max-image-preview:large","max-video-preview":"max-video-preview:-1"},"canonical":"https:\/\/b2b.mvgd.pl\/index.php\/produkt\/compagnie-beaujolaise-morgon-075-l-13\/","og_locale":"pl_PL","og_type":"article","og_title":"Compagnie Beaujolaise Morgon 0,75\u202fl 13% - B2B MVGD PL","og_description":"Wytrawne czerwone wino z apelacji Morgon (Beaujolais) \u2013 owocowe, intensywne i elegancko zbudowane. Idealne do mi\u0119s, grzyb\u00f3w i ser\u00f3w.","og_url":"https:\/\/b2b.mvgd.pl\/index.php\/produkt\/compagnie-beaujolaise-morgon-075-l-13\/","og_site_name":"B2B MVGD PL","article_modified_time":"2026-02-16T19:00:53+00:00","twitter_card":"summary_large_image","schema":{"@context":"https:\/\/schema.org","@graph":[{"@type":"WebPage","@id":"https:\/\/b2b.mvgd.pl\/index.php\/produkt\/compagnie-beaujolaise-morgon-075-l-13\/","url":"https:\/\/b2b.mvgd.pl\/index.php\/produkt\/compagnie-beaujolaise-morgon-075-l-13\/","name":"Compagnie Beaujolaise Morgon 0,75\u202fl 13% - B2B MVGD PL","isPartOf":{"@id":"https:\/\/b2b.mvgd.pl\/#website"},"primaryImageOfPage":{"@id":"https:\/\/b2b.mvgd.pl\/index.php\/produkt\/compagnie-beaujolaise-morgon-075-l-13\/#primaryimage"},"image":{"@id":"https:\/\/b2b.mvgd.pl\/index.php\/produkt\/compagnie-beaujolaise-morgon-075-l-13\/#primaryimage"},"thumbnailUrl":"https:\/\/b2b.mvgd.pl\/wp-content\/uploads\/2026\/02\/Compagnie-Beaujolaise-Morgon-075.png.png","datePublished":"2026-02-16T18:59:06+00:00","dateModified":"2026-02-16T19:00:53+00:00","breadcrumb":{"@id":"https:\/\/b2b.mvgd.pl\/index.php\/produkt\/compagnie-beaujolaise-morgon-075-l-13\/#breadcrumb"},"inLanguage":"pl-PL","potentialAction":[{"@type":"ReadAction","target":["https:\/\/b2b.mvgd.pl\/index.php\/produkt\/compagnie-beaujolaise-morgon-075-l-13\/"]}]},{"@type":"ImageObject","inLanguage":"pl-PL","@id":"https:\/\/b2b.mvgd.pl\/index.php\/produkt\/compagnie-beaujolaise-morgon-075-l-13\/#primaryimage","url":"https:\/\/b2b.mvgd.pl\/wp-content\/uploads\/2026\/02\/Compagnie-Beaujolaise-Morgon-075.png.png","contentUrl":"https:\/\/b2b.mvgd.pl\/wp-content\/uploads\/2026\/02\/Compagnie-Beaujolaise-Morgon-075.png.png","width":900,"height":1200},{"@type":"BreadcrumbList","@id":"https:\/\/b2b.mvgd.pl\/index.php\/produkt\/compagnie-beaujolaise-morgon-075-l-13\/#breadcrumb","itemListElement":[{"@type":"ListItem","position":1,"name":"Strona g\u0142\u00f3wna","item":"https:\/\/b2b.mvgd.pl\/"},{"@type":"ListItem","position":2,"name":"Shop","item":"https:\/\/b2b.mvgd.pl\/index.php\/shop\/"},{"@type":"ListItem","position":3,"name":"Compagnie Beaujolaise Morgon 0,75\u202fl 13%"}]},{"@type":"WebSite","@id":"https:\/\/b2b.mvgd.pl\/#website","url":"https:\/\/b2b.mvgd.pl\/","name":"B2B MVGD PL","description":"","potentialAction":[{"@type":"SearchAction","target":{"@type":"EntryPoint","urlTemplate":"https:\/\/b2b.mvgd.pl\/?s={search_term_string}"},"query-input":{"@type":"PropertyValueSpecification","valueRequired":true,"valueName":"search_term_string"}}],"inLanguage":"pl-PL"}]}},"jetpack_sharing_enabled":true,"_links":{"self":[{"href":"https:\/\/b2b.mvgd.pl\/index.php\/wp-json\/wp\/v2\/product\/954","targetHints":{"allow":["GET"]}}],"collection":[{"href":"https:\/\/b2b.mvgd.pl\/index.php\/wp-json\/wp\/v2\/product"}],"about":[{"href":"https:\/\/b2b.mvgd.pl\/index.php\/wp-json\/wp\/v2\/types\/product"}],"replies":[{"embeddable":true,"href":"https:\/\/b2b.mvgd.pl\/index.php\/wp-json\/wp\/v2\/comments?post=954"}],"version-history":[{"count":0,"href":"https:\/\/b2b.mvgd.pl\/index.php\/wp-json\/wp\/v2\/product\/954\/revisions"}],"wp:featuredmedia":[{"embeddable":true,"href":"https:\/\/b2b.mvgd.pl\/index.php\/wp-json\/wp\/v2\/media\/1011"}],"wp:attachment":[{"href":"https:\/\/b2b.mvgd.pl\/index.php\/wp-json\/wp\/v2\/media?parent=954"}],"wp:term":[{"taxonomy":"product_brand","embeddable":true,"href":"https:\/\/b2b.mvgd.pl\/index.php\/wp-json\/wp\/v2\/product_brand?post=954"},{"taxonomy":"product_cat","embeddable":true,"href":"https:\/\/b2b.mvgd.pl\/index.php\/wp-json\/wp\/v2\/product_cat?post=954"},{"taxonomy":"product_tag","embeddable":true,"href":"https:\/\/b2b.mvgd.pl\/index.php\/wp-json\/wp\/v2\/product_tag?post=954"}],"curies":[{"name":"wp","href":"https:\/\/api.w.org\/{rel}","templated":true}]}}