{"id":883,"date":"2026-02-16T18:57:00","date_gmt":"2026-02-16T18:57:00","guid":{"rendered":"https:\/\/b2b.mvgd.pl\/?post_type=product&#038;p=883"},"modified":"2026-02-16T18:58:30","modified_gmt":"2026-02-16T18:58:30","slug":"calvet-reserve-du-ciron-sauternes-05-l-13","status":"publish","type":"product","link":"https:\/\/b2b.mvgd.pl\/index.php\/produkt\/calvet-reserve-du-ciron-sauternes-05-l-13\/","title":{"rendered":"Calvet R\u00e9serve du Ciron Sauternes 0,5\u202fl, 13\u202f%"},"content":{"rendered":"<p data-start=\"529\" data-end=\"608\"><span class=\"relative -mx-px my-[-0.2rem] rounded px-px py-[0.2rem] transition-colors duration-100 ease-in-out\">Wygl\u0105d: Pi\u0119kny, z\u0142ocisto-bursztynowy kolor o wyra\u017anym blasku.<\/span><\/p>\n<p data-start=\"610\" data-end=\"689\"><span class=\"relative -mx-px my-[-0.2rem] rounded px-px py-[0.2rem] transition-colors duration-100 ease-in-out\">Aromat: Nasycony aromat dojrza\u0142ych moreli, miodu, morelowej konfitury, nuty mandorli oraz delikatny akcent pomara\u0144czy i szafranu.<\/span><\/p>\n<p data-start=\"691\" data-end=\"770\"><span class=\"relative -mx-px my-[-0.2rem] rounded px-px py-[0.2rem] transition-colors duration-100 ease-in-out\">Smak: S\u0142odki i bogaty w smaku, balansowany przez wysok\u0105 kwasowo\u015b\u0107. Na podniebieniu wyczuwalne nuty moreli, miodu, czerwonych jab\u0142ek i szafranu, z aksamitnym finiszem.<\/span><\/p>\n<p data-start=\"772\" data-end=\"851\"><span class=\"relative -mx-px my-[-0.2rem] rounded px-px py-[0.2rem] transition-colors duration-100 ease-in-out\">Temperatura podawania: 10\u201312\u202f\u00b0C<\/span><\/p>\n<p data-start=\"853\" data-end=\"932\"><span class=\"relative -mx-px my-[-0.2rem] rounded px-px py-[0.2rem] transition-colors duration-100 ease-in-out\">Serwowanie: \u015awietne do foie gras, ser\u00f3w ple\u015bniowych (np. Roquefort), deser\u00f3w takich jak cr\u00e8me br\u00fbl\u00e9e, madaleinki czy owoce w kremach. Doskona\u0142e tak\u017ce jako elegancki aperitif czy digestif.<\/span><\/p>\n","protected":false},"excerpt":{"rendered":"<div class=\"flex max-w-full flex-col grow\">\n<div class=\"min-h-8 text-message relative flex w-full flex-col items-end gap-2 text-start break-words whitespace-normal [.text-message+&amp;]:mt-5\" dir=\"auto\" data-message-author-role=\"assistant\" data-message-id=\"259775c1-e0be-4dbd-a7bf-beb9da96f79c\" data-message-model-slug=\"gpt-4o\">\n<div class=\"flex w-full flex-col gap-1 empty:hidden first:pt-[3px]\">\n<div class=\"markdown prose dark:prose-invert w-full break-words dark\">\n<article class=\"text-token-text-primary w-full\" dir=\"auto\" data-testid=\"conversation-turn-160\" data-scroll-anchor=\"true\">\n<div class=\"text-base my-auto mx-auto pb-10 [--thread-content-margin:--spacing(4)] @[37rem]:[--thread-content-margin:--spacing(6)] @[72rem]:[--thread-content-margin:--spacing(16)] px-(--thread-content-margin)\">\n<div class=\"[--thread-content-max-width:32rem] @[34rem]:[--thread-content-max-width:40rem] @[64rem]:[--thread-content-max-width:48rem] mx-auto max-w-(--thread-content-max-width) flex-1 group\/turn-messages focus-visible:outline-hidden relative flex w-full min-w-0 flex-col agent-turn\">\n<div class=\"flex max-w-full flex-col grow\">\n<div class=\"min-h-8 text-message relative flex w-full flex-col items-end gap-2 text-start break-words whitespace-normal [.text-message+&amp;]:mt-5\" dir=\"auto\" data-message-author-role=\"assistant\" data-message-id=\"e92d6751-7d6e-4e6e-9271-7ea1a4361d3b\" data-message-model-slug=\"gpt-4o\">\n<div class=\"flex w-full flex-col gap-1 empty:hidden first:pt-[3px]\">\n<div class=\"markdown prose dark:prose-invert w-full break-words dark\">\n<p data-start=\"967\" data-end=\"1156\">S\u0142odkie wino Sauternes z Bordeaux, z blendu S\u00e9millon, Sauvignon Blanc i Muscadelle. Z\u0142ocista barwa, aromaty moreli, miodu i mandorli, zr\u00f3wnowa\u017cone wysok\u0105 kwasowo\u015bci\u0105. Idealne do foie gras, ser\u00f3w ple\u015bniowych i deser\u00f3w.<\/p>\n<\/div>\n<\/div>\n<\/div>\n<\/div>\n<\/div>\n<\/div>\n<\/article>\n<\/div>\n<\/div>\n<\/div>\n<\/div>\n","protected":false},"featured_media":934,"comment_status":"closed","ping_status":"closed","template":"","meta":[],"product_brand":[],"product_cat":[950,676,18],"product_tag":[757,951,1078,320],"class_list":{"0":"post-883","1":"product","2":"type-product","3":"status-publish","4":"has-post-thumbnail","6":"product_cat-bordeaux","7":"product_cat-francja","8":"product_cat-wina","9":"product_tag-biale","10":"product_tag-calvet","11":"product_tag-slodkie","12":"product_tag-wino","14":"first","15":"instock","16":"shipping-taxable","17":"purchasable","18":"product-type-simple"},"yoast_head":"<!-- This site is optimized with the Yoast SEO plugin v26.9 - https:\/\/yoast.com\/product\/yoast-seo-wordpress\/ -->\n<title>Calvet R\u00e9serve du Ciron Sauternes 0,5\u202fl, 13\u202f% - B2B MVGD PL<\/title>\n<meta name=\"robots\" content=\"index, follow, max-snippet:-1, max-image-preview:large, max-video-preview:-1\" \/>\n<link rel=\"canonical\" href=\"https:\/\/b2b.mvgd.pl\/index.php\/produkt\/calvet-reserve-du-ciron-sauternes-05-l-13\/\" \/>\n<meta property=\"og:locale\" content=\"pl_PL\" \/>\n<meta property=\"og:type\" content=\"article\" \/>\n<meta property=\"og:title\" content=\"Calvet R\u00e9serve du Ciron Sauternes 0,5\u202fl, 13\u202f% - B2B MVGD PL\" \/>\n<meta property=\"og:description\" content=\"S\u0142odkie wino Sauternes z Bordeaux, z blendu S\u00e9millon, Sauvignon Blanc i Muscadelle. Z\u0142ocista barwa, aromaty moreli, miodu i mandorli, zr\u00f3wnowa\u017cone wysok\u0105 kwasowo\u015bci\u0105. Idealne do foie gras, ser\u00f3w ple\u015bniowych i deser\u00f3w.\" \/>\n<meta property=\"og:url\" content=\"https:\/\/b2b.mvgd.pl\/index.php\/produkt\/calvet-reserve-du-ciron-sauternes-05-l-13\/\" \/>\n<meta property=\"og:site_name\" content=\"B2B MVGD PL\" \/>\n<meta property=\"article:modified_time\" content=\"2026-02-16T18:58:30+00:00\" \/>\n<meta name=\"twitter:card\" content=\"summary_large_image\" \/>\n<script type=\"application\/ld+json\" class=\"yoast-schema-graph\">{\"@context\":\"https:\/\/schema.org\",\"@graph\":[{\"@type\":\"WebPage\",\"@id\":\"https:\/\/b2b.mvgd.pl\/index.php\/produkt\/calvet-reserve-du-ciron-sauternes-05-l-13\/\",\"url\":\"https:\/\/b2b.mvgd.pl\/index.php\/produkt\/calvet-reserve-du-ciron-sauternes-05-l-13\/\",\"name\":\"Calvet R\u00e9serve du Ciron Sauternes 0,5\u202fl, 13\u202f% - B2B MVGD PL\",\"isPartOf\":{\"@id\":\"https:\/\/b2b.mvgd.pl\/#website\"},\"primaryImageOfPage\":{\"@id\":\"https:\/\/b2b.mvgd.pl\/index.php\/produkt\/calvet-reserve-du-ciron-sauternes-05-l-13\/#primaryimage\"},\"image\":{\"@id\":\"https:\/\/b2b.mvgd.pl\/index.php\/produkt\/calvet-reserve-du-ciron-sauternes-05-l-13\/#primaryimage\"},\"thumbnailUrl\":\"https:\/\/b2b.mvgd.pl\/wp-content\/uploads\/2026\/02\/CALVET-RESERVE-DU-CIRON-SAUTERNES-050.png\",\"datePublished\":\"2026-02-16T18:57:00+00:00\",\"dateModified\":\"2026-02-16T18:58:30+00:00\",\"breadcrumb\":{\"@id\":\"https:\/\/b2b.mvgd.pl\/index.php\/produkt\/calvet-reserve-du-ciron-sauternes-05-l-13\/#breadcrumb\"},\"inLanguage\":\"pl-PL\",\"potentialAction\":[{\"@type\":\"ReadAction\",\"target\":[\"https:\/\/b2b.mvgd.pl\/index.php\/produkt\/calvet-reserve-du-ciron-sauternes-05-l-13\/\"]}]},{\"@type\":\"ImageObject\",\"inLanguage\":\"pl-PL\",\"@id\":\"https:\/\/b2b.mvgd.pl\/index.php\/produkt\/calvet-reserve-du-ciron-sauternes-05-l-13\/#primaryimage\",\"url\":\"https:\/\/b2b.mvgd.pl\/wp-content\/uploads\/2026\/02\/CALVET-RESERVE-DU-CIRON-SAUTERNES-050.png\",\"contentUrl\":\"https:\/\/b2b.mvgd.pl\/wp-content\/uploads\/2026\/02\/CALVET-RESERVE-DU-CIRON-SAUTERNES-050.png\",\"width\":900,\"height\":1200},{\"@type\":\"BreadcrumbList\",\"@id\":\"https:\/\/b2b.mvgd.pl\/index.php\/produkt\/calvet-reserve-du-ciron-sauternes-05-l-13\/#breadcrumb\",\"itemListElement\":[{\"@type\":\"ListItem\",\"position\":1,\"name\":\"Strona g\u0142\u00f3wna\",\"item\":\"https:\/\/b2b.mvgd.pl\/\"},{\"@type\":\"ListItem\",\"position\":2,\"name\":\"Shop\",\"item\":\"https:\/\/b2b.mvgd.pl\/index.php\/shop\/\"},{\"@type\":\"ListItem\",\"position\":3,\"name\":\"Calvet R\u00e9serve du Ciron Sauternes 0,5\u202fl, 13\u202f%\"}]},{\"@type\":\"WebSite\",\"@id\":\"https:\/\/b2b.mvgd.pl\/#website\",\"url\":\"https:\/\/b2b.mvgd.pl\/\",\"name\":\"B2B MVGD PL\",\"description\":\"\",\"potentialAction\":[{\"@type\":\"SearchAction\",\"target\":{\"@type\":\"EntryPoint\",\"urlTemplate\":\"https:\/\/b2b.mvgd.pl\/?s={search_term_string}\"},\"query-input\":{\"@type\":\"PropertyValueSpecification\",\"valueRequired\":true,\"valueName\":\"search_term_string\"}}],\"inLanguage\":\"pl-PL\"}]}<\/script>\n<!-- \/ Yoast SEO plugin. -->","yoast_head_json":{"title":"Calvet R\u00e9serve du Ciron Sauternes 0,5\u202fl, 13\u202f% - B2B MVGD PL","robots":{"index":"index","follow":"follow","max-snippet":"max-snippet:-1","max-image-preview":"max-image-preview:large","max-video-preview":"max-video-preview:-1"},"canonical":"https:\/\/b2b.mvgd.pl\/index.php\/produkt\/calvet-reserve-du-ciron-sauternes-05-l-13\/","og_locale":"pl_PL","og_type":"article","og_title":"Calvet R\u00e9serve du Ciron Sauternes 0,5\u202fl, 13\u202f% - B2B MVGD PL","og_description":"S\u0142odkie wino Sauternes z Bordeaux, z blendu S\u00e9millon, Sauvignon Blanc i Muscadelle. Z\u0142ocista barwa, aromaty moreli, miodu i mandorli, zr\u00f3wnowa\u017cone wysok\u0105 kwasowo\u015bci\u0105. Idealne do foie gras, ser\u00f3w ple\u015bniowych i deser\u00f3w.","og_url":"https:\/\/b2b.mvgd.pl\/index.php\/produkt\/calvet-reserve-du-ciron-sauternes-05-l-13\/","og_site_name":"B2B MVGD PL","article_modified_time":"2026-02-16T18:58:30+00:00","twitter_card":"summary_large_image","schema":{"@context":"https:\/\/schema.org","@graph":[{"@type":"WebPage","@id":"https:\/\/b2b.mvgd.pl\/index.php\/produkt\/calvet-reserve-du-ciron-sauternes-05-l-13\/","url":"https:\/\/b2b.mvgd.pl\/index.php\/produkt\/calvet-reserve-du-ciron-sauternes-05-l-13\/","name":"Calvet R\u00e9serve du Ciron Sauternes 0,5\u202fl, 13\u202f% - B2B MVGD PL","isPartOf":{"@id":"https:\/\/b2b.mvgd.pl\/#website"},"primaryImageOfPage":{"@id":"https:\/\/b2b.mvgd.pl\/index.php\/produkt\/calvet-reserve-du-ciron-sauternes-05-l-13\/#primaryimage"},"image":{"@id":"https:\/\/b2b.mvgd.pl\/index.php\/produkt\/calvet-reserve-du-ciron-sauternes-05-l-13\/#primaryimage"},"thumbnailUrl":"https:\/\/b2b.mvgd.pl\/wp-content\/uploads\/2026\/02\/CALVET-RESERVE-DU-CIRON-SAUTERNES-050.png","datePublished":"2026-02-16T18:57:00+00:00","dateModified":"2026-02-16T18:58:30+00:00","breadcrumb":{"@id":"https:\/\/b2b.mvgd.pl\/index.php\/produkt\/calvet-reserve-du-ciron-sauternes-05-l-13\/#breadcrumb"},"inLanguage":"pl-PL","potentialAction":[{"@type":"ReadAction","target":["https:\/\/b2b.mvgd.pl\/index.php\/produkt\/calvet-reserve-du-ciron-sauternes-05-l-13\/"]}]},{"@type":"ImageObject","inLanguage":"pl-PL","@id":"https:\/\/b2b.mvgd.pl\/index.php\/produkt\/calvet-reserve-du-ciron-sauternes-05-l-13\/#primaryimage","url":"https:\/\/b2b.mvgd.pl\/wp-content\/uploads\/2026\/02\/CALVET-RESERVE-DU-CIRON-SAUTERNES-050.png","contentUrl":"https:\/\/b2b.mvgd.pl\/wp-content\/uploads\/2026\/02\/CALVET-RESERVE-DU-CIRON-SAUTERNES-050.png","width":900,"height":1200},{"@type":"BreadcrumbList","@id":"https:\/\/b2b.mvgd.pl\/index.php\/produkt\/calvet-reserve-du-ciron-sauternes-05-l-13\/#breadcrumb","itemListElement":[{"@type":"ListItem","position":1,"name":"Strona g\u0142\u00f3wna","item":"https:\/\/b2b.mvgd.pl\/"},{"@type":"ListItem","position":2,"name":"Shop","item":"https:\/\/b2b.mvgd.pl\/index.php\/shop\/"},{"@type":"ListItem","position":3,"name":"Calvet R\u00e9serve du Ciron Sauternes 0,5\u202fl, 13\u202f%"}]},{"@type":"WebSite","@id":"https:\/\/b2b.mvgd.pl\/#website","url":"https:\/\/b2b.mvgd.pl\/","name":"B2B MVGD PL","description":"","potentialAction":[{"@type":"SearchAction","target":{"@type":"EntryPoint","urlTemplate":"https:\/\/b2b.mvgd.pl\/?s={search_term_string}"},"query-input":{"@type":"PropertyValueSpecification","valueRequired":true,"valueName":"search_term_string"}}],"inLanguage":"pl-PL"}]}},"jetpack_sharing_enabled":true,"_links":{"self":[{"href":"https:\/\/b2b.mvgd.pl\/index.php\/wp-json\/wp\/v2\/product\/883","targetHints":{"allow":["GET"]}}],"collection":[{"href":"https:\/\/b2b.mvgd.pl\/index.php\/wp-json\/wp\/v2\/product"}],"about":[{"href":"https:\/\/b2b.mvgd.pl\/index.php\/wp-json\/wp\/v2\/types\/product"}],"replies":[{"embeddable":true,"href":"https:\/\/b2b.mvgd.pl\/index.php\/wp-json\/wp\/v2\/comments?post=883"}],"version-history":[{"count":0,"href":"https:\/\/b2b.mvgd.pl\/index.php\/wp-json\/wp\/v2\/product\/883\/revisions"}],"wp:featuredmedia":[{"embeddable":true,"href":"https:\/\/b2b.mvgd.pl\/index.php\/wp-json\/wp\/v2\/media\/934"}],"wp:attachment":[{"href":"https:\/\/b2b.mvgd.pl\/index.php\/wp-json\/wp\/v2\/media?parent=883"}],"wp:term":[{"taxonomy":"product_brand","embeddable":true,"href":"https:\/\/b2b.mvgd.pl\/index.php\/wp-json\/wp\/v2\/product_brand?post=883"},{"taxonomy":"product_cat","embeddable":true,"href":"https:\/\/b2b.mvgd.pl\/index.php\/wp-json\/wp\/v2\/product_cat?post=883"},{"taxonomy":"product_tag","embeddable":true,"href":"https:\/\/b2b.mvgd.pl\/index.php\/wp-json\/wp\/v2\/product_tag?post=883"}],"curies":[{"name":"wp","href":"https:\/\/api.w.org\/{rel}","templated":true}]}}