{"id":871,"date":"2026-02-16T18:56:36","date_gmt":"2026-02-16T18:56:36","guid":{"rendered":"https:\/\/b2b.mvgd.pl\/?post_type=product&#038;p=871"},"modified":"2026-02-16T18:58:12","modified_gmt":"2026-02-16T18:58:12","slug":"calvet-grande-vin-du-bordeaux-margaux-075-l-13","status":"publish","type":"product","link":"https:\/\/b2b.mvgd.pl\/index.php\/produkt\/calvet-grande-vin-du-bordeaux-margaux-075-l-13\/","title":{"rendered":"Calvet Grande Vin du Bordeaux Margaux 0,75\u202fl 13%"},"content":{"rendered":"<p data-start=\"369\" data-end=\"448\">Wygl\u0105d: G\u0142\u0119boki rubinowy kolor z fioletowymi refleksami, klarowne i l\u015bni\u0105ce.<\/p>\n<p data-start=\"450\" data-end=\"561\">Aromat: Perfumowany bukiet z dominuj\u0105c\u0105 czarn\u0105 porzeczk\u0105, w tle delikatne nuty fio\u0142k\u00f3w i wanilii, z subtelnym akcentem przypraw i \u015bliwek.<\/p>\n<p data-start=\"563\" data-end=\"671\">Smak: Pe\u0142ne i g\u0142adkie wej\u015bcie, aksamitne taniny, w smaku wyczuwalne czerwone i czarne owoce, nuty przypraw, wanilii i dymu. Finisz d\u0142ugi, elegancki i mineralny<\/p>\n<p data-start=\"673\" data-end=\"704\">Temperatura podawania: 16\u201318\u202f\u00b0C<\/p>\n<p data-start=\"706\" data-end=\"793\">Serwowanie: <span class=\"relative -mx-px my-[-0.2rem] rounded px-px py-[0.2rem] bg-[#FCECC1] dark:bg-[#64572A] transition-colors duration-100 ease-in-out\">Pasuje do czerwonych i drobiowych mi\u0119s, dziczyzny oraz dojrza\u0142ych ser\u00f3w.<\/span><\/p>\n","protected":false},"excerpt":{"rendered":"<div class=\"flex max-w-full flex-col grow\">\n<div class=\"min-h-8 text-message relative flex w-full flex-col items-end gap-2 text-start break-words whitespace-normal [.text-message+&amp;]:mt-5\" dir=\"auto\" data-message-author-role=\"assistant\" data-message-id=\"259775c1-e0be-4dbd-a7bf-beb9da96f79c\" data-message-model-slug=\"gpt-4o\">\n<div class=\"flex w-full flex-col gap-1 empty:hidden first:pt-[3px]\">\n<div class=\"markdown prose dark:prose-invert w-full break-words dark\">\n<article class=\"text-token-text-primary w-full\" dir=\"auto\" data-testid=\"conversation-turn-160\" data-scroll-anchor=\"true\">\n<div class=\"text-base my-auto mx-auto pb-10 [--thread-content-margin:--spacing(4)] @[37rem]:[--thread-content-margin:--spacing(6)] @[72rem]:[--thread-content-margin:--spacing(16)] px-(--thread-content-margin)\">\n<div class=\"[--thread-content-max-width:32rem] @[34rem]:[--thread-content-max-width:40rem] @[64rem]:[--thread-content-max-width:48rem] mx-auto max-w-(--thread-content-max-width) flex-1 group\/turn-messages focus-visible:outline-hidden relative flex w-full min-w-0 flex-col agent-turn\">\n<div class=\"flex max-w-full flex-col grow\">\n<div class=\"min-h-8 text-message relative flex w-full flex-col items-end gap-2 text-start break-words whitespace-normal [.text-message+&amp;]:mt-5\" dir=\"auto\" data-message-author-role=\"assistant\" data-message-id=\"e92d6751-7d6e-4e6e-9271-7ea1a4361d3b\" data-message-model-slug=\"gpt-4o\">\n<div class=\"flex w-full flex-col gap-1 empty:hidden first:pt-[3px]\">\n<div class=\"markdown prose dark:prose-invert w-full break-words dark\">\n<p data-start=\"967\" data-end=\"1156\">Wytrawne czerwone wino z Margaux, eleganckie i perfumowane, z aromatami czarnej porzeczki, fio\u0142k\u00f3w i przypraw. Aksamitne taniny, d\u0142ugi finisz \u2013 \u015bwietne do mi\u0119s i ser\u00f3w.<\/p>\n<\/div>\n<\/div>\n<\/div>\n<\/div>\n<\/div>\n<\/div>\n<\/article>\n<\/div>\n<\/div>\n<\/div>\n<\/div>\n","protected":false},"featured_media":921,"comment_status":"closed","ping_status":"closed","template":"","meta":[],"product_brand":[],"product_cat":[950,676,18],"product_tag":[951,737,320,321],"class_list":{"0":"post-871","1":"product","2":"type-product","3":"status-publish","4":"has-post-thumbnail","6":"product_cat-bordeaux","7":"product_cat-francja","8":"product_cat-wina","9":"product_tag-calvet","10":"product_tag-czerwone","11":"product_tag-wino","12":"product_tag-wytrawne","14":"first","15":"instock","16":"shipping-taxable","17":"purchasable","18":"product-type-simple"},"yoast_head":"<!-- This site is optimized with the Yoast SEO plugin v26.9 - https:\/\/yoast.com\/product\/yoast-seo-wordpress\/ -->\n<title>Calvet Grande Vin du Bordeaux Margaux 0,75\u202fl 13% - B2B MVGD PL<\/title>\n<meta name=\"robots\" content=\"index, follow, max-snippet:-1, max-image-preview:large, max-video-preview:-1\" \/>\n<link rel=\"canonical\" href=\"https:\/\/b2b.mvgd.pl\/index.php\/produkt\/calvet-grande-vin-du-bordeaux-margaux-075-l-13\/\" \/>\n<meta property=\"og:locale\" content=\"pl_PL\" \/>\n<meta property=\"og:type\" content=\"article\" \/>\n<meta property=\"og:title\" content=\"Calvet Grande Vin du Bordeaux Margaux 0,75\u202fl 13% - B2B MVGD PL\" \/>\n<meta property=\"og:description\" content=\"Wytrawne czerwone wino z Margaux, eleganckie i perfumowane, z aromatami czarnej porzeczki, fio\u0142k\u00f3w i przypraw. Aksamitne taniny, d\u0142ugi finisz \u2013 \u015bwietne do mi\u0119s i ser\u00f3w.\" \/>\n<meta property=\"og:url\" content=\"https:\/\/b2b.mvgd.pl\/index.php\/produkt\/calvet-grande-vin-du-bordeaux-margaux-075-l-13\/\" \/>\n<meta property=\"og:site_name\" content=\"B2B MVGD PL\" \/>\n<meta property=\"article:modified_time\" content=\"2026-02-16T18:58:12+00:00\" \/>\n<meta name=\"twitter:card\" content=\"summary_large_image\" \/>\n<script type=\"application\/ld+json\" class=\"yoast-schema-graph\">{\"@context\":\"https:\/\/schema.org\",\"@graph\":[{\"@type\":\"WebPage\",\"@id\":\"https:\/\/b2b.mvgd.pl\/index.php\/produkt\/calvet-grande-vin-du-bordeaux-margaux-075-l-13\/\",\"url\":\"https:\/\/b2b.mvgd.pl\/index.php\/produkt\/calvet-grande-vin-du-bordeaux-margaux-075-l-13\/\",\"name\":\"Calvet Grande Vin du Bordeaux Margaux 0,75\u202fl 13% - B2B MVGD PL\",\"isPartOf\":{\"@id\":\"https:\/\/b2b.mvgd.pl\/#website\"},\"primaryImageOfPage\":{\"@id\":\"https:\/\/b2b.mvgd.pl\/index.php\/produkt\/calvet-grande-vin-du-bordeaux-margaux-075-l-13\/#primaryimage\"},\"image\":{\"@id\":\"https:\/\/b2b.mvgd.pl\/index.php\/produkt\/calvet-grande-vin-du-bordeaux-margaux-075-l-13\/#primaryimage\"},\"thumbnailUrl\":\"https:\/\/b2b.mvgd.pl\/wp-content\/uploads\/2026\/02\/Calvet-Grande-Vin-du-Bordeaux-Margaux-075.png\",\"datePublished\":\"2026-02-16T18:56:36+00:00\",\"dateModified\":\"2026-02-16T18:58:12+00:00\",\"breadcrumb\":{\"@id\":\"https:\/\/b2b.mvgd.pl\/index.php\/produkt\/calvet-grande-vin-du-bordeaux-margaux-075-l-13\/#breadcrumb\"},\"inLanguage\":\"pl-PL\",\"potentialAction\":[{\"@type\":\"ReadAction\",\"target\":[\"https:\/\/b2b.mvgd.pl\/index.php\/produkt\/calvet-grande-vin-du-bordeaux-margaux-075-l-13\/\"]}]},{\"@type\":\"ImageObject\",\"inLanguage\":\"pl-PL\",\"@id\":\"https:\/\/b2b.mvgd.pl\/index.php\/produkt\/calvet-grande-vin-du-bordeaux-margaux-075-l-13\/#primaryimage\",\"url\":\"https:\/\/b2b.mvgd.pl\/wp-content\/uploads\/2026\/02\/Calvet-Grande-Vin-du-Bordeaux-Margaux-075.png\",\"contentUrl\":\"https:\/\/b2b.mvgd.pl\/wp-content\/uploads\/2026\/02\/Calvet-Grande-Vin-du-Bordeaux-Margaux-075.png\",\"width\":900,\"height\":1200},{\"@type\":\"BreadcrumbList\",\"@id\":\"https:\/\/b2b.mvgd.pl\/index.php\/produkt\/calvet-grande-vin-du-bordeaux-margaux-075-l-13\/#breadcrumb\",\"itemListElement\":[{\"@type\":\"ListItem\",\"position\":1,\"name\":\"Strona g\u0142\u00f3wna\",\"item\":\"https:\/\/b2b.mvgd.pl\/\"},{\"@type\":\"ListItem\",\"position\":2,\"name\":\"Shop\",\"item\":\"https:\/\/b2b.mvgd.pl\/index.php\/shop\/\"},{\"@type\":\"ListItem\",\"position\":3,\"name\":\"Calvet Grande Vin du Bordeaux Margaux 0,75\u202fl 13%\"}]},{\"@type\":\"WebSite\",\"@id\":\"https:\/\/b2b.mvgd.pl\/#website\",\"url\":\"https:\/\/b2b.mvgd.pl\/\",\"name\":\"B2B MVGD PL\",\"description\":\"\",\"potentialAction\":[{\"@type\":\"SearchAction\",\"target\":{\"@type\":\"EntryPoint\",\"urlTemplate\":\"https:\/\/b2b.mvgd.pl\/?s={search_term_string}\"},\"query-input\":{\"@type\":\"PropertyValueSpecification\",\"valueRequired\":true,\"valueName\":\"search_term_string\"}}],\"inLanguage\":\"pl-PL\"}]}<\/script>\n<!-- \/ Yoast SEO plugin. -->","yoast_head_json":{"title":"Calvet Grande Vin du Bordeaux Margaux 0,75\u202fl 13% - B2B MVGD PL","robots":{"index":"index","follow":"follow","max-snippet":"max-snippet:-1","max-image-preview":"max-image-preview:large","max-video-preview":"max-video-preview:-1"},"canonical":"https:\/\/b2b.mvgd.pl\/index.php\/produkt\/calvet-grande-vin-du-bordeaux-margaux-075-l-13\/","og_locale":"pl_PL","og_type":"article","og_title":"Calvet Grande Vin du Bordeaux Margaux 0,75\u202fl 13% - B2B MVGD PL","og_description":"Wytrawne czerwone wino z Margaux, eleganckie i perfumowane, z aromatami czarnej porzeczki, fio\u0142k\u00f3w i przypraw. Aksamitne taniny, d\u0142ugi finisz \u2013 \u015bwietne do mi\u0119s i ser\u00f3w.","og_url":"https:\/\/b2b.mvgd.pl\/index.php\/produkt\/calvet-grande-vin-du-bordeaux-margaux-075-l-13\/","og_site_name":"B2B MVGD PL","article_modified_time":"2026-02-16T18:58:12+00:00","twitter_card":"summary_large_image","schema":{"@context":"https:\/\/schema.org","@graph":[{"@type":"WebPage","@id":"https:\/\/b2b.mvgd.pl\/index.php\/produkt\/calvet-grande-vin-du-bordeaux-margaux-075-l-13\/","url":"https:\/\/b2b.mvgd.pl\/index.php\/produkt\/calvet-grande-vin-du-bordeaux-margaux-075-l-13\/","name":"Calvet Grande Vin du Bordeaux Margaux 0,75\u202fl 13% - B2B MVGD PL","isPartOf":{"@id":"https:\/\/b2b.mvgd.pl\/#website"},"primaryImageOfPage":{"@id":"https:\/\/b2b.mvgd.pl\/index.php\/produkt\/calvet-grande-vin-du-bordeaux-margaux-075-l-13\/#primaryimage"},"image":{"@id":"https:\/\/b2b.mvgd.pl\/index.php\/produkt\/calvet-grande-vin-du-bordeaux-margaux-075-l-13\/#primaryimage"},"thumbnailUrl":"https:\/\/b2b.mvgd.pl\/wp-content\/uploads\/2026\/02\/Calvet-Grande-Vin-du-Bordeaux-Margaux-075.png","datePublished":"2026-02-16T18:56:36+00:00","dateModified":"2026-02-16T18:58:12+00:00","breadcrumb":{"@id":"https:\/\/b2b.mvgd.pl\/index.php\/produkt\/calvet-grande-vin-du-bordeaux-margaux-075-l-13\/#breadcrumb"},"inLanguage":"pl-PL","potentialAction":[{"@type":"ReadAction","target":["https:\/\/b2b.mvgd.pl\/index.php\/produkt\/calvet-grande-vin-du-bordeaux-margaux-075-l-13\/"]}]},{"@type":"ImageObject","inLanguage":"pl-PL","@id":"https:\/\/b2b.mvgd.pl\/index.php\/produkt\/calvet-grande-vin-du-bordeaux-margaux-075-l-13\/#primaryimage","url":"https:\/\/b2b.mvgd.pl\/wp-content\/uploads\/2026\/02\/Calvet-Grande-Vin-du-Bordeaux-Margaux-075.png","contentUrl":"https:\/\/b2b.mvgd.pl\/wp-content\/uploads\/2026\/02\/Calvet-Grande-Vin-du-Bordeaux-Margaux-075.png","width":900,"height":1200},{"@type":"BreadcrumbList","@id":"https:\/\/b2b.mvgd.pl\/index.php\/produkt\/calvet-grande-vin-du-bordeaux-margaux-075-l-13\/#breadcrumb","itemListElement":[{"@type":"ListItem","position":1,"name":"Strona g\u0142\u00f3wna","item":"https:\/\/b2b.mvgd.pl\/"},{"@type":"ListItem","position":2,"name":"Shop","item":"https:\/\/b2b.mvgd.pl\/index.php\/shop\/"},{"@type":"ListItem","position":3,"name":"Calvet Grande Vin du Bordeaux Margaux 0,75\u202fl 13%"}]},{"@type":"WebSite","@id":"https:\/\/b2b.mvgd.pl\/#website","url":"https:\/\/b2b.mvgd.pl\/","name":"B2B MVGD PL","description":"","potentialAction":[{"@type":"SearchAction","target":{"@type":"EntryPoint","urlTemplate":"https:\/\/b2b.mvgd.pl\/?s={search_term_string}"},"query-input":{"@type":"PropertyValueSpecification","valueRequired":true,"valueName":"search_term_string"}}],"inLanguage":"pl-PL"}]}},"jetpack_sharing_enabled":true,"_links":{"self":[{"href":"https:\/\/b2b.mvgd.pl\/index.php\/wp-json\/wp\/v2\/product\/871","targetHints":{"allow":["GET"]}}],"collection":[{"href":"https:\/\/b2b.mvgd.pl\/index.php\/wp-json\/wp\/v2\/product"}],"about":[{"href":"https:\/\/b2b.mvgd.pl\/index.php\/wp-json\/wp\/v2\/types\/product"}],"replies":[{"embeddable":true,"href":"https:\/\/b2b.mvgd.pl\/index.php\/wp-json\/wp\/v2\/comments?post=871"}],"version-history":[{"count":0,"href":"https:\/\/b2b.mvgd.pl\/index.php\/wp-json\/wp\/v2\/product\/871\/revisions"}],"wp:featuredmedia":[{"embeddable":true,"href":"https:\/\/b2b.mvgd.pl\/index.php\/wp-json\/wp\/v2\/media\/921"}],"wp:attachment":[{"href":"https:\/\/b2b.mvgd.pl\/index.php\/wp-json\/wp\/v2\/media?parent=871"}],"wp:term":[{"taxonomy":"product_brand","embeddable":true,"href":"https:\/\/b2b.mvgd.pl\/index.php\/wp-json\/wp\/v2\/product_brand?post=871"},{"taxonomy":"product_cat","embeddable":true,"href":"https:\/\/b2b.mvgd.pl\/index.php\/wp-json\/wp\/v2\/product_cat?post=871"},{"taxonomy":"product_tag","embeddable":true,"href":"https:\/\/b2b.mvgd.pl\/index.php\/wp-json\/wp\/v2\/product_tag?post=871"}],"curies":[{"name":"wp","href":"https:\/\/api.w.org\/{rel}","templated":true}]}}