{"id":858,"date":"2026-02-16T18:56:12","date_gmt":"2026-02-16T18:56:12","guid":{"rendered":"https:\/\/b2b.mvgd.pl\/?post_type=product&#038;p=858"},"modified":"2026-02-16T18:57:57","modified_gmt":"2026-02-16T18:57:57","slug":"calvet-reserve-sauvignon-blanc-bordeaux-075-l-12","status":"publish","type":"product","link":"https:\/\/b2b.mvgd.pl\/index.php\/produkt\/calvet-reserve-sauvignon-blanc-bordeaux-075-l-12\/","title":{"rendered":"Calvet R\u00e9serve Sauvignon Blanc Bordeaux, 0,75\u202fl 12%"},"content":{"rendered":"<p data-start=\"394\" data-end=\"406\">Wygl\u0105d: Jasnos\u0142omkowa barwa z zielonkawymi refleksami, przejrzyste i l\u015bni\u0105ce.<\/p>\n<p data-start=\"478\" data-end=\"490\">Aromat: Intensywne aromaty cytrus\u00f3w (limonka, grejpfrut), zielonego jab\u0142ka i \u015bwie\u017cych zi\u00f3\u0142 z delikatn\u0105 nut\u0105 mineralno\u015bci.<\/p>\n<p data-start=\"606\" data-end=\"616\">Smak: Wytrawne, rze\u015bkie i dobrze zbalansowane z wyra\u017an\u0105 kwasowo\u015bci\u0105. Finisz owocowy i czysty, z lekk\u0105 nut\u0105 bia\u0142ych kwiat\u00f3w.<\/p>\n<p data-start=\"736\" data-end=\"763\">Temperatura podawania: 7\u201311\u202f\u00b0C<\/p>\n<p data-start=\"773\" data-end=\"787\">Jedzenie: Idealne do owoc\u00f3w morza, grillowanych ryb, lekkich sa\u0142atek i koziego sera.<\/p>\n","protected":false},"excerpt":{"rendered":"<div class=\"flex max-w-full flex-col grow\">\n<div class=\"min-h-8 text-message relative flex w-full flex-col items-end gap-2 text-start break-words whitespace-normal [.text-message+&amp;]:mt-5\" dir=\"auto\" data-message-author-role=\"assistant\" data-message-id=\"259775c1-e0be-4dbd-a7bf-beb9da96f79c\" data-message-model-slug=\"gpt-4o\">\n<div class=\"flex w-full flex-col gap-1 empty:hidden first:pt-[3px]\">\n<div class=\"markdown prose dark:prose-invert w-full break-words dark\">\n<p data-start=\"1323\" data-end=\"1587\">Wytrawny, bia\u0142e musuj\u0105ce Cr\u00e9mant de Bordeaux (\u201eBlanc de Blancs\u201d) z odmian S\u00e9millon i Muscadelle. Eleganckie nuty brioche i kandyzowanych owoc\u00f3w, z kremow\u0105 tekstur\u0105 i \u015bwie\u017cym, zbalansowanym finiszem.<\/p>\n<\/div>\n<\/div>\n<\/div>\n<\/div>\n","protected":false},"featured_media":916,"comment_status":"closed","ping_status":"closed","template":"","meta":[],"product_brand":[],"product_cat":[950,676,18],"product_tag":[757,951,320,321],"class_list":{"0":"post-858","1":"product","2":"type-product","3":"status-publish","4":"has-post-thumbnail","6":"product_cat-bordeaux","7":"product_cat-francja","8":"product_cat-wina","9":"product_tag-biale","10":"product_tag-calvet","11":"product_tag-wino","12":"product_tag-wytrawne","14":"first","15":"instock","16":"shipping-taxable","17":"purchasable","18":"product-type-simple"},"yoast_head":"<!-- This site is optimized with the Yoast SEO plugin v26.9 - https:\/\/yoast.com\/product\/yoast-seo-wordpress\/ -->\n<title>Calvet R\u00e9serve Sauvignon Blanc Bordeaux, 0,75\u202fl 12% - B2B MVGD PL<\/title>\n<meta name=\"robots\" content=\"index, follow, max-snippet:-1, max-image-preview:large, max-video-preview:-1\" \/>\n<link rel=\"canonical\" href=\"https:\/\/b2b.mvgd.pl\/index.php\/produkt\/calvet-reserve-sauvignon-blanc-bordeaux-075-l-12\/\" \/>\n<meta property=\"og:locale\" content=\"pl_PL\" \/>\n<meta property=\"og:type\" content=\"article\" \/>\n<meta property=\"og:title\" content=\"Calvet R\u00e9serve Sauvignon Blanc Bordeaux, 0,75\u202fl 12% - B2B MVGD PL\" \/>\n<meta property=\"og:description\" content=\"Wytrawny, bia\u0142e musuj\u0105ce Cr\u00e9mant de Bordeaux (\u201eBlanc de Blancs\u201d) z odmian S\u00e9millon i Muscadelle. Eleganckie nuty brioche i kandyzowanych owoc\u00f3w, z kremow\u0105 tekstur\u0105 i \u015bwie\u017cym, zbalansowanym finiszem.\" \/>\n<meta property=\"og:url\" content=\"https:\/\/b2b.mvgd.pl\/index.php\/produkt\/calvet-reserve-sauvignon-blanc-bordeaux-075-l-12\/\" \/>\n<meta property=\"og:site_name\" content=\"B2B MVGD PL\" \/>\n<meta property=\"article:modified_time\" content=\"2026-02-16T18:57:57+00:00\" \/>\n<meta name=\"twitter:card\" content=\"summary_large_image\" \/>\n<script type=\"application\/ld+json\" class=\"yoast-schema-graph\">{\"@context\":\"https:\/\/schema.org\",\"@graph\":[{\"@type\":\"WebPage\",\"@id\":\"https:\/\/b2b.mvgd.pl\/index.php\/produkt\/calvet-reserve-sauvignon-blanc-bordeaux-075-l-12\/\",\"url\":\"https:\/\/b2b.mvgd.pl\/index.php\/produkt\/calvet-reserve-sauvignon-blanc-bordeaux-075-l-12\/\",\"name\":\"Calvet R\u00e9serve Sauvignon Blanc Bordeaux, 0,75\u202fl 12% - B2B MVGD PL\",\"isPartOf\":{\"@id\":\"https:\/\/b2b.mvgd.pl\/#website\"},\"primaryImageOfPage\":{\"@id\":\"https:\/\/b2b.mvgd.pl\/index.php\/produkt\/calvet-reserve-sauvignon-blanc-bordeaux-075-l-12\/#primaryimage\"},\"image\":{\"@id\":\"https:\/\/b2b.mvgd.pl\/index.php\/produkt\/calvet-reserve-sauvignon-blanc-bordeaux-075-l-12\/#primaryimage\"},\"thumbnailUrl\":\"https:\/\/b2b.mvgd.pl\/wp-content\/uploads\/2026\/02\/CALVET-RESERVR-SAUV.png\",\"datePublished\":\"2026-02-16T18:56:12+00:00\",\"dateModified\":\"2026-02-16T18:57:57+00:00\",\"breadcrumb\":{\"@id\":\"https:\/\/b2b.mvgd.pl\/index.php\/produkt\/calvet-reserve-sauvignon-blanc-bordeaux-075-l-12\/#breadcrumb\"},\"inLanguage\":\"pl-PL\",\"potentialAction\":[{\"@type\":\"ReadAction\",\"target\":[\"https:\/\/b2b.mvgd.pl\/index.php\/produkt\/calvet-reserve-sauvignon-blanc-bordeaux-075-l-12\/\"]}]},{\"@type\":\"ImageObject\",\"inLanguage\":\"pl-PL\",\"@id\":\"https:\/\/b2b.mvgd.pl\/index.php\/produkt\/calvet-reserve-sauvignon-blanc-bordeaux-075-l-12\/#primaryimage\",\"url\":\"https:\/\/b2b.mvgd.pl\/wp-content\/uploads\/2026\/02\/CALVET-RESERVR-SAUV.png\",\"contentUrl\":\"https:\/\/b2b.mvgd.pl\/wp-content\/uploads\/2026\/02\/CALVET-RESERVR-SAUV.png\",\"width\":900,\"height\":1200},{\"@type\":\"BreadcrumbList\",\"@id\":\"https:\/\/b2b.mvgd.pl\/index.php\/produkt\/calvet-reserve-sauvignon-blanc-bordeaux-075-l-12\/#breadcrumb\",\"itemListElement\":[{\"@type\":\"ListItem\",\"position\":1,\"name\":\"Strona g\u0142\u00f3wna\",\"item\":\"https:\/\/b2b.mvgd.pl\/\"},{\"@type\":\"ListItem\",\"position\":2,\"name\":\"Shop\",\"item\":\"https:\/\/b2b.mvgd.pl\/index.php\/shop\/\"},{\"@type\":\"ListItem\",\"position\":3,\"name\":\"Calvet R\u00e9serve Sauvignon Blanc Bordeaux, 0,75\u202fl 12%\"}]},{\"@type\":\"WebSite\",\"@id\":\"https:\/\/b2b.mvgd.pl\/#website\",\"url\":\"https:\/\/b2b.mvgd.pl\/\",\"name\":\"B2B MVGD PL\",\"description\":\"\",\"potentialAction\":[{\"@type\":\"SearchAction\",\"target\":{\"@type\":\"EntryPoint\",\"urlTemplate\":\"https:\/\/b2b.mvgd.pl\/?s={search_term_string}\"},\"query-input\":{\"@type\":\"PropertyValueSpecification\",\"valueRequired\":true,\"valueName\":\"search_term_string\"}}],\"inLanguage\":\"pl-PL\"}]}<\/script>\n<!-- \/ Yoast SEO plugin. -->","yoast_head_json":{"title":"Calvet R\u00e9serve Sauvignon Blanc Bordeaux, 0,75\u202fl 12% - B2B MVGD PL","robots":{"index":"index","follow":"follow","max-snippet":"max-snippet:-1","max-image-preview":"max-image-preview:large","max-video-preview":"max-video-preview:-1"},"canonical":"https:\/\/b2b.mvgd.pl\/index.php\/produkt\/calvet-reserve-sauvignon-blanc-bordeaux-075-l-12\/","og_locale":"pl_PL","og_type":"article","og_title":"Calvet R\u00e9serve Sauvignon Blanc Bordeaux, 0,75\u202fl 12% - B2B MVGD PL","og_description":"Wytrawny, bia\u0142e musuj\u0105ce Cr\u00e9mant de Bordeaux (\u201eBlanc de Blancs\u201d) z odmian S\u00e9millon i Muscadelle. Eleganckie nuty brioche i kandyzowanych owoc\u00f3w, z kremow\u0105 tekstur\u0105 i \u015bwie\u017cym, zbalansowanym finiszem.","og_url":"https:\/\/b2b.mvgd.pl\/index.php\/produkt\/calvet-reserve-sauvignon-blanc-bordeaux-075-l-12\/","og_site_name":"B2B MVGD PL","article_modified_time":"2026-02-16T18:57:57+00:00","twitter_card":"summary_large_image","schema":{"@context":"https:\/\/schema.org","@graph":[{"@type":"WebPage","@id":"https:\/\/b2b.mvgd.pl\/index.php\/produkt\/calvet-reserve-sauvignon-blanc-bordeaux-075-l-12\/","url":"https:\/\/b2b.mvgd.pl\/index.php\/produkt\/calvet-reserve-sauvignon-blanc-bordeaux-075-l-12\/","name":"Calvet R\u00e9serve Sauvignon Blanc Bordeaux, 0,75\u202fl 12% - B2B MVGD PL","isPartOf":{"@id":"https:\/\/b2b.mvgd.pl\/#website"},"primaryImageOfPage":{"@id":"https:\/\/b2b.mvgd.pl\/index.php\/produkt\/calvet-reserve-sauvignon-blanc-bordeaux-075-l-12\/#primaryimage"},"image":{"@id":"https:\/\/b2b.mvgd.pl\/index.php\/produkt\/calvet-reserve-sauvignon-blanc-bordeaux-075-l-12\/#primaryimage"},"thumbnailUrl":"https:\/\/b2b.mvgd.pl\/wp-content\/uploads\/2026\/02\/CALVET-RESERVR-SAUV.png","datePublished":"2026-02-16T18:56:12+00:00","dateModified":"2026-02-16T18:57:57+00:00","breadcrumb":{"@id":"https:\/\/b2b.mvgd.pl\/index.php\/produkt\/calvet-reserve-sauvignon-blanc-bordeaux-075-l-12\/#breadcrumb"},"inLanguage":"pl-PL","potentialAction":[{"@type":"ReadAction","target":["https:\/\/b2b.mvgd.pl\/index.php\/produkt\/calvet-reserve-sauvignon-blanc-bordeaux-075-l-12\/"]}]},{"@type":"ImageObject","inLanguage":"pl-PL","@id":"https:\/\/b2b.mvgd.pl\/index.php\/produkt\/calvet-reserve-sauvignon-blanc-bordeaux-075-l-12\/#primaryimage","url":"https:\/\/b2b.mvgd.pl\/wp-content\/uploads\/2026\/02\/CALVET-RESERVR-SAUV.png","contentUrl":"https:\/\/b2b.mvgd.pl\/wp-content\/uploads\/2026\/02\/CALVET-RESERVR-SAUV.png","width":900,"height":1200},{"@type":"BreadcrumbList","@id":"https:\/\/b2b.mvgd.pl\/index.php\/produkt\/calvet-reserve-sauvignon-blanc-bordeaux-075-l-12\/#breadcrumb","itemListElement":[{"@type":"ListItem","position":1,"name":"Strona g\u0142\u00f3wna","item":"https:\/\/b2b.mvgd.pl\/"},{"@type":"ListItem","position":2,"name":"Shop","item":"https:\/\/b2b.mvgd.pl\/index.php\/shop\/"},{"@type":"ListItem","position":3,"name":"Calvet R\u00e9serve Sauvignon Blanc Bordeaux, 0,75\u202fl 12%"}]},{"@type":"WebSite","@id":"https:\/\/b2b.mvgd.pl\/#website","url":"https:\/\/b2b.mvgd.pl\/","name":"B2B MVGD PL","description":"","potentialAction":[{"@type":"SearchAction","target":{"@type":"EntryPoint","urlTemplate":"https:\/\/b2b.mvgd.pl\/?s={search_term_string}"},"query-input":{"@type":"PropertyValueSpecification","valueRequired":true,"valueName":"search_term_string"}}],"inLanguage":"pl-PL"}]}},"jetpack_sharing_enabled":true,"_links":{"self":[{"href":"https:\/\/b2b.mvgd.pl\/index.php\/wp-json\/wp\/v2\/product\/858","targetHints":{"allow":["GET"]}}],"collection":[{"href":"https:\/\/b2b.mvgd.pl\/index.php\/wp-json\/wp\/v2\/product"}],"about":[{"href":"https:\/\/b2b.mvgd.pl\/index.php\/wp-json\/wp\/v2\/types\/product"}],"replies":[{"embeddable":true,"href":"https:\/\/b2b.mvgd.pl\/index.php\/wp-json\/wp\/v2\/comments?post=858"}],"version-history":[{"count":0,"href":"https:\/\/b2b.mvgd.pl\/index.php\/wp-json\/wp\/v2\/product\/858\/revisions"}],"wp:featuredmedia":[{"embeddable":true,"href":"https:\/\/b2b.mvgd.pl\/index.php\/wp-json\/wp\/v2\/media\/916"}],"wp:attachment":[{"href":"https:\/\/b2b.mvgd.pl\/index.php\/wp-json\/wp\/v2\/media?parent=858"}],"wp:term":[{"taxonomy":"product_brand","embeddable":true,"href":"https:\/\/b2b.mvgd.pl\/index.php\/wp-json\/wp\/v2\/product_brand?post=858"},{"taxonomy":"product_cat","embeddable":true,"href":"https:\/\/b2b.mvgd.pl\/index.php\/wp-json\/wp\/v2\/product_cat?post=858"},{"taxonomy":"product_tag","embeddable":true,"href":"https:\/\/b2b.mvgd.pl\/index.php\/wp-json\/wp\/v2\/product_tag?post=858"}],"curies":[{"name":"wp","href":"https:\/\/api.w.org\/{rel}","templated":true}]}}