{"id":853,"date":"2026-02-16T18:56:11","date_gmt":"2026-02-16T18:56:11","guid":{"rendered":"https:\/\/b2b.mvgd.pl\/?post_type=product&#038;p=853"},"modified":"2026-02-16T18:57:35","modified_gmt":"2026-02-16T18:57:35","slug":"calvet-cremant-de-bordeaux-brut-blanc-075-l-12","status":"publish","type":"product","link":"https:\/\/b2b.mvgd.pl\/index.php\/produkt\/calvet-cremant-de-bordeaux-brut-blanc-075-l-12\/","title":{"rendered":"Calvet Cr\u00e9mant de Bordeaux Brut Blanc 0,75\u202fl 12%"},"content":{"rendered":"<p data-start=\"646\" data-end=\"659\">Aromat: \u015awie\u017cy bukiet nut cytrus\u00f3w, zielonego jab\u0142ka i gruszki z delikatnym posmakiem brioszki i migda\u0142\u00f3w .<\/p>\n<p data-start=\"742\" data-end=\"753\">Smak: Wytrawne, z \u017cyw\u0105 kwasowo\u015bci\u0105, bardzo drobn\u0105 perlisto\u015bci\u0105 i czystym, eleganckim finiszem o mineralno-owocowym charakterze<\/p>\n<p data-start=\"836\" data-end=\"864\">Dopasowanie kulinarne: \u015awietne jako aperitif, do owoc\u00f3w morza (ostrygi, krewetki, homary), sushi, carpaccio i lekkich sa\u0142atek .<\/p>\n<p data-start=\"947\" data-end=\"976\">Temperatura serwowania: 6\u20138\u202f\u00b0C (sch\u0142odzone, bez napowietrzania)<\/p>\n<p data-start=\"1058\" data-end=\"1074\">Charakter: Klasyczne, eleganckie musuj\u0105ce wino o bardzo wytrawnym profilu i aksamitnej perlisto\u015bci.<\/p>\n","protected":false},"excerpt":{"rendered":"<div class=\"flex max-w-full flex-col grow\">\n<div class=\"min-h-8 text-message relative flex w-full flex-col items-end gap-2 text-start break-words whitespace-normal [.text-message+&amp;]:mt-5\" dir=\"auto\" data-message-author-role=\"assistant\" data-message-id=\"259775c1-e0be-4dbd-a7bf-beb9da96f79c\" data-message-model-slug=\"gpt-4o\">\n<div class=\"flex w-full flex-col gap-1 empty:hidden first:pt-[3px]\">\n<div class=\"markdown prose dark:prose-invert w-full break-words dark\">\n<p data-start=\"330\" data-end=\"754\">Wytrawny, musuj\u0105cy Cr\u00e9mant z Bordeaux, produkowany metod\u0105 klasyczn\u0105. \u015awie\u017ce nuty jab\u0142ka, gruszki i cytrus\u00f3w, z subtelnymi akcentami dro\u017cd\u017cy i minera\u0142\u00f3w. Elegancka perlisto\u015b\u0107, idealne jako aperitif lub do da\u0144 z owocami morza.<\/p>\n<\/div>\n<\/div>\n<\/div>\n<\/div>\n","protected":false},"featured_media":904,"comment_status":"closed","ping_status":"closed","template":"","meta":[],"product_brand":[],"product_cat":[682,18,16],"product_tag":[757,951,731,320,321],"class_list":{"0":"post-853","1":"product","2":"type-product","3":"status-publish","4":"has-post-thumbnail","6":"product_cat-francja-wina-musujace","7":"product_cat-wina","8":"product_cat-wina-musujace","9":"product_tag-biale","10":"product_tag-calvet","11":"product_tag-musujace","12":"product_tag-wino","13":"product_tag-wytrawne","15":"first","16":"instock","17":"shipping-taxable","18":"purchasable","19":"product-type-simple"},"yoast_head":"<!-- This site is optimized with the Yoast SEO plugin v26.9 - https:\/\/yoast.com\/product\/yoast-seo-wordpress\/ -->\n<title>Calvet Cr\u00e9mant de Bordeaux Brut Blanc 0,75\u202fl 12% - B2B MVGD PL<\/title>\n<meta name=\"robots\" content=\"index, follow, max-snippet:-1, max-image-preview:large, max-video-preview:-1\" \/>\n<link rel=\"canonical\" href=\"https:\/\/b2b.mvgd.pl\/index.php\/produkt\/calvet-cremant-de-bordeaux-brut-blanc-075-l-12\/\" \/>\n<meta property=\"og:locale\" content=\"pl_PL\" \/>\n<meta property=\"og:type\" content=\"article\" \/>\n<meta property=\"og:title\" content=\"Calvet Cr\u00e9mant de Bordeaux Brut Blanc 0,75\u202fl 12% - B2B MVGD PL\" \/>\n<meta property=\"og:description\" content=\"Wytrawny, musuj\u0105cy Cr\u00e9mant z Bordeaux, produkowany metod\u0105 klasyczn\u0105. \u015awie\u017ce nuty jab\u0142ka, gruszki i cytrus\u00f3w, z subtelnymi akcentami dro\u017cd\u017cy i minera\u0142\u00f3w. Elegancka perlisto\u015b\u0107, idealne jako aperitif lub do da\u0144 z owocami morza.\" \/>\n<meta property=\"og:url\" content=\"https:\/\/b2b.mvgd.pl\/index.php\/produkt\/calvet-cremant-de-bordeaux-brut-blanc-075-l-12\/\" \/>\n<meta property=\"og:site_name\" content=\"B2B MVGD PL\" \/>\n<meta property=\"article:modified_time\" content=\"2026-02-16T18:57:35+00:00\" \/>\n<meta name=\"twitter:card\" content=\"summary_large_image\" \/>\n<script type=\"application\/ld+json\" class=\"yoast-schema-graph\">{\"@context\":\"https:\/\/schema.org\",\"@graph\":[{\"@type\":\"WebPage\",\"@id\":\"https:\/\/b2b.mvgd.pl\/index.php\/produkt\/calvet-cremant-de-bordeaux-brut-blanc-075-l-12\/\",\"url\":\"https:\/\/b2b.mvgd.pl\/index.php\/produkt\/calvet-cremant-de-bordeaux-brut-blanc-075-l-12\/\",\"name\":\"Calvet Cr\u00e9mant de Bordeaux Brut Blanc 0,75\u202fl 12% - B2B MVGD PL\",\"isPartOf\":{\"@id\":\"https:\/\/b2b.mvgd.pl\/#website\"},\"primaryImageOfPage\":{\"@id\":\"https:\/\/b2b.mvgd.pl\/index.php\/produkt\/calvet-cremant-de-bordeaux-brut-blanc-075-l-12\/#primaryimage\"},\"image\":{\"@id\":\"https:\/\/b2b.mvgd.pl\/index.php\/produkt\/calvet-cremant-de-bordeaux-brut-blanc-075-l-12\/#primaryimage\"},\"thumbnailUrl\":\"https:\/\/b2b.mvgd.pl\/wp-content\/uploads\/2026\/02\/CALVET-BRUT-CREMANT-DE-BORDEAUX-BRUT-BLANC-075.png\",\"datePublished\":\"2026-02-16T18:56:11+00:00\",\"dateModified\":\"2026-02-16T18:57:35+00:00\",\"breadcrumb\":{\"@id\":\"https:\/\/b2b.mvgd.pl\/index.php\/produkt\/calvet-cremant-de-bordeaux-brut-blanc-075-l-12\/#breadcrumb\"},\"inLanguage\":\"pl-PL\",\"potentialAction\":[{\"@type\":\"ReadAction\",\"target\":[\"https:\/\/b2b.mvgd.pl\/index.php\/produkt\/calvet-cremant-de-bordeaux-brut-blanc-075-l-12\/\"]}]},{\"@type\":\"ImageObject\",\"inLanguage\":\"pl-PL\",\"@id\":\"https:\/\/b2b.mvgd.pl\/index.php\/produkt\/calvet-cremant-de-bordeaux-brut-blanc-075-l-12\/#primaryimage\",\"url\":\"https:\/\/b2b.mvgd.pl\/wp-content\/uploads\/2026\/02\/CALVET-BRUT-CREMANT-DE-BORDEAUX-BRUT-BLANC-075.png\",\"contentUrl\":\"https:\/\/b2b.mvgd.pl\/wp-content\/uploads\/2026\/02\/CALVET-BRUT-CREMANT-DE-BORDEAUX-BRUT-BLANC-075.png\",\"width\":900,\"height\":1200},{\"@type\":\"BreadcrumbList\",\"@id\":\"https:\/\/b2b.mvgd.pl\/index.php\/produkt\/calvet-cremant-de-bordeaux-brut-blanc-075-l-12\/#breadcrumb\",\"itemListElement\":[{\"@type\":\"ListItem\",\"position\":1,\"name\":\"Strona g\u0142\u00f3wna\",\"item\":\"https:\/\/b2b.mvgd.pl\/\"},{\"@type\":\"ListItem\",\"position\":2,\"name\":\"Shop\",\"item\":\"https:\/\/b2b.mvgd.pl\/index.php\/shop\/\"},{\"@type\":\"ListItem\",\"position\":3,\"name\":\"Calvet Cr\u00e9mant de Bordeaux Brut Blanc 0,75\u202fl 12%\"}]},{\"@type\":\"WebSite\",\"@id\":\"https:\/\/b2b.mvgd.pl\/#website\",\"url\":\"https:\/\/b2b.mvgd.pl\/\",\"name\":\"B2B MVGD PL\",\"description\":\"\",\"potentialAction\":[{\"@type\":\"SearchAction\",\"target\":{\"@type\":\"EntryPoint\",\"urlTemplate\":\"https:\/\/b2b.mvgd.pl\/?s={search_term_string}\"},\"query-input\":{\"@type\":\"PropertyValueSpecification\",\"valueRequired\":true,\"valueName\":\"search_term_string\"}}],\"inLanguage\":\"pl-PL\"}]}<\/script>\n<!-- \/ Yoast SEO plugin. -->","yoast_head_json":{"title":"Calvet Cr\u00e9mant de Bordeaux Brut Blanc 0,75\u202fl 12% - B2B MVGD PL","robots":{"index":"index","follow":"follow","max-snippet":"max-snippet:-1","max-image-preview":"max-image-preview:large","max-video-preview":"max-video-preview:-1"},"canonical":"https:\/\/b2b.mvgd.pl\/index.php\/produkt\/calvet-cremant-de-bordeaux-brut-blanc-075-l-12\/","og_locale":"pl_PL","og_type":"article","og_title":"Calvet Cr\u00e9mant de Bordeaux Brut Blanc 0,75\u202fl 12% - B2B MVGD PL","og_description":"Wytrawny, musuj\u0105cy Cr\u00e9mant z Bordeaux, produkowany metod\u0105 klasyczn\u0105. \u015awie\u017ce nuty jab\u0142ka, gruszki i cytrus\u00f3w, z subtelnymi akcentami dro\u017cd\u017cy i minera\u0142\u00f3w. Elegancka perlisto\u015b\u0107, idealne jako aperitif lub do da\u0144 z owocami morza.","og_url":"https:\/\/b2b.mvgd.pl\/index.php\/produkt\/calvet-cremant-de-bordeaux-brut-blanc-075-l-12\/","og_site_name":"B2B MVGD PL","article_modified_time":"2026-02-16T18:57:35+00:00","twitter_card":"summary_large_image","schema":{"@context":"https:\/\/schema.org","@graph":[{"@type":"WebPage","@id":"https:\/\/b2b.mvgd.pl\/index.php\/produkt\/calvet-cremant-de-bordeaux-brut-blanc-075-l-12\/","url":"https:\/\/b2b.mvgd.pl\/index.php\/produkt\/calvet-cremant-de-bordeaux-brut-blanc-075-l-12\/","name":"Calvet Cr\u00e9mant de Bordeaux Brut Blanc 0,75\u202fl 12% - B2B MVGD PL","isPartOf":{"@id":"https:\/\/b2b.mvgd.pl\/#website"},"primaryImageOfPage":{"@id":"https:\/\/b2b.mvgd.pl\/index.php\/produkt\/calvet-cremant-de-bordeaux-brut-blanc-075-l-12\/#primaryimage"},"image":{"@id":"https:\/\/b2b.mvgd.pl\/index.php\/produkt\/calvet-cremant-de-bordeaux-brut-blanc-075-l-12\/#primaryimage"},"thumbnailUrl":"https:\/\/b2b.mvgd.pl\/wp-content\/uploads\/2026\/02\/CALVET-BRUT-CREMANT-DE-BORDEAUX-BRUT-BLANC-075.png","datePublished":"2026-02-16T18:56:11+00:00","dateModified":"2026-02-16T18:57:35+00:00","breadcrumb":{"@id":"https:\/\/b2b.mvgd.pl\/index.php\/produkt\/calvet-cremant-de-bordeaux-brut-blanc-075-l-12\/#breadcrumb"},"inLanguage":"pl-PL","potentialAction":[{"@type":"ReadAction","target":["https:\/\/b2b.mvgd.pl\/index.php\/produkt\/calvet-cremant-de-bordeaux-brut-blanc-075-l-12\/"]}]},{"@type":"ImageObject","inLanguage":"pl-PL","@id":"https:\/\/b2b.mvgd.pl\/index.php\/produkt\/calvet-cremant-de-bordeaux-brut-blanc-075-l-12\/#primaryimage","url":"https:\/\/b2b.mvgd.pl\/wp-content\/uploads\/2026\/02\/CALVET-BRUT-CREMANT-DE-BORDEAUX-BRUT-BLANC-075.png","contentUrl":"https:\/\/b2b.mvgd.pl\/wp-content\/uploads\/2026\/02\/CALVET-BRUT-CREMANT-DE-BORDEAUX-BRUT-BLANC-075.png","width":900,"height":1200},{"@type":"BreadcrumbList","@id":"https:\/\/b2b.mvgd.pl\/index.php\/produkt\/calvet-cremant-de-bordeaux-brut-blanc-075-l-12\/#breadcrumb","itemListElement":[{"@type":"ListItem","position":1,"name":"Strona g\u0142\u00f3wna","item":"https:\/\/b2b.mvgd.pl\/"},{"@type":"ListItem","position":2,"name":"Shop","item":"https:\/\/b2b.mvgd.pl\/index.php\/shop\/"},{"@type":"ListItem","position":3,"name":"Calvet Cr\u00e9mant de Bordeaux Brut Blanc 0,75\u202fl 12%"}]},{"@type":"WebSite","@id":"https:\/\/b2b.mvgd.pl\/#website","url":"https:\/\/b2b.mvgd.pl\/","name":"B2B MVGD PL","description":"","potentialAction":[{"@type":"SearchAction","target":{"@type":"EntryPoint","urlTemplate":"https:\/\/b2b.mvgd.pl\/?s={search_term_string}"},"query-input":{"@type":"PropertyValueSpecification","valueRequired":true,"valueName":"search_term_string"}}],"inLanguage":"pl-PL"}]}},"jetpack_sharing_enabled":true,"_links":{"self":[{"href":"https:\/\/b2b.mvgd.pl\/index.php\/wp-json\/wp\/v2\/product\/853","targetHints":{"allow":["GET"]}}],"collection":[{"href":"https:\/\/b2b.mvgd.pl\/index.php\/wp-json\/wp\/v2\/product"}],"about":[{"href":"https:\/\/b2b.mvgd.pl\/index.php\/wp-json\/wp\/v2\/types\/product"}],"replies":[{"embeddable":true,"href":"https:\/\/b2b.mvgd.pl\/index.php\/wp-json\/wp\/v2\/comments?post=853"}],"version-history":[{"count":0,"href":"https:\/\/b2b.mvgd.pl\/index.php\/wp-json\/wp\/v2\/product\/853\/revisions"}],"wp:featuredmedia":[{"embeddable":true,"href":"https:\/\/b2b.mvgd.pl\/index.php\/wp-json\/wp\/v2\/media\/904"}],"wp:attachment":[{"href":"https:\/\/b2b.mvgd.pl\/index.php\/wp-json\/wp\/v2\/media?parent=853"}],"wp:term":[{"taxonomy":"product_brand","embeddable":true,"href":"https:\/\/b2b.mvgd.pl\/index.php\/wp-json\/wp\/v2\/product_brand?post=853"},{"taxonomy":"product_cat","embeddable":true,"href":"https:\/\/b2b.mvgd.pl\/index.php\/wp-json\/wp\/v2\/product_cat?post=853"},{"taxonomy":"product_tag","embeddable":true,"href":"https:\/\/b2b.mvgd.pl\/index.php\/wp-json\/wp\/v2\/product_tag?post=853"}],"curies":[{"name":"wp","href":"https:\/\/api.w.org\/{rel}","templated":true}]}}