{"id":756,"date":"2026-02-16T18:53:16","date_gmt":"2026-02-16T18:53:16","guid":{"rendered":"https:\/\/b2b.mvgd.pl\/?post_type=product&#038;p=756"},"modified":"2026-02-16T18:55:10","modified_gmt":"2026-02-16T18:55:10","slug":"calvet-conversation-moelleux-bordeaux-075-11","status":"publish","type":"product","link":"https:\/\/b2b.mvgd.pl\/index.php\/produkt\/calvet-conversation-moelleux-bordeaux-075-11\/","title":{"rendered":"Calvet Conversation Moelleux Bordeaux 0,75 11%"},"content":{"rendered":"<p data-start=\"632\" data-end=\"724\"><span class=\"relative -mx-px my-[-0.2rem] rounded px-px py-[0.2rem] transition-colors duration-100 ease-in-out\">Calvet Conversation Moelleux jest musuj\u0105cym winem z regionu Bordeaux (AOP), produkowanym z lokalnych szczep\u00f3w S\u00e9millon i Muscadelle. Dzi\u0119ki kombinacji aromatycznych winogron i delikatnej b\u0105belkowej teksturze, oferuje bogaty, lekko s\u0142odki charakter \u2014 \u015bwietny jako elegancki aperitif lub towarzysz deseru.<\/span><\/p>\n<ul data-start=\"765\" data-end=\"1010\">\n<li data-start=\"765\" data-end=\"844\">\n<p data-start=\"767\" data-end=\"844\"><span class=\"relative -mx-px my-[-0.2rem] rounded px-px py-[0.2rem] transition-colors duration-100 ease-in-out\"><strong data-start=\"0\" data-end=\"10\" data-is-only-node=\"\">Barwa:<\/strong> Z\u0142oto\u2011\u017c\u00f3\u0142ta, l\u015bni\u0105ca, z miodowymi refleksami<\/span><\/p>\n<\/li>\n<li data-start=\"845\" data-end=\"926\">\n<p data-start=\"847\" data-end=\"926\"><span class=\"relative -mx-px my-[-0.2rem] rounded px-px py-[0.2rem] transition-colors duration-100 ease-in-out\"><strong data-start=\"0\" data-end=\"8\" data-is-only-node=\"\">Nos:<\/strong> Eleganckie, kwiatowo\u2011owocowe aromaty \u2013 brzoskwinia, pigwa, delikatne nuty bia\u0142ych kwiat\u00f3w<\/span><\/p>\n<\/li>\n<li data-start=\"927\" data-end=\"1010\">\n<p data-start=\"929\" data-end=\"1010\"><span class=\"relative -mx-px my-[-0.2rem] rounded px-px py-[0.2rem] transition-colors duration-100 ease-in-out\"><strong data-start=\"0\" data-end=\"9\" data-is-only-node=\"\">Usta:<\/strong> Bogate i harmonijne; smak kwiatowy z subtelnym s\u0142odycz\u0105 miodu w finiszu<\/span><\/p>\n<\/li>\n<\/ul>\n<p data-start=\"1032\" data-end=\"1071\"><span class=\"relative -mx-px my-[-0.2rem] rounded px-px py-[0.2rem] transition-colors duration-100 ease-in-out\"><strong>Starzenie:<\/strong> Wino zazwyczaj nie dojrzewa przez d\u0142ugi czas \u2013 jest produktem \u015bwie\u017cym, stworzonym do natychmiastowego spo\u017cycia po butelkowaniu.<\/span><\/p>\n<p data-start=\"1032\" data-end=\"1071\"><strong>Napowietrzanie: <\/strong><span class=\"relative -mx-px my-[-0.2rem] rounded px-px py-[0.2rem] transition-colors duration-100 ease-in-out\">Brak potrzeby dekantacji \u2013 najlepiej serwowa\u0107 sch\u0142odzone, by zachowa\u0107 jego \u015bwie\u017co\u015b\u0107 i aromaty.<\/span><\/p>\n<p data-start=\"1032\" data-end=\"1071\"><strong>Dopasowanie do potraw<\/strong><\/p>\n<p data-start=\"1171\" data-end=\"1183\">Pasuje do:<\/p>\n<ul data-start=\"1184\" data-end=\"1373\">\n<li data-start=\"1184\" data-end=\"1201\">\n<p data-start=\"1186\" data-end=\"1201\">jako aperitif<\/p>\n<\/li>\n<li data-start=\"1202\" data-end=\"1245\">\n<p data-start=\"1204\" data-end=\"1245\"><span class=\"relative -mx-px my-[-0.2rem] rounded px-px py-[0.2rem] transition-colors duration-100 ease-in-out\">delikatne desery owocowe (np. sa\u0142atka z brzoskwi\u0144, panna cotta z malinami)<\/span><\/p>\n<\/li>\n<li data-start=\"1246\" data-end=\"1289\">\n<p data-start=\"1248\" data-end=\"1289\"><span class=\"relative -mx-px my-[-0.2rem] rounded px-px py-[0.2rem] transition-colors duration-100 ease-in-out\">\u0142agodne sery (kozie, ple\u015bniowe)<\/span><\/p>\n<\/li>\n<li data-start=\"1290\" data-end=\"1373\">\n<p data-start=\"1292\" data-end=\"1373\"><span class=\"relative -mx-px my-[-0.2rem] rounded px-px py-[0.2rem] transition-colors duration-100 ease-in-out\">lekka pascha lub kremy<\/span><\/p>\n<\/li>\n<\/ul>\n<p><strong>Temperatura serwowania: <\/strong><span class=\"relative -mx-px my-[-0.2rem] rounded px-px py-[0.2rem] transition-colors duration-100 ease-in-out\">8\u201310\u202f\u00b0C \u2013 ods\u0142oni ca\u0142\u0105 jego \u015bwie\u017co\u015b\u0107 i aromaty.<\/span><\/p>\n<p><strong>Potencja\u0142 dojrzewania: <\/strong>Najlepiej spo\u017cy\u0107 w ci\u0105gu 1\u20132 lat od rocznika \u2014 wino nie jest przeznaczone do d\u0142ugiego le\u017cakowania.<\/p>\n","protected":false},"excerpt":{"rendered":"<p data-start=\"1784\" data-end=\"2161\"><strong data-start=\"1644\" data-end=\"1685\">Calvet Conversation Moelleux Bordeaux<\/strong> to delikatne, lekko s\u0142odkie, musuj\u0105ce wino z AOP Bordeaux, o zawarto\u015bci alkoholu 11%. Sk\u0142ada si\u0119 z 60% S\u00e9millon i 40% Muscadelle, co daje bogaty bukiet kwiat\u00f3w, brzoskwi\u0144 i pigwy, zamkni\u0119ty w harmonijn\u0105 struktur\u0119 z subteln\u0105 nut\u0105 miodu. To idealny wyb\u00f3r jako elegancki aperitif lub dodatek do deser\u00f3w.<\/p>\n","protected":false},"featured_media":810,"comment_status":"closed","ping_status":"closed","template":"","meta":[],"product_brand":[],"product_cat":[950,676],"product_tag":[757,951,681,952,953,320,577],"class_list":{"0":"post-756","1":"product","2":"type-product","3":"status-publish","4":"has-post-thumbnail","6":"product_cat-bordeaux","7":"product_cat-francja","8":"product_tag-biale","9":"product_tag-calvet","10":"product_tag-francja","11":"product_tag-muscadelle","12":"product_tag-semillon","13":"product_tag-wino","14":"product_tag-wino-biale","16":"first","17":"instock","18":"shipping-taxable","19":"purchasable","20":"product-type-simple"},"yoast_head":"<!-- This site is optimized with the Yoast SEO plugin v26.9 - https:\/\/yoast.com\/product\/yoast-seo-wordpress\/ -->\n<title>Calvet Conversation Moelleux Bordeaux 0,75 11% - B2B MVGD PL<\/title>\n<meta name=\"robots\" content=\"index, follow, max-snippet:-1, max-image-preview:large, max-video-preview:-1\" \/>\n<link rel=\"canonical\" href=\"https:\/\/b2b.mvgd.pl\/index.php\/produkt\/calvet-conversation-moelleux-bordeaux-075-11\/\" \/>\n<meta property=\"og:locale\" content=\"pl_PL\" \/>\n<meta property=\"og:type\" content=\"article\" \/>\n<meta property=\"og:title\" content=\"Calvet Conversation Moelleux Bordeaux 0,75 11% - B2B MVGD PL\" \/>\n<meta property=\"og:description\" content=\"Calvet Conversation Moelleux Bordeaux to delikatne, lekko s\u0142odkie, musuj\u0105ce wino z AOP Bordeaux, o zawarto\u015bci alkoholu 11%. Sk\u0142ada si\u0119 z 60% S\u00e9millon i 40% Muscadelle, co daje bogaty bukiet kwiat\u00f3w, brzoskwi\u0144 i pigwy, zamkni\u0119ty w harmonijn\u0105 struktur\u0119 z subteln\u0105 nut\u0105 miodu. To idealny wyb\u00f3r jako elegancki aperitif lub dodatek do deser\u00f3w.\" \/>\n<meta property=\"og:url\" content=\"https:\/\/b2b.mvgd.pl\/index.php\/produkt\/calvet-conversation-moelleux-bordeaux-075-11\/\" \/>\n<meta property=\"og:site_name\" content=\"B2B MVGD PL\" \/>\n<meta property=\"article:modified_time\" content=\"2026-02-16T18:55:10+00:00\" \/>\n<meta name=\"twitter:card\" content=\"summary_large_image\" \/>\n<meta name=\"twitter:label1\" content=\"Szacowany czas czytania\" \/>\n\t<meta name=\"twitter:data1\" content=\"1 minuta\" \/>\n<script type=\"application\/ld+json\" class=\"yoast-schema-graph\">{\"@context\":\"https:\/\/schema.org\",\"@graph\":[{\"@type\":\"WebPage\",\"@id\":\"https:\/\/b2b.mvgd.pl\/index.php\/produkt\/calvet-conversation-moelleux-bordeaux-075-11\/\",\"url\":\"https:\/\/b2b.mvgd.pl\/index.php\/produkt\/calvet-conversation-moelleux-bordeaux-075-11\/\",\"name\":\"Calvet Conversation Moelleux Bordeaux 0,75 11% - B2B MVGD PL\",\"isPartOf\":{\"@id\":\"https:\/\/b2b.mvgd.pl\/#website\"},\"primaryImageOfPage\":{\"@id\":\"https:\/\/b2b.mvgd.pl\/index.php\/produkt\/calvet-conversation-moelleux-bordeaux-075-11\/#primaryimage\"},\"image\":{\"@id\":\"https:\/\/b2b.mvgd.pl\/index.php\/produkt\/calvet-conversation-moelleux-bordeaux-075-11\/#primaryimage\"},\"thumbnailUrl\":\"https:\/\/b2b.mvgd.pl\/wp-content\/uploads\/2026\/02\/Moelleux.png\",\"datePublished\":\"2026-02-16T18:53:16+00:00\",\"dateModified\":\"2026-02-16T18:55:10+00:00\",\"breadcrumb\":{\"@id\":\"https:\/\/b2b.mvgd.pl\/index.php\/produkt\/calvet-conversation-moelleux-bordeaux-075-11\/#breadcrumb\"},\"inLanguage\":\"pl-PL\",\"potentialAction\":[{\"@type\":\"ReadAction\",\"target\":[\"https:\/\/b2b.mvgd.pl\/index.php\/produkt\/calvet-conversation-moelleux-bordeaux-075-11\/\"]}]},{\"@type\":\"ImageObject\",\"inLanguage\":\"pl-PL\",\"@id\":\"https:\/\/b2b.mvgd.pl\/index.php\/produkt\/calvet-conversation-moelleux-bordeaux-075-11\/#primaryimage\",\"url\":\"https:\/\/b2b.mvgd.pl\/wp-content\/uploads\/2026\/02\/Moelleux.png\",\"contentUrl\":\"https:\/\/b2b.mvgd.pl\/wp-content\/uploads\/2026\/02\/Moelleux.png\",\"width\":900,\"height\":1200},{\"@type\":\"BreadcrumbList\",\"@id\":\"https:\/\/b2b.mvgd.pl\/index.php\/produkt\/calvet-conversation-moelleux-bordeaux-075-11\/#breadcrumb\",\"itemListElement\":[{\"@type\":\"ListItem\",\"position\":1,\"name\":\"Strona g\u0142\u00f3wna\",\"item\":\"https:\/\/b2b.mvgd.pl\/\"},{\"@type\":\"ListItem\",\"position\":2,\"name\":\"Shop\",\"item\":\"https:\/\/b2b.mvgd.pl\/index.php\/shop\/\"},{\"@type\":\"ListItem\",\"position\":3,\"name\":\"Calvet Conversation Moelleux Bordeaux 0,75 11%\"}]},{\"@type\":\"WebSite\",\"@id\":\"https:\/\/b2b.mvgd.pl\/#website\",\"url\":\"https:\/\/b2b.mvgd.pl\/\",\"name\":\"B2B MVGD PL\",\"description\":\"\",\"potentialAction\":[{\"@type\":\"SearchAction\",\"target\":{\"@type\":\"EntryPoint\",\"urlTemplate\":\"https:\/\/b2b.mvgd.pl\/?s={search_term_string}\"},\"query-input\":{\"@type\":\"PropertyValueSpecification\",\"valueRequired\":true,\"valueName\":\"search_term_string\"}}],\"inLanguage\":\"pl-PL\"}]}<\/script>\n<!-- \/ Yoast SEO plugin. -->","yoast_head_json":{"title":"Calvet Conversation Moelleux Bordeaux 0,75 11% - B2B MVGD PL","robots":{"index":"index","follow":"follow","max-snippet":"max-snippet:-1","max-image-preview":"max-image-preview:large","max-video-preview":"max-video-preview:-1"},"canonical":"https:\/\/b2b.mvgd.pl\/index.php\/produkt\/calvet-conversation-moelleux-bordeaux-075-11\/","og_locale":"pl_PL","og_type":"article","og_title":"Calvet Conversation Moelleux Bordeaux 0,75 11% - B2B MVGD PL","og_description":"Calvet Conversation Moelleux Bordeaux to delikatne, lekko s\u0142odkie, musuj\u0105ce wino z AOP Bordeaux, o zawarto\u015bci alkoholu 11%. Sk\u0142ada si\u0119 z 60% S\u00e9millon i 40% Muscadelle, co daje bogaty bukiet kwiat\u00f3w, brzoskwi\u0144 i pigwy, zamkni\u0119ty w harmonijn\u0105 struktur\u0119 z subteln\u0105 nut\u0105 miodu. To idealny wyb\u00f3r jako elegancki aperitif lub dodatek do deser\u00f3w.","og_url":"https:\/\/b2b.mvgd.pl\/index.php\/produkt\/calvet-conversation-moelleux-bordeaux-075-11\/","og_site_name":"B2B MVGD PL","article_modified_time":"2026-02-16T18:55:10+00:00","twitter_card":"summary_large_image","twitter_misc":{"Szacowany czas czytania":"1 minuta"},"schema":{"@context":"https:\/\/schema.org","@graph":[{"@type":"WebPage","@id":"https:\/\/b2b.mvgd.pl\/index.php\/produkt\/calvet-conversation-moelleux-bordeaux-075-11\/","url":"https:\/\/b2b.mvgd.pl\/index.php\/produkt\/calvet-conversation-moelleux-bordeaux-075-11\/","name":"Calvet Conversation Moelleux Bordeaux 0,75 11% - B2B MVGD PL","isPartOf":{"@id":"https:\/\/b2b.mvgd.pl\/#website"},"primaryImageOfPage":{"@id":"https:\/\/b2b.mvgd.pl\/index.php\/produkt\/calvet-conversation-moelleux-bordeaux-075-11\/#primaryimage"},"image":{"@id":"https:\/\/b2b.mvgd.pl\/index.php\/produkt\/calvet-conversation-moelleux-bordeaux-075-11\/#primaryimage"},"thumbnailUrl":"https:\/\/b2b.mvgd.pl\/wp-content\/uploads\/2026\/02\/Moelleux.png","datePublished":"2026-02-16T18:53:16+00:00","dateModified":"2026-02-16T18:55:10+00:00","breadcrumb":{"@id":"https:\/\/b2b.mvgd.pl\/index.php\/produkt\/calvet-conversation-moelleux-bordeaux-075-11\/#breadcrumb"},"inLanguage":"pl-PL","potentialAction":[{"@type":"ReadAction","target":["https:\/\/b2b.mvgd.pl\/index.php\/produkt\/calvet-conversation-moelleux-bordeaux-075-11\/"]}]},{"@type":"ImageObject","inLanguage":"pl-PL","@id":"https:\/\/b2b.mvgd.pl\/index.php\/produkt\/calvet-conversation-moelleux-bordeaux-075-11\/#primaryimage","url":"https:\/\/b2b.mvgd.pl\/wp-content\/uploads\/2026\/02\/Moelleux.png","contentUrl":"https:\/\/b2b.mvgd.pl\/wp-content\/uploads\/2026\/02\/Moelleux.png","width":900,"height":1200},{"@type":"BreadcrumbList","@id":"https:\/\/b2b.mvgd.pl\/index.php\/produkt\/calvet-conversation-moelleux-bordeaux-075-11\/#breadcrumb","itemListElement":[{"@type":"ListItem","position":1,"name":"Strona g\u0142\u00f3wna","item":"https:\/\/b2b.mvgd.pl\/"},{"@type":"ListItem","position":2,"name":"Shop","item":"https:\/\/b2b.mvgd.pl\/index.php\/shop\/"},{"@type":"ListItem","position":3,"name":"Calvet Conversation Moelleux Bordeaux 0,75 11%"}]},{"@type":"WebSite","@id":"https:\/\/b2b.mvgd.pl\/#website","url":"https:\/\/b2b.mvgd.pl\/","name":"B2B MVGD PL","description":"","potentialAction":[{"@type":"SearchAction","target":{"@type":"EntryPoint","urlTemplate":"https:\/\/b2b.mvgd.pl\/?s={search_term_string}"},"query-input":{"@type":"PropertyValueSpecification","valueRequired":true,"valueName":"search_term_string"}}],"inLanguage":"pl-PL"}]}},"jetpack_sharing_enabled":true,"_links":{"self":[{"href":"https:\/\/b2b.mvgd.pl\/index.php\/wp-json\/wp\/v2\/product\/756","targetHints":{"allow":["GET"]}}],"collection":[{"href":"https:\/\/b2b.mvgd.pl\/index.php\/wp-json\/wp\/v2\/product"}],"about":[{"href":"https:\/\/b2b.mvgd.pl\/index.php\/wp-json\/wp\/v2\/types\/product"}],"replies":[{"embeddable":true,"href":"https:\/\/b2b.mvgd.pl\/index.php\/wp-json\/wp\/v2\/comments?post=756"}],"version-history":[{"count":0,"href":"https:\/\/b2b.mvgd.pl\/index.php\/wp-json\/wp\/v2\/product\/756\/revisions"}],"wp:featuredmedia":[{"embeddable":true,"href":"https:\/\/b2b.mvgd.pl\/index.php\/wp-json\/wp\/v2\/media\/810"}],"wp:attachment":[{"href":"https:\/\/b2b.mvgd.pl\/index.php\/wp-json\/wp\/v2\/media?parent=756"}],"wp:term":[{"taxonomy":"product_brand","embeddable":true,"href":"https:\/\/b2b.mvgd.pl\/index.php\/wp-json\/wp\/v2\/product_brand?post=756"},{"taxonomy":"product_cat","embeddable":true,"href":"https:\/\/b2b.mvgd.pl\/index.php\/wp-json\/wp\/v2\/product_cat?post=756"},{"taxonomy":"product_tag","embeddable":true,"href":"https:\/\/b2b.mvgd.pl\/index.php\/wp-json\/wp\/v2\/product_tag?post=756"}],"curies":[{"name":"wp","href":"https:\/\/api.w.org\/{rel}","templated":true}]}}