{"id":718,"date":"2026-02-16T18:51:56","date_gmt":"2026-02-16T18:51:56","guid":{"rendered":"https:\/\/b2b.mvgd.pl\/?post_type=product&#038;p=718"},"modified":"2026-02-16T18:54:15","modified_gmt":"2026-02-16T18:54:15","slug":"arribas-do-douro-azeite-oliwa-z-oliwek-z-pierwszego-tloczenia-grande-escolha","status":"publish","type":"product","link":"https:\/\/b2b.mvgd.pl\/index.php\/produkt\/arribas-do-douro-azeite-oliwa-z-oliwek-z-pierwszego-tloczenia-grande-escolha\/","title":{"rendered":"Arribas Do Douro Azeite Oliwa z oliwek z pierwszego t\u0142oczenia, Grande Escolha"},"content":{"rendered":"<p data-start=\"139\" data-end=\"631\">Wyb\u00f3r \u201eGrande Escolha\u201d pochodzi z partii wyselekcjonowanych oliwek z naszych gaj\u00f3w oliwnych w Freixo de Espada \u00e0 Cinta, w regionie Douro Superior.<br data-start=\"344\" data-end=\"347\" \/>Dominuj\u0105c\u0105 odmian\u0105 w tej mieszance jest <strong data-start=\"387\" data-end=\"401\">Cobran\u00e7osa<\/strong>, kt\u00f3ra nadaje oliwie \u015bwie\u017cy zielony smak, idealnie r\u00f3wnowa\u017c\u0105c nuty goryczy i pikantno\u015bci. Bogactwo smak\u00f3w i aromat\u00f3w w tej oliwie sprawia, \u017ce jest doskona\u0142a do sa\u0142atek, maczania chleba lub do wyka\u0144czania da\u0144 z ryb i owoc\u00f3w morza.<\/p>\n<p data-start=\"633\" data-end=\"654\"><strong data-start=\"633\" data-end=\"652\">Odmiany oliwek: <\/strong>Cobran\u00e7osa, Madural, Verdeal, Negrinha de Freixo<\/p>\n<p data-start=\"716\" data-end=\"770\"><strong data-start=\"716\" data-end=\"730\">Sk\u0142adniki:<\/strong><br data-start=\"730\" data-end=\"733\" \/>Oliwa z oliwek z pierwszego t\u0142oczenia;<\/p>\n<p data-start=\"772\" data-end=\"1069\"><strong data-start=\"772\" data-end=\"786\">Pojemno\u015b\u0107:<\/strong> 250 ml (8,4 fl oz)<br data-start=\"805\" data-end=\"808\" \/><strong data-start=\"808\" data-end=\"835\">Najlepiej spo\u017cy\u0107 przed:<\/strong> 05\/02\/2027<br data-start=\"846\" data-end=\"849\" \/><strong data-start=\"849\" data-end=\"887\">Wyprodukowano i butelkowano przez:<\/strong> AZEITEDOURO S.A.<br data-start=\"904\" data-end=\"907\" \/><strong data-start=\"907\" data-end=\"915\">Dla:<\/strong> PORTTABLE Produtos Alimentares, LDA<br data-start=\"951\" data-end=\"954\" \/>Freixo de Espada \u00e0 Cinta, Portugalia<br data-start=\"990\" data-end=\"993\" \/><a class=\"\" href=\"http:\/\/www.arribasdodouro.com\" target=\"_new\" rel=\"noopener\" data-start=\"993\" data-end=\"1048\">www.arribasdodouro.com<\/a><br data-start=\"1048\" data-end=\"1051\" \/><a class=\"cursor-pointer\" rel=\"noopener\" data-start=\"1051\" data-end=\"1069\">sales@porttable.pt<\/a><\/p>\n","protected":false},"excerpt":{"rendered":"<p>Warto\u015bci od\u017cywcze:<\/p>\n<table style=\"height: 396px\" width=\"912\">\n<tbody>\n<tr>\n<td width=\"96\"><\/td>\n<td width=\"66\"><strong>Warto\u015bci od\u017cywcze na 100 g<\/strong><\/td>\n<td width=\"96\"><strong>Warto\u015bci od\u017cywcze na 13 ml<\/strong><\/td>\n<\/tr>\n<tr>\n<td><strong>Energia<\/strong><\/td>\n<td>877 kcal<\/td>\n<td>104,4 kcal<\/td>\n<\/tr>\n<tr>\n<td><strong>T\u0142uszcze<\/strong><\/td>\n<td>97 g<\/td>\n<td>11,7g<\/td>\n<\/tr>\n<tr>\n<td><strong>\u00a0 \u00a0 W tym nasycone:\u00a0<\/strong><\/td>\n<td>12 g<\/td>\n<td><span data-teams=\"true\">1,4 g<\/span><\/td>\n<\/tr>\n<tr>\n<td><strong>\u00a0 \u00a0 Jednonienasycone<\/strong><\/td>\n<td>77g<\/td>\n<td>9,2g<\/td>\n<\/tr>\n<tr>\n<td><strong>\u00a0 \u00a0 Wielonienasycone<\/strong><\/td>\n<td>8 g<\/td>\n<td>1,1 g<\/td>\n<\/tr>\n<tr>\n<td><strong>\u00a0<\/strong><strong>W\u0119glowodany<\/strong>:<\/td>\n<td>0 g<\/td>\n<td>0 g<\/td>\n<\/tr>\n<tr>\n<td width=\"96\"><strong>\u00a0 W tym cukry:<\/strong><\/td>\n<td width=\"66\"><span data-teams=\"true\">0 g<\/span><\/td>\n<td width=\"96\"><span data-teams=\"true\">0 g<\/span><\/td>\n<\/tr>\n<tr>\n<td width=\"96\"><strong>B\u0142onnik<\/strong>:<\/td>\n<td width=\"66\"><span data-teams=\"true\">0 g <\/span><\/td>\n<td width=\"96\">0 g<\/td>\n<\/tr>\n<tr>\n<td width=\"96\"><strong>Bia\u0142ko:<\/strong><\/td>\n<td width=\"66\"><\/td>\n<td width=\"96\"><\/td>\n<\/tr>\n<tr>\n<td width=\"96\"><strong>S\u00f3l:<\/strong><\/td>\n<td width=\"66\"><\/td>\n<td width=\"96\"><\/td>\n<\/tr>\n<tr>\n<td width=\"96\"><\/td>\n<td width=\"66\"><\/td>\n<td width=\"96\"><\/td>\n<\/tr>\n<\/tbody>\n<\/table>\n<p>&nbsp;<\/p>\n","protected":false},"featured_media":777,"comment_status":"open","ping_status":"closed","template":"","meta":[],"product_brand":[],"product_cat":[907],"product_tag":[],"class_list":{"0":"post-718","1":"product","2":"type-product","3":"status-publish","4":"has-post-thumbnail","6":"product_cat-food","8":"first","9":"instock","10":"shipping-taxable","11":"product-type-simple"},"yoast_head":"<!-- This site is optimized with the Yoast SEO plugin v26.9 - https:\/\/yoast.com\/product\/yoast-seo-wordpress\/ -->\n<title>Arribas Do Douro Azeite Oliwa z oliwek z pierwszego t\u0142oczenia, Grande Escolha - B2B MVGD PL<\/title>\n<meta name=\"robots\" content=\"index, follow, max-snippet:-1, max-image-preview:large, max-video-preview:-1\" \/>\n<link rel=\"canonical\" href=\"https:\/\/b2b.mvgd.pl\/index.php\/produkt\/arribas-do-douro-azeite-oliwa-z-oliwek-z-pierwszego-tloczenia-grande-escolha\/\" \/>\n<meta property=\"og:locale\" content=\"pl_PL\" \/>\n<meta property=\"og:type\" content=\"article\" \/>\n<meta property=\"og:title\" content=\"Arribas Do Douro Azeite Oliwa z oliwek z pierwszego t\u0142oczenia, Grande Escolha - B2B MVGD PL\" \/>\n<meta property=\"og:description\" content=\"Warto\u015bci od\u017cywcze:     Warto\u015bci od\u017cywcze na 100 g Warto\u015bci od\u017cywcze na 13 ml   Energia 877 kcal 104,4 kcal   T\u0142uszcze 97 g 11,7g   \u00a0 \u00a0 W tym nasycone:\u00a0 12 g 1,4 g   \u00a0 \u00a0 Jednonienasycone 77g 9,2g   \u00a0 \u00a0 Wielonienasycone 8 g 1,1 g   \u00a0W\u0119glowodany: 0 g 0 g   \u00a0 W tym cukry: 0 g 0 g   B\u0142onnik: 0 g  0 g   Bia\u0142ko:     S\u00f3l:           &nbsp;\" \/>\n<meta property=\"og:url\" content=\"https:\/\/b2b.mvgd.pl\/index.php\/produkt\/arribas-do-douro-azeite-oliwa-z-oliwek-z-pierwszego-tloczenia-grande-escolha\/\" \/>\n<meta property=\"og:site_name\" content=\"B2B MVGD PL\" \/>\n<meta property=\"article:modified_time\" content=\"2026-02-16T18:54:15+00:00\" \/>\n<meta name=\"twitter:card\" content=\"summary_large_image\" \/>\n<meta name=\"twitter:label1\" content=\"Szacowany czas czytania\" \/>\n\t<meta name=\"twitter:data1\" content=\"1 minuta\" \/>\n<script type=\"application\/ld+json\" class=\"yoast-schema-graph\">{\"@context\":\"https:\/\/schema.org\",\"@graph\":[{\"@type\":\"WebPage\",\"@id\":\"https:\/\/b2b.mvgd.pl\/index.php\/produkt\/arribas-do-douro-azeite-oliwa-z-oliwek-z-pierwszego-tloczenia-grande-escolha\/\",\"url\":\"https:\/\/b2b.mvgd.pl\/index.php\/produkt\/arribas-do-douro-azeite-oliwa-z-oliwek-z-pierwszego-tloczenia-grande-escolha\/\",\"name\":\"Arribas Do Douro Azeite Oliwa z oliwek z pierwszego t\u0142oczenia, Grande Escolha - B2B MVGD PL\",\"isPartOf\":{\"@id\":\"https:\/\/b2b.mvgd.pl\/#website\"},\"primaryImageOfPage\":{\"@id\":\"https:\/\/b2b.mvgd.pl\/index.php\/produkt\/arribas-do-douro-azeite-oliwa-z-oliwek-z-pierwszego-tloczenia-grande-escolha\/#primaryimage\"},\"image\":{\"@id\":\"https:\/\/b2b.mvgd.pl\/index.php\/produkt\/arribas-do-douro-azeite-oliwa-z-oliwek-z-pierwszego-tloczenia-grande-escolha\/#primaryimage\"},\"thumbnailUrl\":\"https:\/\/b2b.mvgd.pl\/wp-content\/uploads\/2026\/02\/WERA-WINA.png\",\"datePublished\":\"2026-02-16T18:51:56+00:00\",\"dateModified\":\"2026-02-16T18:54:15+00:00\",\"breadcrumb\":{\"@id\":\"https:\/\/b2b.mvgd.pl\/index.php\/produkt\/arribas-do-douro-azeite-oliwa-z-oliwek-z-pierwszego-tloczenia-grande-escolha\/#breadcrumb\"},\"inLanguage\":\"pl-PL\",\"potentialAction\":[{\"@type\":\"ReadAction\",\"target\":[\"https:\/\/b2b.mvgd.pl\/index.php\/produkt\/arribas-do-douro-azeite-oliwa-z-oliwek-z-pierwszego-tloczenia-grande-escolha\/\"]}]},{\"@type\":\"ImageObject\",\"inLanguage\":\"pl-PL\",\"@id\":\"https:\/\/b2b.mvgd.pl\/index.php\/produkt\/arribas-do-douro-azeite-oliwa-z-oliwek-z-pierwszego-tloczenia-grande-escolha\/#primaryimage\",\"url\":\"https:\/\/b2b.mvgd.pl\/wp-content\/uploads\/2026\/02\/WERA-WINA.png\",\"contentUrl\":\"https:\/\/b2b.mvgd.pl\/wp-content\/uploads\/2026\/02\/WERA-WINA.png\",\"width\":900,\"height\":1200},{\"@type\":\"BreadcrumbList\",\"@id\":\"https:\/\/b2b.mvgd.pl\/index.php\/produkt\/arribas-do-douro-azeite-oliwa-z-oliwek-z-pierwszego-tloczenia-grande-escolha\/#breadcrumb\",\"itemListElement\":[{\"@type\":\"ListItem\",\"position\":1,\"name\":\"Strona g\u0142\u00f3wna\",\"item\":\"https:\/\/b2b.mvgd.pl\/\"},{\"@type\":\"ListItem\",\"position\":2,\"name\":\"Shop\",\"item\":\"https:\/\/b2b.mvgd.pl\/index.php\/shop\/\"},{\"@type\":\"ListItem\",\"position\":3,\"name\":\"Arribas Do Douro Azeite Oliwa z oliwek z pierwszego t\u0142oczenia, Grande Escolha\"}]},{\"@type\":\"WebSite\",\"@id\":\"https:\/\/b2b.mvgd.pl\/#website\",\"url\":\"https:\/\/b2b.mvgd.pl\/\",\"name\":\"B2B MVGD PL\",\"description\":\"\",\"potentialAction\":[{\"@type\":\"SearchAction\",\"target\":{\"@type\":\"EntryPoint\",\"urlTemplate\":\"https:\/\/b2b.mvgd.pl\/?s={search_term_string}\"},\"query-input\":{\"@type\":\"PropertyValueSpecification\",\"valueRequired\":true,\"valueName\":\"search_term_string\"}}],\"inLanguage\":\"pl-PL\"}]}<\/script>\n<!-- \/ Yoast SEO plugin. -->","yoast_head_json":{"title":"Arribas Do Douro Azeite Oliwa z oliwek z pierwszego t\u0142oczenia, Grande Escolha - B2B MVGD PL","robots":{"index":"index","follow":"follow","max-snippet":"max-snippet:-1","max-image-preview":"max-image-preview:large","max-video-preview":"max-video-preview:-1"},"canonical":"https:\/\/b2b.mvgd.pl\/index.php\/produkt\/arribas-do-douro-azeite-oliwa-z-oliwek-z-pierwszego-tloczenia-grande-escolha\/","og_locale":"pl_PL","og_type":"article","og_title":"Arribas Do Douro Azeite Oliwa z oliwek z pierwszego t\u0142oczenia, Grande Escolha - B2B MVGD PL","og_description":"Warto\u015bci od\u017cywcze:     Warto\u015bci od\u017cywcze na 100 g Warto\u015bci od\u017cywcze na 13 ml   Energia 877 kcal 104,4 kcal   T\u0142uszcze 97 g 11,7g   \u00a0 \u00a0 W tym nasycone:\u00a0 12 g 1,4 g   \u00a0 \u00a0 Jednonienasycone 77g 9,2g   \u00a0 \u00a0 Wielonienasycone 8 g 1,1 g   \u00a0W\u0119glowodany: 0 g 0 g   \u00a0 W tym cukry: 0 g 0 g   B\u0142onnik: 0 g  0 g   Bia\u0142ko:     S\u00f3l:           &nbsp;","og_url":"https:\/\/b2b.mvgd.pl\/index.php\/produkt\/arribas-do-douro-azeite-oliwa-z-oliwek-z-pierwszego-tloczenia-grande-escolha\/","og_site_name":"B2B MVGD PL","article_modified_time":"2026-02-16T18:54:15+00:00","twitter_card":"summary_large_image","twitter_misc":{"Szacowany czas czytania":"1 minuta"},"schema":{"@context":"https:\/\/schema.org","@graph":[{"@type":"WebPage","@id":"https:\/\/b2b.mvgd.pl\/index.php\/produkt\/arribas-do-douro-azeite-oliwa-z-oliwek-z-pierwszego-tloczenia-grande-escolha\/","url":"https:\/\/b2b.mvgd.pl\/index.php\/produkt\/arribas-do-douro-azeite-oliwa-z-oliwek-z-pierwszego-tloczenia-grande-escolha\/","name":"Arribas Do Douro Azeite Oliwa z oliwek z pierwszego t\u0142oczenia, Grande Escolha - B2B MVGD PL","isPartOf":{"@id":"https:\/\/b2b.mvgd.pl\/#website"},"primaryImageOfPage":{"@id":"https:\/\/b2b.mvgd.pl\/index.php\/produkt\/arribas-do-douro-azeite-oliwa-z-oliwek-z-pierwszego-tloczenia-grande-escolha\/#primaryimage"},"image":{"@id":"https:\/\/b2b.mvgd.pl\/index.php\/produkt\/arribas-do-douro-azeite-oliwa-z-oliwek-z-pierwszego-tloczenia-grande-escolha\/#primaryimage"},"thumbnailUrl":"https:\/\/b2b.mvgd.pl\/wp-content\/uploads\/2026\/02\/WERA-WINA.png","datePublished":"2026-02-16T18:51:56+00:00","dateModified":"2026-02-16T18:54:15+00:00","breadcrumb":{"@id":"https:\/\/b2b.mvgd.pl\/index.php\/produkt\/arribas-do-douro-azeite-oliwa-z-oliwek-z-pierwszego-tloczenia-grande-escolha\/#breadcrumb"},"inLanguage":"pl-PL","potentialAction":[{"@type":"ReadAction","target":["https:\/\/b2b.mvgd.pl\/index.php\/produkt\/arribas-do-douro-azeite-oliwa-z-oliwek-z-pierwszego-tloczenia-grande-escolha\/"]}]},{"@type":"ImageObject","inLanguage":"pl-PL","@id":"https:\/\/b2b.mvgd.pl\/index.php\/produkt\/arribas-do-douro-azeite-oliwa-z-oliwek-z-pierwszego-tloczenia-grande-escolha\/#primaryimage","url":"https:\/\/b2b.mvgd.pl\/wp-content\/uploads\/2026\/02\/WERA-WINA.png","contentUrl":"https:\/\/b2b.mvgd.pl\/wp-content\/uploads\/2026\/02\/WERA-WINA.png","width":900,"height":1200},{"@type":"BreadcrumbList","@id":"https:\/\/b2b.mvgd.pl\/index.php\/produkt\/arribas-do-douro-azeite-oliwa-z-oliwek-z-pierwszego-tloczenia-grande-escolha\/#breadcrumb","itemListElement":[{"@type":"ListItem","position":1,"name":"Strona g\u0142\u00f3wna","item":"https:\/\/b2b.mvgd.pl\/"},{"@type":"ListItem","position":2,"name":"Shop","item":"https:\/\/b2b.mvgd.pl\/index.php\/shop\/"},{"@type":"ListItem","position":3,"name":"Arribas Do Douro Azeite Oliwa z oliwek z pierwszego t\u0142oczenia, Grande Escolha"}]},{"@type":"WebSite","@id":"https:\/\/b2b.mvgd.pl\/#website","url":"https:\/\/b2b.mvgd.pl\/","name":"B2B MVGD PL","description":"","potentialAction":[{"@type":"SearchAction","target":{"@type":"EntryPoint","urlTemplate":"https:\/\/b2b.mvgd.pl\/?s={search_term_string}"},"query-input":{"@type":"PropertyValueSpecification","valueRequired":true,"valueName":"search_term_string"}}],"inLanguage":"pl-PL"}]}},"jetpack_sharing_enabled":true,"_links":{"self":[{"href":"https:\/\/b2b.mvgd.pl\/index.php\/wp-json\/wp\/v2\/product\/718","targetHints":{"allow":["GET"]}}],"collection":[{"href":"https:\/\/b2b.mvgd.pl\/index.php\/wp-json\/wp\/v2\/product"}],"about":[{"href":"https:\/\/b2b.mvgd.pl\/index.php\/wp-json\/wp\/v2\/types\/product"}],"replies":[{"embeddable":true,"href":"https:\/\/b2b.mvgd.pl\/index.php\/wp-json\/wp\/v2\/comments?post=718"}],"version-history":[{"count":0,"href":"https:\/\/b2b.mvgd.pl\/index.php\/wp-json\/wp\/v2\/product\/718\/revisions"}],"wp:featuredmedia":[{"embeddable":true,"href":"https:\/\/b2b.mvgd.pl\/index.php\/wp-json\/wp\/v2\/media\/777"}],"wp:attachment":[{"href":"https:\/\/b2b.mvgd.pl\/index.php\/wp-json\/wp\/v2\/media?parent=718"}],"wp:term":[{"taxonomy":"product_brand","embeddable":true,"href":"https:\/\/b2b.mvgd.pl\/index.php\/wp-json\/wp\/v2\/product_brand?post=718"},{"taxonomy":"product_cat","embeddable":true,"href":"https:\/\/b2b.mvgd.pl\/index.php\/wp-json\/wp\/v2\/product_cat?post=718"},{"taxonomy":"product_tag","embeddable":true,"href":"https:\/\/b2b.mvgd.pl\/index.php\/wp-json\/wp\/v2\/product_tag?post=718"}],"curies":[{"name":"wp","href":"https:\/\/api.w.org\/{rel}","templated":true}]}}