{"id":702,"date":"2026-02-16T18:51:28","date_gmt":"2026-02-16T18:51:28","guid":{"rendered":"https:\/\/b2b.mvgd.pl\/?post_type=product&#038;p=702"},"modified":"2026-02-16T18:53:29","modified_gmt":"2026-02-16T18:53:29","slug":"gubernija-wheat-hefeweizen","status":"publish","type":"product","link":"https:\/\/b2b.mvgd.pl\/index.php\/produkt\/gubernija-wheat-hefeweizen\/","title":{"rendered":"Gubernija Wheat Hefeweizen"},"content":{"rendered":"<p>Dobrze zbilansowane piwo pszeniczne z dominuj\u0105cymi aromatami owocowymi, kt\u00f3re uzupe\u0142niaj\u0105 kwa\u015bny smak typowy dla stylu Hefeweizen, kt\u00f3remu towarzyszy d\u0142ugotrwa\u0142y posmak. Lekko s\u0142omkowy, mglisty kolor o zapachu owocowego banana i kwiecistego go\u017adzika.<\/p>\n<p>&nbsp;<\/p>\n","protected":false},"excerpt":{"rendered":"<p>Dobrze zbilansowane piwo pszeniczne z dominuj\u0105cymi aromatami owocowymi, kt\u00f3re uzupe\u0142niaj\u0105 kwa\u015bny smak typowy dla stylu Hefeweizen, kt\u00f3remu towarzyszy d\u0142ugotrwa\u0142y posmak. Lekko s\u0142omkowy, mglisty kolor o zapachu owocowego banana i kwiecistego go\u017adzika.<\/p>\n<p><span data-teams=\"true\">\u00a0<\/span><\/p>\n","protected":false},"featured_media":759,"comment_status":"open","ping_status":"closed","template":"","meta":[],"product_brand":[],"product_cat":[380],"product_tag":[843,894,870],"class_list":{"0":"post-702","1":"product","2":"type-product","3":"status-publish","4":"has-post-thumbnail","6":"product_cat-piwo","7":"product_tag-gubernija","8":"product_tag-ipa","9":"product_tag-piwo","11":"first","12":"instock","13":"shipping-taxable","14":"purchasable","15":"product-type-simple"},"yoast_head":"<!-- This site is optimized with the Yoast SEO plugin v26.9 - https:\/\/yoast.com\/product\/yoast-seo-wordpress\/ -->\n<title>Gubernija Wheat Hefeweizen - B2B MVGD PL<\/title>\n<meta name=\"robots\" content=\"index, follow, max-snippet:-1, max-image-preview:large, max-video-preview:-1\" \/>\n<link rel=\"canonical\" href=\"https:\/\/b2b.mvgd.pl\/index.php\/produkt\/gubernija-wheat-hefeweizen\/\" \/>\n<meta property=\"og:locale\" content=\"pl_PL\" \/>\n<meta property=\"og:type\" content=\"article\" \/>\n<meta property=\"og:title\" content=\"Gubernija Wheat Hefeweizen - B2B MVGD PL\" \/>\n<meta property=\"og:description\" content=\"Dobrze zbilansowane piwo pszeniczne z dominuj\u0105cymi aromatami owocowymi, kt\u00f3re uzupe\u0142niaj\u0105 kwa\u015bny smak typowy dla stylu Hefeweizen, kt\u00f3remu towarzyszy d\u0142ugotrwa\u0142y posmak. Lekko s\u0142omkowy, mglisty kolor o zapachu owocowego banana i kwiecistego go\u017adzika.  \u00a0\" \/>\n<meta property=\"og:url\" content=\"https:\/\/b2b.mvgd.pl\/index.php\/produkt\/gubernija-wheat-hefeweizen\/\" \/>\n<meta property=\"og:site_name\" content=\"B2B MVGD PL\" \/>\n<meta property=\"article:modified_time\" content=\"2026-02-16T18:53:29+00:00\" \/>\n<meta name=\"twitter:card\" content=\"summary_large_image\" \/>\n<script type=\"application\/ld+json\" class=\"yoast-schema-graph\">{\"@context\":\"https:\/\/schema.org\",\"@graph\":[{\"@type\":\"WebPage\",\"@id\":\"https:\/\/b2b.mvgd.pl\/index.php\/produkt\/gubernija-wheat-hefeweizen\/\",\"url\":\"https:\/\/b2b.mvgd.pl\/index.php\/produkt\/gubernija-wheat-hefeweizen\/\",\"name\":\"Gubernija Wheat Hefeweizen - B2B MVGD PL\",\"isPartOf\":{\"@id\":\"https:\/\/b2b.mvgd.pl\/#website\"},\"primaryImageOfPage\":{\"@id\":\"https:\/\/b2b.mvgd.pl\/index.php\/produkt\/gubernija-wheat-hefeweizen\/#primaryimage\"},\"image\":{\"@id\":\"https:\/\/b2b.mvgd.pl\/index.php\/produkt\/gubernija-wheat-hefeweizen\/#primaryimage\"},\"thumbnailUrl\":\"https:\/\/b2b.mvgd.pl\/wp-content\/uploads\/2026\/02\/Wheat.png\",\"datePublished\":\"2026-02-16T18:51:28+00:00\",\"dateModified\":\"2026-02-16T18:53:29+00:00\",\"breadcrumb\":{\"@id\":\"https:\/\/b2b.mvgd.pl\/index.php\/produkt\/gubernija-wheat-hefeweizen\/#breadcrumb\"},\"inLanguage\":\"pl-PL\",\"potentialAction\":[{\"@type\":\"ReadAction\",\"target\":[\"https:\/\/b2b.mvgd.pl\/index.php\/produkt\/gubernija-wheat-hefeweizen\/\"]}]},{\"@type\":\"ImageObject\",\"inLanguage\":\"pl-PL\",\"@id\":\"https:\/\/b2b.mvgd.pl\/index.php\/produkt\/gubernija-wheat-hefeweizen\/#primaryimage\",\"url\":\"https:\/\/b2b.mvgd.pl\/wp-content\/uploads\/2026\/02\/Wheat.png\",\"contentUrl\":\"https:\/\/b2b.mvgd.pl\/wp-content\/uploads\/2026\/02\/Wheat.png\",\"width\":900,\"height\":1200},{\"@type\":\"BreadcrumbList\",\"@id\":\"https:\/\/b2b.mvgd.pl\/index.php\/produkt\/gubernija-wheat-hefeweizen\/#breadcrumb\",\"itemListElement\":[{\"@type\":\"ListItem\",\"position\":1,\"name\":\"Strona g\u0142\u00f3wna\",\"item\":\"https:\/\/b2b.mvgd.pl\/\"},{\"@type\":\"ListItem\",\"position\":2,\"name\":\"Shop\",\"item\":\"https:\/\/b2b.mvgd.pl\/index.php\/shop\/\"},{\"@type\":\"ListItem\",\"position\":3,\"name\":\"Gubernija Wheat Hefeweizen\"}]},{\"@type\":\"WebSite\",\"@id\":\"https:\/\/b2b.mvgd.pl\/#website\",\"url\":\"https:\/\/b2b.mvgd.pl\/\",\"name\":\"B2B MVGD PL\",\"description\":\"\",\"potentialAction\":[{\"@type\":\"SearchAction\",\"target\":{\"@type\":\"EntryPoint\",\"urlTemplate\":\"https:\/\/b2b.mvgd.pl\/?s={search_term_string}\"},\"query-input\":{\"@type\":\"PropertyValueSpecification\",\"valueRequired\":true,\"valueName\":\"search_term_string\"}}],\"inLanguage\":\"pl-PL\"}]}<\/script>\n<!-- \/ Yoast SEO plugin. -->","yoast_head_json":{"title":"Gubernija Wheat Hefeweizen - B2B MVGD PL","robots":{"index":"index","follow":"follow","max-snippet":"max-snippet:-1","max-image-preview":"max-image-preview:large","max-video-preview":"max-video-preview:-1"},"canonical":"https:\/\/b2b.mvgd.pl\/index.php\/produkt\/gubernija-wheat-hefeweizen\/","og_locale":"pl_PL","og_type":"article","og_title":"Gubernija Wheat Hefeweizen - B2B MVGD PL","og_description":"Dobrze zbilansowane piwo pszeniczne z dominuj\u0105cymi aromatami owocowymi, kt\u00f3re uzupe\u0142niaj\u0105 kwa\u015bny smak typowy dla stylu Hefeweizen, kt\u00f3remu towarzyszy d\u0142ugotrwa\u0142y posmak. Lekko s\u0142omkowy, mglisty kolor o zapachu owocowego banana i kwiecistego go\u017adzika.  \u00a0","og_url":"https:\/\/b2b.mvgd.pl\/index.php\/produkt\/gubernija-wheat-hefeweizen\/","og_site_name":"B2B MVGD PL","article_modified_time":"2026-02-16T18:53:29+00:00","twitter_card":"summary_large_image","schema":{"@context":"https:\/\/schema.org","@graph":[{"@type":"WebPage","@id":"https:\/\/b2b.mvgd.pl\/index.php\/produkt\/gubernija-wheat-hefeweizen\/","url":"https:\/\/b2b.mvgd.pl\/index.php\/produkt\/gubernija-wheat-hefeweizen\/","name":"Gubernija Wheat Hefeweizen - B2B MVGD PL","isPartOf":{"@id":"https:\/\/b2b.mvgd.pl\/#website"},"primaryImageOfPage":{"@id":"https:\/\/b2b.mvgd.pl\/index.php\/produkt\/gubernija-wheat-hefeweizen\/#primaryimage"},"image":{"@id":"https:\/\/b2b.mvgd.pl\/index.php\/produkt\/gubernija-wheat-hefeweizen\/#primaryimage"},"thumbnailUrl":"https:\/\/b2b.mvgd.pl\/wp-content\/uploads\/2026\/02\/Wheat.png","datePublished":"2026-02-16T18:51:28+00:00","dateModified":"2026-02-16T18:53:29+00:00","breadcrumb":{"@id":"https:\/\/b2b.mvgd.pl\/index.php\/produkt\/gubernija-wheat-hefeweizen\/#breadcrumb"},"inLanguage":"pl-PL","potentialAction":[{"@type":"ReadAction","target":["https:\/\/b2b.mvgd.pl\/index.php\/produkt\/gubernija-wheat-hefeweizen\/"]}]},{"@type":"ImageObject","inLanguage":"pl-PL","@id":"https:\/\/b2b.mvgd.pl\/index.php\/produkt\/gubernija-wheat-hefeweizen\/#primaryimage","url":"https:\/\/b2b.mvgd.pl\/wp-content\/uploads\/2026\/02\/Wheat.png","contentUrl":"https:\/\/b2b.mvgd.pl\/wp-content\/uploads\/2026\/02\/Wheat.png","width":900,"height":1200},{"@type":"BreadcrumbList","@id":"https:\/\/b2b.mvgd.pl\/index.php\/produkt\/gubernija-wheat-hefeweizen\/#breadcrumb","itemListElement":[{"@type":"ListItem","position":1,"name":"Strona g\u0142\u00f3wna","item":"https:\/\/b2b.mvgd.pl\/"},{"@type":"ListItem","position":2,"name":"Shop","item":"https:\/\/b2b.mvgd.pl\/index.php\/shop\/"},{"@type":"ListItem","position":3,"name":"Gubernija Wheat Hefeweizen"}]},{"@type":"WebSite","@id":"https:\/\/b2b.mvgd.pl\/#website","url":"https:\/\/b2b.mvgd.pl\/","name":"B2B MVGD PL","description":"","potentialAction":[{"@type":"SearchAction","target":{"@type":"EntryPoint","urlTemplate":"https:\/\/b2b.mvgd.pl\/?s={search_term_string}"},"query-input":{"@type":"PropertyValueSpecification","valueRequired":true,"valueName":"search_term_string"}}],"inLanguage":"pl-PL"}]}},"jetpack_sharing_enabled":true,"_links":{"self":[{"href":"https:\/\/b2b.mvgd.pl\/index.php\/wp-json\/wp\/v2\/product\/702","targetHints":{"allow":["GET"]}}],"collection":[{"href":"https:\/\/b2b.mvgd.pl\/index.php\/wp-json\/wp\/v2\/product"}],"about":[{"href":"https:\/\/b2b.mvgd.pl\/index.php\/wp-json\/wp\/v2\/types\/product"}],"replies":[{"embeddable":true,"href":"https:\/\/b2b.mvgd.pl\/index.php\/wp-json\/wp\/v2\/comments?post=702"}],"version-history":[{"count":0,"href":"https:\/\/b2b.mvgd.pl\/index.php\/wp-json\/wp\/v2\/product\/702\/revisions"}],"wp:featuredmedia":[{"embeddable":true,"href":"https:\/\/b2b.mvgd.pl\/index.php\/wp-json\/wp\/v2\/media\/759"}],"wp:attachment":[{"href":"https:\/\/b2b.mvgd.pl\/index.php\/wp-json\/wp\/v2\/media?parent=702"}],"wp:term":[{"taxonomy":"product_brand","embeddable":true,"href":"https:\/\/b2b.mvgd.pl\/index.php\/wp-json\/wp\/v2\/product_brand?post=702"},{"taxonomy":"product_cat","embeddable":true,"href":"https:\/\/b2b.mvgd.pl\/index.php\/wp-json\/wp\/v2\/product_cat?post=702"},{"taxonomy":"product_tag","embeddable":true,"href":"https:\/\/b2b.mvgd.pl\/index.php\/wp-json\/wp\/v2\/product_tag?post=702"}],"curies":[{"name":"wp","href":"https:\/\/api.w.org\/{rel}","templated":true}]}}