{"id":678,"date":"2026-02-16T18:50:13","date_gmt":"2026-02-16T18:50:13","guid":{"rendered":"https:\/\/b2b.mvgd.pl\/?post_type=product&#038;p=678"},"modified":"2026-02-16T18:52:33","modified_gmt":"2026-02-16T18:52:33","slug":"likier-cazcabel-honey-07-34","status":"publish","type":"product","link":"https:\/\/b2b.mvgd.pl\/index.php\/produkt\/likier-cazcabel-honey-07-34\/","title":{"rendered":"Likier Cazcabel Honey 0,7, 34%"},"content":{"rendered":"<p>Likier na bazie tequili blanco oraz naturalnego miodu. W smaku \u0142\u0105czy nuty ziemistej agawy oraz s\u0142odyczy miodu. Likier jest g\u0142adki i bogaty. Wyczuwalne s\u0105 r\u00f3wnie\u017c aromaty karmelu i dymu. \u015awietnie sprawdzi si\u0119 jako sk\u0142adnik wielu drink\u00f3w takich jak Honey Margarita albo, a tak\u017ce do picia solo.<\/p>\n","protected":false},"excerpt":{"rendered":"<p>Likier na bazie tequili blanco oraz naturalnego miodu. W smaku \u0142\u0105czy nuty ziemistej agawy oraz s\u0142odyczy miodu. Likier jest g\u0142adki i bogaty. Wyczuwalne s\u0105 r\u00f3wnie\u017c aromaty karmelu i dymu. \u015awietnie sprawdzi si\u0119 jako sk\u0142adnik wielu drink\u00f3w takich jak Honey Margarita albo, a tak\u017ce do picia solo.<\/p>\n","protected":false},"featured_media":734,"comment_status":"open","ping_status":"closed","template":"","meta":[],"product_brand":[],"product_cat":[428],"product_tag":[871,429,886],"class_list":{"0":"post-678","1":"product","2":"type-product","3":"status-publish","4":"has-post-thumbnail","6":"product_cat-likiery","7":"product_tag-cazcabel","8":"product_tag-likier","9":"product_tag-miod","11":"first","12":"instock","13":"shipping-taxable","14":"purchasable","15":"product-type-simple"},"yoast_head":"<!-- This site is optimized with the Yoast SEO plugin v26.9 - https:\/\/yoast.com\/product\/yoast-seo-wordpress\/ -->\n<title>Likier Cazcabel Honey 0,7, 34% - B2B MVGD PL<\/title>\n<meta name=\"robots\" content=\"index, follow, max-snippet:-1, max-image-preview:large, max-video-preview:-1\" \/>\n<link rel=\"canonical\" href=\"https:\/\/b2b.mvgd.pl\/index.php\/produkt\/likier-cazcabel-honey-07-34\/\" \/>\n<meta property=\"og:locale\" content=\"pl_PL\" \/>\n<meta property=\"og:type\" content=\"article\" \/>\n<meta property=\"og:title\" content=\"Likier Cazcabel Honey 0,7, 34% - B2B MVGD PL\" \/>\n<meta property=\"og:description\" content=\"Likier na bazie tequili blanco oraz naturalnego miodu. W smaku \u0142\u0105czy nuty ziemistej agawy oraz s\u0142odyczy miodu. Likier jest g\u0142adki i bogaty. Wyczuwalne s\u0105 r\u00f3wnie\u017c aromaty karmelu i dymu. \u015awietnie sprawdzi si\u0119 jako sk\u0142adnik wielu drink\u00f3w takich jak Honey Margarita albo, a tak\u017ce do picia solo.\" \/>\n<meta property=\"og:url\" content=\"https:\/\/b2b.mvgd.pl\/index.php\/produkt\/likier-cazcabel-honey-07-34\/\" \/>\n<meta property=\"og:site_name\" content=\"B2B MVGD PL\" \/>\n<meta property=\"article:modified_time\" content=\"2026-02-16T18:52:33+00:00\" \/>\n<meta name=\"twitter:card\" content=\"summary_large_image\" \/>\n<script type=\"application\/ld+json\" class=\"yoast-schema-graph\">{\"@context\":\"https:\/\/schema.org\",\"@graph\":[{\"@type\":\"WebPage\",\"@id\":\"https:\/\/b2b.mvgd.pl\/index.php\/produkt\/likier-cazcabel-honey-07-34\/\",\"url\":\"https:\/\/b2b.mvgd.pl\/index.php\/produkt\/likier-cazcabel-honey-07-34\/\",\"name\":\"Likier Cazcabel Honey 0,7, 34% - B2B MVGD PL\",\"isPartOf\":{\"@id\":\"https:\/\/b2b.mvgd.pl\/#website\"},\"primaryImageOfPage\":{\"@id\":\"https:\/\/b2b.mvgd.pl\/index.php\/produkt\/likier-cazcabel-honey-07-34\/#primaryimage\"},\"image\":{\"@id\":\"https:\/\/b2b.mvgd.pl\/index.php\/produkt\/likier-cazcabel-honey-07-34\/#primaryimage\"},\"thumbnailUrl\":\"https:\/\/b2b.mvgd.pl\/wp-content\/uploads\/2026\/02\/honey-liq.png\",\"datePublished\":\"2026-02-16T18:50:13+00:00\",\"dateModified\":\"2026-02-16T18:52:33+00:00\",\"breadcrumb\":{\"@id\":\"https:\/\/b2b.mvgd.pl\/index.php\/produkt\/likier-cazcabel-honey-07-34\/#breadcrumb\"},\"inLanguage\":\"pl-PL\",\"potentialAction\":[{\"@type\":\"ReadAction\",\"target\":[\"https:\/\/b2b.mvgd.pl\/index.php\/produkt\/likier-cazcabel-honey-07-34\/\"]}]},{\"@type\":\"ImageObject\",\"inLanguage\":\"pl-PL\",\"@id\":\"https:\/\/b2b.mvgd.pl\/index.php\/produkt\/likier-cazcabel-honey-07-34\/#primaryimage\",\"url\":\"https:\/\/b2b.mvgd.pl\/wp-content\/uploads\/2026\/02\/honey-liq.png\",\"contentUrl\":\"https:\/\/b2b.mvgd.pl\/wp-content\/uploads\/2026\/02\/honey-liq.png\",\"width\":900,\"height\":1200},{\"@type\":\"BreadcrumbList\",\"@id\":\"https:\/\/b2b.mvgd.pl\/index.php\/produkt\/likier-cazcabel-honey-07-34\/#breadcrumb\",\"itemListElement\":[{\"@type\":\"ListItem\",\"position\":1,\"name\":\"Strona g\u0142\u00f3wna\",\"item\":\"https:\/\/b2b.mvgd.pl\/\"},{\"@type\":\"ListItem\",\"position\":2,\"name\":\"Shop\",\"item\":\"https:\/\/b2b.mvgd.pl\/index.php\/shop\/\"},{\"@type\":\"ListItem\",\"position\":3,\"name\":\"Likier Cazcabel Honey 0,7, 34%\"}]},{\"@type\":\"WebSite\",\"@id\":\"https:\/\/b2b.mvgd.pl\/#website\",\"url\":\"https:\/\/b2b.mvgd.pl\/\",\"name\":\"B2B MVGD PL\",\"description\":\"\",\"potentialAction\":[{\"@type\":\"SearchAction\",\"target\":{\"@type\":\"EntryPoint\",\"urlTemplate\":\"https:\/\/b2b.mvgd.pl\/?s={search_term_string}\"},\"query-input\":{\"@type\":\"PropertyValueSpecification\",\"valueRequired\":true,\"valueName\":\"search_term_string\"}}],\"inLanguage\":\"pl-PL\"}]}<\/script>\n<!-- \/ Yoast SEO plugin. -->","yoast_head_json":{"title":"Likier Cazcabel Honey 0,7, 34% - B2B MVGD PL","robots":{"index":"index","follow":"follow","max-snippet":"max-snippet:-1","max-image-preview":"max-image-preview:large","max-video-preview":"max-video-preview:-1"},"canonical":"https:\/\/b2b.mvgd.pl\/index.php\/produkt\/likier-cazcabel-honey-07-34\/","og_locale":"pl_PL","og_type":"article","og_title":"Likier Cazcabel Honey 0,7, 34% - B2B MVGD PL","og_description":"Likier na bazie tequili blanco oraz naturalnego miodu. W smaku \u0142\u0105czy nuty ziemistej agawy oraz s\u0142odyczy miodu. Likier jest g\u0142adki i bogaty. Wyczuwalne s\u0105 r\u00f3wnie\u017c aromaty karmelu i dymu. \u015awietnie sprawdzi si\u0119 jako sk\u0142adnik wielu drink\u00f3w takich jak Honey Margarita albo, a tak\u017ce do picia solo.","og_url":"https:\/\/b2b.mvgd.pl\/index.php\/produkt\/likier-cazcabel-honey-07-34\/","og_site_name":"B2B MVGD PL","article_modified_time":"2026-02-16T18:52:33+00:00","twitter_card":"summary_large_image","schema":{"@context":"https:\/\/schema.org","@graph":[{"@type":"WebPage","@id":"https:\/\/b2b.mvgd.pl\/index.php\/produkt\/likier-cazcabel-honey-07-34\/","url":"https:\/\/b2b.mvgd.pl\/index.php\/produkt\/likier-cazcabel-honey-07-34\/","name":"Likier Cazcabel Honey 0,7, 34% - B2B MVGD PL","isPartOf":{"@id":"https:\/\/b2b.mvgd.pl\/#website"},"primaryImageOfPage":{"@id":"https:\/\/b2b.mvgd.pl\/index.php\/produkt\/likier-cazcabel-honey-07-34\/#primaryimage"},"image":{"@id":"https:\/\/b2b.mvgd.pl\/index.php\/produkt\/likier-cazcabel-honey-07-34\/#primaryimage"},"thumbnailUrl":"https:\/\/b2b.mvgd.pl\/wp-content\/uploads\/2026\/02\/honey-liq.png","datePublished":"2026-02-16T18:50:13+00:00","dateModified":"2026-02-16T18:52:33+00:00","breadcrumb":{"@id":"https:\/\/b2b.mvgd.pl\/index.php\/produkt\/likier-cazcabel-honey-07-34\/#breadcrumb"},"inLanguage":"pl-PL","potentialAction":[{"@type":"ReadAction","target":["https:\/\/b2b.mvgd.pl\/index.php\/produkt\/likier-cazcabel-honey-07-34\/"]}]},{"@type":"ImageObject","inLanguage":"pl-PL","@id":"https:\/\/b2b.mvgd.pl\/index.php\/produkt\/likier-cazcabel-honey-07-34\/#primaryimage","url":"https:\/\/b2b.mvgd.pl\/wp-content\/uploads\/2026\/02\/honey-liq.png","contentUrl":"https:\/\/b2b.mvgd.pl\/wp-content\/uploads\/2026\/02\/honey-liq.png","width":900,"height":1200},{"@type":"BreadcrumbList","@id":"https:\/\/b2b.mvgd.pl\/index.php\/produkt\/likier-cazcabel-honey-07-34\/#breadcrumb","itemListElement":[{"@type":"ListItem","position":1,"name":"Strona g\u0142\u00f3wna","item":"https:\/\/b2b.mvgd.pl\/"},{"@type":"ListItem","position":2,"name":"Shop","item":"https:\/\/b2b.mvgd.pl\/index.php\/shop\/"},{"@type":"ListItem","position":3,"name":"Likier Cazcabel Honey 0,7, 34%"}]},{"@type":"WebSite","@id":"https:\/\/b2b.mvgd.pl\/#website","url":"https:\/\/b2b.mvgd.pl\/","name":"B2B MVGD PL","description":"","potentialAction":[{"@type":"SearchAction","target":{"@type":"EntryPoint","urlTemplate":"https:\/\/b2b.mvgd.pl\/?s={search_term_string}"},"query-input":{"@type":"PropertyValueSpecification","valueRequired":true,"valueName":"search_term_string"}}],"inLanguage":"pl-PL"}]}},"jetpack_sharing_enabled":true,"_links":{"self":[{"href":"https:\/\/b2b.mvgd.pl\/index.php\/wp-json\/wp\/v2\/product\/678","targetHints":{"allow":["GET"]}}],"collection":[{"href":"https:\/\/b2b.mvgd.pl\/index.php\/wp-json\/wp\/v2\/product"}],"about":[{"href":"https:\/\/b2b.mvgd.pl\/index.php\/wp-json\/wp\/v2\/types\/product"}],"replies":[{"embeddable":true,"href":"https:\/\/b2b.mvgd.pl\/index.php\/wp-json\/wp\/v2\/comments?post=678"}],"version-history":[{"count":0,"href":"https:\/\/b2b.mvgd.pl\/index.php\/wp-json\/wp\/v2\/product\/678\/revisions"}],"wp:featuredmedia":[{"embeddable":true,"href":"https:\/\/b2b.mvgd.pl\/index.php\/wp-json\/wp\/v2\/media\/734"}],"wp:attachment":[{"href":"https:\/\/b2b.mvgd.pl\/index.php\/wp-json\/wp\/v2\/media?parent=678"}],"wp:term":[{"taxonomy":"product_brand","embeddable":true,"href":"https:\/\/b2b.mvgd.pl\/index.php\/wp-json\/wp\/v2\/product_brand?post=678"},{"taxonomy":"product_cat","embeddable":true,"href":"https:\/\/b2b.mvgd.pl\/index.php\/wp-json\/wp\/v2\/product_cat?post=678"},{"taxonomy":"product_tag","embeddable":true,"href":"https:\/\/b2b.mvgd.pl\/index.php\/wp-json\/wp\/v2\/product_tag?post=678"}],"curies":[{"name":"wp","href":"https:\/\/api.w.org\/{rel}","templated":true}]}}