{"id":610,"date":"2026-02-16T18:47:50","date_gmt":"2026-02-16T18:47:50","guid":{"rendered":"https:\/\/b2b.mvgd.pl\/?post_type=product&#038;p=610"},"modified":"2026-02-16T18:49:44","modified_gmt":"2026-02-16T18:49:44","slug":"rtd-franklin-sons-sicilian-lemon-tonic-manchester-pink-gin-55","status":"publish","type":"product","link":"https:\/\/b2b.mvgd.pl\/index.php\/produkt\/rtd-franklin-sons-sicilian-lemon-tonic-manchester-pink-gin-55\/","title":{"rendered":"RTD Franklin &amp; Sons Sicilian lemon tonic &amp; Manchester pink gin 5,5%"},"content":{"rendered":"<p>Manchester Gin Raspberry Infused Gin to delikatny, ale lekko s\u0142odki gin, idealny do orze\u017awiaj\u0105cego G&amp;T. Bardziej znany jako \u201ePink Manchester Gin\u201e, ma aromat najs\u0142odszych malin, a jego wygl\u0105d sprawia, i\u017c nie mo\u017cna przej\u015b\u0107 obok niego oboj\u0119tnie.\u200b \u200b Gin zosta\u0142 po\u0142\u0105czony z Franklin &amp; Sons Sicilian Lemon Tonic, aby stworzy\u0107 wyj\u0105tkowy, alternatywny zwrot w klasycznym G&amp;T. Gotowy do podania z 5,5% zawarto\u015bci\u0105 alkoholu.\u200b \u200b S\u0142odki smak malin wspaniale r\u00f3wnowa\u017cy si\u0119 z cytrusow\u0105 eksplozj\u0105 sycylijskich cytryn, dzi\u0119ki czemu jest to niepowtarzalna kombinacja.\u200b<\/p>\n","protected":false},"excerpt":{"rendered":"<p>Manchester Gin Raspberry Infused Gin to delikatny, ale lekko s\u0142odki gin, idealny do orze\u017awiaj\u0105cego G&amp;T. Bardziej znany jako \u201ePink Manchester Gin\u201e, ma aromat najs\u0142odszych malin, a jego wygl\u0105d sprawia, i\u017c nie mo\u017cna przej\u015b\u0107 obok niego oboj\u0119tnie.\u200b \u200b Gin zosta\u0142 po\u0142\u0105czony z Franklin &amp; Sons Sicilian Lemon Tonic, aby stworzy\u0107 wyj\u0105tkowy, alternatywny zwrot w klasycznym G&amp;T. Gotowy do podania z 5,5% zawarto\u015bci\u0105 alkoholu.\u200b \u200b S\u0142odki smak malin wspaniale r\u00f3wnowa\u017cy si\u0119 z cytrusow\u0105 eksplozj\u0105 sycylijskich cytryn, dzi\u0119ki czemu jest to niepowtarzalna kombinacja.\u200b<\/p>\n","protected":false},"featured_media":666,"comment_status":"open","ping_status":"closed","template":"","meta":[],"product_brand":[],"product_cat":[203],"product_tag":[440,206],"class_list":{"0":"post-610","1":"product","2":"type-product","3":"status-publish","4":"has-post-thumbnail","6":"product_cat-rtd","7":"product_tag-franklin-sons","8":"product_tag-rtd","10":"first","11":"instock","12":"shipping-taxable","13":"purchasable","14":"product-type-simple"},"yoast_head":"<!-- This site is optimized with the Yoast SEO plugin v26.9 - https:\/\/yoast.com\/product\/yoast-seo-wordpress\/ -->\n<title>RTD Franklin &amp; Sons Sicilian lemon tonic &amp; Manchester pink gin 5,5% - B2B MVGD PL<\/title>\n<meta name=\"robots\" content=\"index, follow, max-snippet:-1, max-image-preview:large, max-video-preview:-1\" \/>\n<link rel=\"canonical\" href=\"https:\/\/b2b.mvgd.pl\/index.php\/produkt\/rtd-franklin-sons-sicilian-lemon-tonic-manchester-pink-gin-55\/\" \/>\n<meta property=\"og:locale\" content=\"pl_PL\" \/>\n<meta property=\"og:type\" content=\"article\" \/>\n<meta property=\"og:title\" content=\"RTD Franklin &amp; Sons Sicilian lemon tonic &amp; Manchester pink gin 5,5% - B2B MVGD PL\" \/>\n<meta property=\"og:description\" content=\"Manchester Gin Raspberry Infused Gin to delikatny, ale lekko s\u0142odki gin, idealny do orze\u017awiaj\u0105cego G&amp;T. Bardziej znany jako \u201ePink Manchester Gin\u201e, ma aromat najs\u0142odszych malin, a jego wygl\u0105d sprawia, i\u017c nie mo\u017cna przej\u015b\u0107 obok niego oboj\u0119tnie.\u200b \u200b Gin zosta\u0142 po\u0142\u0105czony z Franklin &amp; Sons Sicilian Lemon Tonic, aby stworzy\u0107 wyj\u0105tkowy, alternatywny zwrot w klasycznym G&amp;T. Gotowy do podania z 5,5% zawarto\u015bci\u0105 alkoholu.\u200b \u200b S\u0142odki smak malin wspaniale r\u00f3wnowa\u017cy si\u0119 z cytrusow\u0105 eksplozj\u0105 sycylijskich cytryn, dzi\u0119ki czemu jest to niepowtarzalna kombinacja.\u200b\" \/>\n<meta property=\"og:url\" content=\"https:\/\/b2b.mvgd.pl\/index.php\/produkt\/rtd-franklin-sons-sicilian-lemon-tonic-manchester-pink-gin-55\/\" \/>\n<meta property=\"og:site_name\" content=\"B2B MVGD PL\" \/>\n<meta property=\"article:modified_time\" content=\"2026-02-16T18:49:44+00:00\" \/>\n<meta name=\"twitter:card\" content=\"summary_large_image\" \/>\n<script type=\"application\/ld+json\" class=\"yoast-schema-graph\">{\"@context\":\"https:\/\/schema.org\",\"@graph\":[{\"@type\":\"WebPage\",\"@id\":\"https:\/\/b2b.mvgd.pl\/index.php\/produkt\/rtd-franklin-sons-sicilian-lemon-tonic-manchester-pink-gin-55\/\",\"url\":\"https:\/\/b2b.mvgd.pl\/index.php\/produkt\/rtd-franklin-sons-sicilian-lemon-tonic-manchester-pink-gin-55\/\",\"name\":\"RTD Franklin &amp; Sons Sicilian lemon tonic &amp; Manchester pink gin 5,5% - B2B MVGD PL\",\"isPartOf\":{\"@id\":\"https:\/\/b2b.mvgd.pl\/#website\"},\"primaryImageOfPage\":{\"@id\":\"https:\/\/b2b.mvgd.pl\/index.php\/produkt\/rtd-franklin-sons-sicilian-lemon-tonic-manchester-pink-gin-55\/#primaryimage\"},\"image\":{\"@id\":\"https:\/\/b2b.mvgd.pl\/index.php\/produkt\/rtd-franklin-sons-sicilian-lemon-tonic-manchester-pink-gin-55\/#primaryimage\"},\"thumbnailUrl\":\"https:\/\/b2b.mvgd.pl\/wp-content\/uploads\/2026\/02\/siciian-lemon.png\",\"datePublished\":\"2026-02-16T18:47:50+00:00\",\"dateModified\":\"2026-02-16T18:49:44+00:00\",\"breadcrumb\":{\"@id\":\"https:\/\/b2b.mvgd.pl\/index.php\/produkt\/rtd-franklin-sons-sicilian-lemon-tonic-manchester-pink-gin-55\/#breadcrumb\"},\"inLanguage\":\"pl-PL\",\"potentialAction\":[{\"@type\":\"ReadAction\",\"target\":[\"https:\/\/b2b.mvgd.pl\/index.php\/produkt\/rtd-franklin-sons-sicilian-lemon-tonic-manchester-pink-gin-55\/\"]}]},{\"@type\":\"ImageObject\",\"inLanguage\":\"pl-PL\",\"@id\":\"https:\/\/b2b.mvgd.pl\/index.php\/produkt\/rtd-franklin-sons-sicilian-lemon-tonic-manchester-pink-gin-55\/#primaryimage\",\"url\":\"https:\/\/b2b.mvgd.pl\/wp-content\/uploads\/2026\/02\/siciian-lemon.png\",\"contentUrl\":\"https:\/\/b2b.mvgd.pl\/wp-content\/uploads\/2026\/02\/siciian-lemon.png\",\"width\":900,\"height\":1200},{\"@type\":\"BreadcrumbList\",\"@id\":\"https:\/\/b2b.mvgd.pl\/index.php\/produkt\/rtd-franklin-sons-sicilian-lemon-tonic-manchester-pink-gin-55\/#breadcrumb\",\"itemListElement\":[{\"@type\":\"ListItem\",\"position\":1,\"name\":\"Strona g\u0142\u00f3wna\",\"item\":\"https:\/\/b2b.mvgd.pl\/\"},{\"@type\":\"ListItem\",\"position\":2,\"name\":\"Shop\",\"item\":\"https:\/\/b2b.mvgd.pl\/index.php\/shop\/\"},{\"@type\":\"ListItem\",\"position\":3,\"name\":\"RTD Franklin &amp; Sons Sicilian lemon tonic &amp; Manchester pink gin 5,5%\"}]},{\"@type\":\"WebSite\",\"@id\":\"https:\/\/b2b.mvgd.pl\/#website\",\"url\":\"https:\/\/b2b.mvgd.pl\/\",\"name\":\"B2B MVGD PL\",\"description\":\"\",\"potentialAction\":[{\"@type\":\"SearchAction\",\"target\":{\"@type\":\"EntryPoint\",\"urlTemplate\":\"https:\/\/b2b.mvgd.pl\/?s={search_term_string}\"},\"query-input\":{\"@type\":\"PropertyValueSpecification\",\"valueRequired\":true,\"valueName\":\"search_term_string\"}}],\"inLanguage\":\"pl-PL\"}]}<\/script>\n<!-- \/ Yoast SEO plugin. -->","yoast_head_json":{"title":"RTD Franklin &amp; Sons Sicilian lemon tonic &amp; Manchester pink gin 5,5% - B2B MVGD PL","robots":{"index":"index","follow":"follow","max-snippet":"max-snippet:-1","max-image-preview":"max-image-preview:large","max-video-preview":"max-video-preview:-1"},"canonical":"https:\/\/b2b.mvgd.pl\/index.php\/produkt\/rtd-franklin-sons-sicilian-lemon-tonic-manchester-pink-gin-55\/","og_locale":"pl_PL","og_type":"article","og_title":"RTD Franklin &amp; Sons Sicilian lemon tonic &amp; Manchester pink gin 5,5% - B2B MVGD PL","og_description":"Manchester Gin Raspberry Infused Gin to delikatny, ale lekko s\u0142odki gin, idealny do orze\u017awiaj\u0105cego G&amp;T. Bardziej znany jako \u201ePink Manchester Gin\u201e, ma aromat najs\u0142odszych malin, a jego wygl\u0105d sprawia, i\u017c nie mo\u017cna przej\u015b\u0107 obok niego oboj\u0119tnie.\u200b \u200b Gin zosta\u0142 po\u0142\u0105czony z Franklin &amp; Sons Sicilian Lemon Tonic, aby stworzy\u0107 wyj\u0105tkowy, alternatywny zwrot w klasycznym G&amp;T. Gotowy do podania z 5,5% zawarto\u015bci\u0105 alkoholu.\u200b \u200b S\u0142odki smak malin wspaniale r\u00f3wnowa\u017cy si\u0119 z cytrusow\u0105 eksplozj\u0105 sycylijskich cytryn, dzi\u0119ki czemu jest to niepowtarzalna kombinacja.\u200b","og_url":"https:\/\/b2b.mvgd.pl\/index.php\/produkt\/rtd-franklin-sons-sicilian-lemon-tonic-manchester-pink-gin-55\/","og_site_name":"B2B MVGD PL","article_modified_time":"2026-02-16T18:49:44+00:00","twitter_card":"summary_large_image","schema":{"@context":"https:\/\/schema.org","@graph":[{"@type":"WebPage","@id":"https:\/\/b2b.mvgd.pl\/index.php\/produkt\/rtd-franklin-sons-sicilian-lemon-tonic-manchester-pink-gin-55\/","url":"https:\/\/b2b.mvgd.pl\/index.php\/produkt\/rtd-franklin-sons-sicilian-lemon-tonic-manchester-pink-gin-55\/","name":"RTD Franklin &amp; Sons Sicilian lemon tonic &amp; Manchester pink gin 5,5% - B2B MVGD PL","isPartOf":{"@id":"https:\/\/b2b.mvgd.pl\/#website"},"primaryImageOfPage":{"@id":"https:\/\/b2b.mvgd.pl\/index.php\/produkt\/rtd-franklin-sons-sicilian-lemon-tonic-manchester-pink-gin-55\/#primaryimage"},"image":{"@id":"https:\/\/b2b.mvgd.pl\/index.php\/produkt\/rtd-franklin-sons-sicilian-lemon-tonic-manchester-pink-gin-55\/#primaryimage"},"thumbnailUrl":"https:\/\/b2b.mvgd.pl\/wp-content\/uploads\/2026\/02\/siciian-lemon.png","datePublished":"2026-02-16T18:47:50+00:00","dateModified":"2026-02-16T18:49:44+00:00","breadcrumb":{"@id":"https:\/\/b2b.mvgd.pl\/index.php\/produkt\/rtd-franklin-sons-sicilian-lemon-tonic-manchester-pink-gin-55\/#breadcrumb"},"inLanguage":"pl-PL","potentialAction":[{"@type":"ReadAction","target":["https:\/\/b2b.mvgd.pl\/index.php\/produkt\/rtd-franklin-sons-sicilian-lemon-tonic-manchester-pink-gin-55\/"]}]},{"@type":"ImageObject","inLanguage":"pl-PL","@id":"https:\/\/b2b.mvgd.pl\/index.php\/produkt\/rtd-franklin-sons-sicilian-lemon-tonic-manchester-pink-gin-55\/#primaryimage","url":"https:\/\/b2b.mvgd.pl\/wp-content\/uploads\/2026\/02\/siciian-lemon.png","contentUrl":"https:\/\/b2b.mvgd.pl\/wp-content\/uploads\/2026\/02\/siciian-lemon.png","width":900,"height":1200},{"@type":"BreadcrumbList","@id":"https:\/\/b2b.mvgd.pl\/index.php\/produkt\/rtd-franklin-sons-sicilian-lemon-tonic-manchester-pink-gin-55\/#breadcrumb","itemListElement":[{"@type":"ListItem","position":1,"name":"Strona g\u0142\u00f3wna","item":"https:\/\/b2b.mvgd.pl\/"},{"@type":"ListItem","position":2,"name":"Shop","item":"https:\/\/b2b.mvgd.pl\/index.php\/shop\/"},{"@type":"ListItem","position":3,"name":"RTD Franklin &amp; Sons Sicilian lemon tonic &amp; Manchester pink gin 5,5%"}]},{"@type":"WebSite","@id":"https:\/\/b2b.mvgd.pl\/#website","url":"https:\/\/b2b.mvgd.pl\/","name":"B2B MVGD PL","description":"","potentialAction":[{"@type":"SearchAction","target":{"@type":"EntryPoint","urlTemplate":"https:\/\/b2b.mvgd.pl\/?s={search_term_string}"},"query-input":{"@type":"PropertyValueSpecification","valueRequired":true,"valueName":"search_term_string"}}],"inLanguage":"pl-PL"}]}},"jetpack_sharing_enabled":true,"_links":{"self":[{"href":"https:\/\/b2b.mvgd.pl\/index.php\/wp-json\/wp\/v2\/product\/610","targetHints":{"allow":["GET"]}}],"collection":[{"href":"https:\/\/b2b.mvgd.pl\/index.php\/wp-json\/wp\/v2\/product"}],"about":[{"href":"https:\/\/b2b.mvgd.pl\/index.php\/wp-json\/wp\/v2\/types\/product"}],"replies":[{"embeddable":true,"href":"https:\/\/b2b.mvgd.pl\/index.php\/wp-json\/wp\/v2\/comments?post=610"}],"version-history":[{"count":0,"href":"https:\/\/b2b.mvgd.pl\/index.php\/wp-json\/wp\/v2\/product\/610\/revisions"}],"wp:featuredmedia":[{"embeddable":true,"href":"https:\/\/b2b.mvgd.pl\/index.php\/wp-json\/wp\/v2\/media\/666"}],"wp:attachment":[{"href":"https:\/\/b2b.mvgd.pl\/index.php\/wp-json\/wp\/v2\/media?parent=610"}],"wp:term":[{"taxonomy":"product_brand","embeddable":true,"href":"https:\/\/b2b.mvgd.pl\/index.php\/wp-json\/wp\/v2\/product_brand?post=610"},{"taxonomy":"product_cat","embeddable":true,"href":"https:\/\/b2b.mvgd.pl\/index.php\/wp-json\/wp\/v2\/product_cat?post=610"},{"taxonomy":"product_tag","embeddable":true,"href":"https:\/\/b2b.mvgd.pl\/index.php\/wp-json\/wp\/v2\/product_tag?post=610"}],"curies":[{"name":"wp","href":"https:\/\/api.w.org\/{rel}","templated":true}]}}