{"id":583,"date":"2026-02-16T18:47:00","date_gmt":"2026-02-16T18:47:00","guid":{"rendered":"https:\/\/b2b.mvgd.pl\/?post_type=product&#038;p=583"},"modified":"2026-02-16T18:48:52","modified_gmt":"2026-02-16T18:48:52","slug":"terre-dei-dogi-cabernet-sauvignon-venezia","status":"publish","type":"product","link":"https:\/\/b2b.mvgd.pl\/index.php\/produkt\/terre-dei-dogi-cabernet-sauvignon-venezia\/","title":{"rendered":"Terre Dei Dogi Cabernet Sauvignon Venezia"},"content":{"rendered":"<p>Serwowanie: Wspaniale komponuje si\u0119 z dziczyzn\u0105 i daniami z grilla. Temperatura podania: 18 &#8211; 20 \u00b0C<\/p>\n<p>Region: Veneto | Venezia DOP<br \/>\nSzczep: Cabernet Sauvignon<\/p>\n","protected":false},"excerpt":{"rendered":"<p>Ten produkt wyr\u00f3\u017cnia si\u0119 jasnoczerwon\u0105 barw\u0105 z purpurowymi refleksami. Jego aromat to harmonijne po\u0142\u0105czenie nut lukrecji i czarnej wi\u015bni, wzbogacone pikantnym akcentem tost\u00f3w. W smaku lekkie i owocowe, z przyjemn\u0105 kwasowo\u015bci\u0105. Wyczuwalne s\u0105 nuty d\u017cemu z dzikich jag\u00f3d oraz delikatna nuta tytoniu, ca\u0142o\u015b\u0107 uzupe\u0142nia mi\u0119kka tanina. Produkt idealnie pasuje do dziczyzny i da\u0144 z grilla. Zalecana temperatura podania wynosi 18-20 \u00b0C.<\/p>\n","protected":false},"featured_media":637,"comment_status":"open","ping_status":"closed","template":"","meta":[],"product_brand":[],"product_cat":[20,18,19],"product_tag":[763,737,759,762,760,764,765,320,499],"class_list":{"0":"post-583","1":"product","2":"type-product","3":"status-publish","4":"has-post-thumbnail","6":"product_cat-veneto","7":"product_cat-wina","8":"product_cat-wlochy-wina","9":"product_tag-cabernet-sauvignon","10":"product_tag-czerwone","11":"product_tag-terre-dei-dogi","12":"product_tag-trevenezie-igp","13":"product_tag-veneto","14":"product_tag-venezia","15":"product_tag-venezia-dop","16":"product_tag-wino","17":"product_tag-wlochy","19":"first","20":"instock","21":"shipping-taxable","22":"purchasable","23":"product-type-simple"},"yoast_head":"<!-- This site is optimized with the Yoast SEO plugin v26.9 - https:\/\/yoast.com\/product\/yoast-seo-wordpress\/ -->\n<title>Terre Dei Dogi Cabernet Sauvignon Venezia - B2B MVGD PL<\/title>\n<meta name=\"robots\" content=\"index, follow, max-snippet:-1, max-image-preview:large, max-video-preview:-1\" \/>\n<link rel=\"canonical\" href=\"https:\/\/b2b.mvgd.pl\/index.php\/produkt\/terre-dei-dogi-cabernet-sauvignon-venezia\/\" \/>\n<meta property=\"og:locale\" content=\"pl_PL\" \/>\n<meta property=\"og:type\" content=\"article\" \/>\n<meta property=\"og:title\" content=\"Terre Dei Dogi Cabernet Sauvignon Venezia - B2B MVGD PL\" \/>\n<meta property=\"og:description\" content=\"Ten produkt wyr\u00f3\u017cnia si\u0119 jasnoczerwon\u0105 barw\u0105 z purpurowymi refleksami. Jego aromat to harmonijne po\u0142\u0105czenie nut lukrecji i czarnej wi\u015bni, wzbogacone pikantnym akcentem tost\u00f3w. W smaku lekkie i owocowe, z przyjemn\u0105 kwasowo\u015bci\u0105. Wyczuwalne s\u0105 nuty d\u017cemu z dzikich jag\u00f3d oraz delikatna nuta tytoniu, ca\u0142o\u015b\u0107 uzupe\u0142nia mi\u0119kka tanina. Produkt idealnie pasuje do dziczyzny i da\u0144 z grilla. Zalecana temperatura podania wynosi 18-20 \u00b0C.\" \/>\n<meta property=\"og:url\" content=\"https:\/\/b2b.mvgd.pl\/index.php\/produkt\/terre-dei-dogi-cabernet-sauvignon-venezia\/\" \/>\n<meta property=\"og:site_name\" content=\"B2B MVGD PL\" \/>\n<meta property=\"article:modified_time\" content=\"2026-02-16T18:48:52+00:00\" \/>\n<meta name=\"twitter:card\" content=\"summary_large_image\" \/>\n<script type=\"application\/ld+json\" class=\"yoast-schema-graph\">{\"@context\":\"https:\/\/schema.org\",\"@graph\":[{\"@type\":\"WebPage\",\"@id\":\"https:\/\/b2b.mvgd.pl\/index.php\/produkt\/terre-dei-dogi-cabernet-sauvignon-venezia\/\",\"url\":\"https:\/\/b2b.mvgd.pl\/index.php\/produkt\/terre-dei-dogi-cabernet-sauvignon-venezia\/\",\"name\":\"Terre Dei Dogi Cabernet Sauvignon Venezia - B2B MVGD PL\",\"isPartOf\":{\"@id\":\"https:\/\/b2b.mvgd.pl\/#website\"},\"primaryImageOfPage\":{\"@id\":\"https:\/\/b2b.mvgd.pl\/index.php\/produkt\/terre-dei-dogi-cabernet-sauvignon-venezia\/#primaryimage\"},\"image\":{\"@id\":\"https:\/\/b2b.mvgd.pl\/index.php\/produkt\/terre-dei-dogi-cabernet-sauvignon-venezia\/#primaryimage\"},\"thumbnailUrl\":\"https:\/\/b2b.mvgd.pl\/wp-content\/uploads\/2026\/02\/41610017.png\",\"datePublished\":\"2026-02-16T18:47:00+00:00\",\"dateModified\":\"2026-02-16T18:48:52+00:00\",\"breadcrumb\":{\"@id\":\"https:\/\/b2b.mvgd.pl\/index.php\/produkt\/terre-dei-dogi-cabernet-sauvignon-venezia\/#breadcrumb\"},\"inLanguage\":\"pl-PL\",\"potentialAction\":[{\"@type\":\"ReadAction\",\"target\":[\"https:\/\/b2b.mvgd.pl\/index.php\/produkt\/terre-dei-dogi-cabernet-sauvignon-venezia\/\"]}]},{\"@type\":\"ImageObject\",\"inLanguage\":\"pl-PL\",\"@id\":\"https:\/\/b2b.mvgd.pl\/index.php\/produkt\/terre-dei-dogi-cabernet-sauvignon-venezia\/#primaryimage\",\"url\":\"https:\/\/b2b.mvgd.pl\/wp-content\/uploads\/2026\/02\/41610017.png\",\"contentUrl\":\"https:\/\/b2b.mvgd.pl\/wp-content\/uploads\/2026\/02\/41610017.png\",\"width\":900,\"height\":1200},{\"@type\":\"BreadcrumbList\",\"@id\":\"https:\/\/b2b.mvgd.pl\/index.php\/produkt\/terre-dei-dogi-cabernet-sauvignon-venezia\/#breadcrumb\",\"itemListElement\":[{\"@type\":\"ListItem\",\"position\":1,\"name\":\"Strona g\u0142\u00f3wna\",\"item\":\"https:\/\/b2b.mvgd.pl\/\"},{\"@type\":\"ListItem\",\"position\":2,\"name\":\"Shop\",\"item\":\"https:\/\/b2b.mvgd.pl\/index.php\/shop\/\"},{\"@type\":\"ListItem\",\"position\":3,\"name\":\"Terre Dei Dogi Cabernet Sauvignon Venezia\"}]},{\"@type\":\"WebSite\",\"@id\":\"https:\/\/b2b.mvgd.pl\/#website\",\"url\":\"https:\/\/b2b.mvgd.pl\/\",\"name\":\"B2B MVGD PL\",\"description\":\"\",\"potentialAction\":[{\"@type\":\"SearchAction\",\"target\":{\"@type\":\"EntryPoint\",\"urlTemplate\":\"https:\/\/b2b.mvgd.pl\/?s={search_term_string}\"},\"query-input\":{\"@type\":\"PropertyValueSpecification\",\"valueRequired\":true,\"valueName\":\"search_term_string\"}}],\"inLanguage\":\"pl-PL\"}]}<\/script>\n<!-- \/ Yoast SEO plugin. -->","yoast_head_json":{"title":"Terre Dei Dogi Cabernet Sauvignon Venezia - B2B MVGD PL","robots":{"index":"index","follow":"follow","max-snippet":"max-snippet:-1","max-image-preview":"max-image-preview:large","max-video-preview":"max-video-preview:-1"},"canonical":"https:\/\/b2b.mvgd.pl\/index.php\/produkt\/terre-dei-dogi-cabernet-sauvignon-venezia\/","og_locale":"pl_PL","og_type":"article","og_title":"Terre Dei Dogi Cabernet Sauvignon Venezia - B2B MVGD PL","og_description":"Ten produkt wyr\u00f3\u017cnia si\u0119 jasnoczerwon\u0105 barw\u0105 z purpurowymi refleksami. Jego aromat to harmonijne po\u0142\u0105czenie nut lukrecji i czarnej wi\u015bni, wzbogacone pikantnym akcentem tost\u00f3w. W smaku lekkie i owocowe, z przyjemn\u0105 kwasowo\u015bci\u0105. Wyczuwalne s\u0105 nuty d\u017cemu z dzikich jag\u00f3d oraz delikatna nuta tytoniu, ca\u0142o\u015b\u0107 uzupe\u0142nia mi\u0119kka tanina. Produkt idealnie pasuje do dziczyzny i da\u0144 z grilla. Zalecana temperatura podania wynosi 18-20 \u00b0C.","og_url":"https:\/\/b2b.mvgd.pl\/index.php\/produkt\/terre-dei-dogi-cabernet-sauvignon-venezia\/","og_site_name":"B2B MVGD PL","article_modified_time":"2026-02-16T18:48:52+00:00","twitter_card":"summary_large_image","schema":{"@context":"https:\/\/schema.org","@graph":[{"@type":"WebPage","@id":"https:\/\/b2b.mvgd.pl\/index.php\/produkt\/terre-dei-dogi-cabernet-sauvignon-venezia\/","url":"https:\/\/b2b.mvgd.pl\/index.php\/produkt\/terre-dei-dogi-cabernet-sauvignon-venezia\/","name":"Terre Dei Dogi Cabernet Sauvignon Venezia - B2B MVGD PL","isPartOf":{"@id":"https:\/\/b2b.mvgd.pl\/#website"},"primaryImageOfPage":{"@id":"https:\/\/b2b.mvgd.pl\/index.php\/produkt\/terre-dei-dogi-cabernet-sauvignon-venezia\/#primaryimage"},"image":{"@id":"https:\/\/b2b.mvgd.pl\/index.php\/produkt\/terre-dei-dogi-cabernet-sauvignon-venezia\/#primaryimage"},"thumbnailUrl":"https:\/\/b2b.mvgd.pl\/wp-content\/uploads\/2026\/02\/41610017.png","datePublished":"2026-02-16T18:47:00+00:00","dateModified":"2026-02-16T18:48:52+00:00","breadcrumb":{"@id":"https:\/\/b2b.mvgd.pl\/index.php\/produkt\/terre-dei-dogi-cabernet-sauvignon-venezia\/#breadcrumb"},"inLanguage":"pl-PL","potentialAction":[{"@type":"ReadAction","target":["https:\/\/b2b.mvgd.pl\/index.php\/produkt\/terre-dei-dogi-cabernet-sauvignon-venezia\/"]}]},{"@type":"ImageObject","inLanguage":"pl-PL","@id":"https:\/\/b2b.mvgd.pl\/index.php\/produkt\/terre-dei-dogi-cabernet-sauvignon-venezia\/#primaryimage","url":"https:\/\/b2b.mvgd.pl\/wp-content\/uploads\/2026\/02\/41610017.png","contentUrl":"https:\/\/b2b.mvgd.pl\/wp-content\/uploads\/2026\/02\/41610017.png","width":900,"height":1200},{"@type":"BreadcrumbList","@id":"https:\/\/b2b.mvgd.pl\/index.php\/produkt\/terre-dei-dogi-cabernet-sauvignon-venezia\/#breadcrumb","itemListElement":[{"@type":"ListItem","position":1,"name":"Strona g\u0142\u00f3wna","item":"https:\/\/b2b.mvgd.pl\/"},{"@type":"ListItem","position":2,"name":"Shop","item":"https:\/\/b2b.mvgd.pl\/index.php\/shop\/"},{"@type":"ListItem","position":3,"name":"Terre Dei Dogi Cabernet Sauvignon Venezia"}]},{"@type":"WebSite","@id":"https:\/\/b2b.mvgd.pl\/#website","url":"https:\/\/b2b.mvgd.pl\/","name":"B2B MVGD PL","description":"","potentialAction":[{"@type":"SearchAction","target":{"@type":"EntryPoint","urlTemplate":"https:\/\/b2b.mvgd.pl\/?s={search_term_string}"},"query-input":{"@type":"PropertyValueSpecification","valueRequired":true,"valueName":"search_term_string"}}],"inLanguage":"pl-PL"}]}},"jetpack_sharing_enabled":true,"_links":{"self":[{"href":"https:\/\/b2b.mvgd.pl\/index.php\/wp-json\/wp\/v2\/product\/583","targetHints":{"allow":["GET"]}}],"collection":[{"href":"https:\/\/b2b.mvgd.pl\/index.php\/wp-json\/wp\/v2\/product"}],"about":[{"href":"https:\/\/b2b.mvgd.pl\/index.php\/wp-json\/wp\/v2\/types\/product"}],"replies":[{"embeddable":true,"href":"https:\/\/b2b.mvgd.pl\/index.php\/wp-json\/wp\/v2\/comments?post=583"}],"version-history":[{"count":0,"href":"https:\/\/b2b.mvgd.pl\/index.php\/wp-json\/wp\/v2\/product\/583\/revisions"}],"wp:featuredmedia":[{"embeddable":true,"href":"https:\/\/b2b.mvgd.pl\/index.php\/wp-json\/wp\/v2\/media\/637"}],"wp:attachment":[{"href":"https:\/\/b2b.mvgd.pl\/index.php\/wp-json\/wp\/v2\/media?parent=583"}],"wp:term":[{"taxonomy":"product_brand","embeddable":true,"href":"https:\/\/b2b.mvgd.pl\/index.php\/wp-json\/wp\/v2\/product_brand?post=583"},{"taxonomy":"product_cat","embeddable":true,"href":"https:\/\/b2b.mvgd.pl\/index.php\/wp-json\/wp\/v2\/product_cat?post=583"},{"taxonomy":"product_tag","embeddable":true,"href":"https:\/\/b2b.mvgd.pl\/index.php\/wp-json\/wp\/v2\/product_tag?post=583"}],"curies":[{"name":"wp","href":"https:\/\/api.w.org\/{rel}","templated":true}]}}