{"id":53,"date":"2026-02-16T18:31:32","date_gmt":"2026-02-16T18:31:32","guid":{"rendered":"https:\/\/b2b.mvgd.pl\/?post_type=product&#038;p=53"},"modified":"2026-02-16T18:33:05","modified_gmt":"2026-02-16T18:33:05","slug":"angostura-1919-2-szklanki-07l-40","status":"publish","type":"product","link":"https:\/\/b2b.mvgd.pl\/index.php\/produkt\/angostura-1919-2-szklanki-07l-40\/","title":{"rendered":"Angostura 1919 + 2 szklanki 0,7l 40%"},"content":{"rendered":"<p><strong>NOTY DEGUSTACYJNE<\/strong><\/p>\n<p>Aromat: suszone owoce, wanilia z nutami drewna<\/p>\n<p>Smak: wyra\u017anie g\u0142\u0119boki i okr\u0105g\u0142y, wytrawna d\u0119bowa paleta z akcentami pra\u017conych orzech\u00f3w, przepraw korzennych i egzotycznych smak\u00f3w<\/p>\n<p>Finisz: kr\u00f3tki, lecz intensywny<\/p>\n","protected":false},"excerpt":{"rendered":"<p>Ten zachwycaj\u0105cy lekki z\u0142oty rum o niepor\u00f3wnywalnym smaku jest jednym z najbardziej cenionych rum\u00f3w z The House of Angostura\u00ae. Sw\u00f3j unikalny charakter Angostura\u00ae1919 zawdzi\u0119cza \u2026 historii! Rum stworzony w ho\u0142dzie pami\u0119ci wielkiego po\u017caru na Trinidadzie, jest produkowany za pomoc\u0105 unikanych technik \u0142\u0105cznia i opracowywania przez r\u00f3d Fernandes od XIX wieku. Receptura i proces produkcji Angostura\u00ae 1919 zosta\u0142y idealnie odtworzone z beczek ocala\u0142ych w po\u017carze w latach 30 ubieg\u0142ego wieku. Na pr\u00f3\u017cno szuka\u0107 drugiego rumu z tak\u0105 przesz\u0142o\u015bci\u0105 \u2013 urzekaj\u0105ca opowie\u015b\u0107 o rodzinnej pasji, kt\u00f3ra przez pokolenia rozwin\u0119\u0142a sztuk\u0119 wytwarzania rum\u00f3w z Trinidadu i Tobago do perfekcji. Nadzwyczajno\u015b\u0107 tego rumu wychodzi z mieszkanki pi\u0119ciu trynidadzkich rum\u00f3w dojrzewaj\u0105cych od 5 do 14 lat w opalonych beczkach. Dzi\u0119ki temu mo\u017cemy posmakowa\u0107 palet\u0119 d\u0119bowych, egzotycznych, s\u0142odko-miodowych aromat\u00f3w. \u00a0Idealnie sprawdza si\u0119 do picia bez dodatk\u00f3w oraz w kompozycji z deserami i czekolad\u0105.<\/p>\n","protected":false},"featured_media":110,"comment_status":"open","ping_status":"closed","template":"","meta":[],"product_brand":[],"product_cat":[35],"product_tag":[33,37],"class_list":{"0":"post-53","1":"product","2":"type-product","3":"status-publish","4":"has-post-thumbnail","6":"product_cat-rum","7":"product_tag-angostura","8":"product_tag-rum","10":"first","11":"instock","12":"shipping-taxable","13":"purchasable","14":"product-type-simple"},"yoast_head":"<!-- This site is optimized with the Yoast SEO plugin v26.9 - https:\/\/yoast.com\/product\/yoast-seo-wordpress\/ -->\n<title>Angostura 1919 + 2 szklanki 0,7l 40% - B2B MVGD PL<\/title>\n<meta name=\"robots\" content=\"index, follow, max-snippet:-1, max-image-preview:large, max-video-preview:-1\" \/>\n<link rel=\"canonical\" href=\"https:\/\/b2b.mvgd.pl\/index.php\/produkt\/angostura-1919-2-szklanki-07l-40\/\" \/>\n<meta property=\"og:locale\" content=\"pl_PL\" \/>\n<meta property=\"og:type\" content=\"article\" \/>\n<meta property=\"og:title\" content=\"Angostura 1919 + 2 szklanki 0,7l 40% - B2B MVGD PL\" \/>\n<meta property=\"og:description\" content=\"Ten zachwycaj\u0105cy lekki z\u0142oty rum o niepor\u00f3wnywalnym smaku jest jednym z najbardziej cenionych rum\u00f3w z The House of Angostura\u00ae. Sw\u00f3j unikalny charakter Angostura\u00ae1919 zawdzi\u0119cza \u2026 historii! Rum stworzony w ho\u0142dzie pami\u0119ci wielkiego po\u017caru na Trinidadzie, jest produkowany za pomoc\u0105 unikanych technik \u0142\u0105cznia i opracowywania przez r\u00f3d Fernandes od XIX wieku. Receptura i proces produkcji Angostura\u00ae 1919 zosta\u0142y idealnie odtworzone z beczek ocala\u0142ych w po\u017carze w latach 30 ubieg\u0142ego wieku. Na pr\u00f3\u017cno szuka\u0107 drugiego rumu z tak\u0105 przesz\u0142o\u015bci\u0105 \u2013 urzekaj\u0105ca opowie\u015b\u0107 o rodzinnej pasji, kt\u00f3ra przez pokolenia rozwin\u0119\u0142a sztuk\u0119 wytwarzania rum\u00f3w z Trinidadu i Tobago do perfekcji. Nadzwyczajno\u015b\u0107 tego rumu wychodzi z mieszkanki pi\u0119ciu trynidadzkich rum\u00f3w dojrzewaj\u0105cych od 5 do 14 lat w opalonych beczkach. Dzi\u0119ki temu mo\u017cemy posmakowa\u0107 palet\u0119 d\u0119bowych, egzotycznych, s\u0142odko-miodowych aromat\u00f3w. \u00a0Idealnie sprawdza si\u0119 do picia bez dodatk\u00f3w oraz w kompozycji z deserami i czekolad\u0105.\" \/>\n<meta property=\"og:url\" content=\"https:\/\/b2b.mvgd.pl\/index.php\/produkt\/angostura-1919-2-szklanki-07l-40\/\" \/>\n<meta property=\"og:site_name\" content=\"B2B MVGD PL\" \/>\n<meta property=\"article:modified_time\" content=\"2026-02-16T18:33:05+00:00\" \/>\n<meta name=\"twitter:card\" content=\"summary_large_image\" \/>\n<script type=\"application\/ld+json\" class=\"yoast-schema-graph\">{\"@context\":\"https:\/\/schema.org\",\"@graph\":[{\"@type\":\"WebPage\",\"@id\":\"https:\/\/b2b.mvgd.pl\/index.php\/produkt\/angostura-1919-2-szklanki-07l-40\/\",\"url\":\"https:\/\/b2b.mvgd.pl\/index.php\/produkt\/angostura-1919-2-szklanki-07l-40\/\",\"name\":\"Angostura 1919 + 2 szklanki 0,7l 40% - B2B MVGD PL\",\"isPartOf\":{\"@id\":\"https:\/\/b2b.mvgd.pl\/#website\"},\"primaryImageOfPage\":{\"@id\":\"https:\/\/b2b.mvgd.pl\/index.php\/produkt\/angostura-1919-2-szklanki-07l-40\/#primaryimage\"},\"image\":{\"@id\":\"https:\/\/b2b.mvgd.pl\/index.php\/produkt\/angostura-1919-2-szklanki-07l-40\/#primaryimage\"},\"thumbnailUrl\":\"https:\/\/b2b.mvgd.pl\/wp-content\/uploads\/2026\/02\/PROANG0863_2.png\",\"datePublished\":\"2026-02-16T18:31:32+00:00\",\"dateModified\":\"2026-02-16T18:33:05+00:00\",\"breadcrumb\":{\"@id\":\"https:\/\/b2b.mvgd.pl\/index.php\/produkt\/angostura-1919-2-szklanki-07l-40\/#breadcrumb\"},\"inLanguage\":\"pl-PL\",\"potentialAction\":[{\"@type\":\"ReadAction\",\"target\":[\"https:\/\/b2b.mvgd.pl\/index.php\/produkt\/angostura-1919-2-szklanki-07l-40\/\"]}]},{\"@type\":\"ImageObject\",\"inLanguage\":\"pl-PL\",\"@id\":\"https:\/\/b2b.mvgd.pl\/index.php\/produkt\/angostura-1919-2-szklanki-07l-40\/#primaryimage\",\"url\":\"https:\/\/b2b.mvgd.pl\/wp-content\/uploads\/2026\/02\/PROANG0863_2.png\",\"contentUrl\":\"https:\/\/b2b.mvgd.pl\/wp-content\/uploads\/2026\/02\/PROANG0863_2.png\",\"width\":900,\"height\":1200},{\"@type\":\"BreadcrumbList\",\"@id\":\"https:\/\/b2b.mvgd.pl\/index.php\/produkt\/angostura-1919-2-szklanki-07l-40\/#breadcrumb\",\"itemListElement\":[{\"@type\":\"ListItem\",\"position\":1,\"name\":\"Strona g\u0142\u00f3wna\",\"item\":\"https:\/\/b2b.mvgd.pl\/\"},{\"@type\":\"ListItem\",\"position\":2,\"name\":\"Shop\",\"item\":\"https:\/\/b2b.mvgd.pl\/index.php\/shop\/\"},{\"@type\":\"ListItem\",\"position\":3,\"name\":\"Angostura 1919 + 2 szklanki 0,7l 40%\"}]},{\"@type\":\"WebSite\",\"@id\":\"https:\/\/b2b.mvgd.pl\/#website\",\"url\":\"https:\/\/b2b.mvgd.pl\/\",\"name\":\"B2B MVGD PL\",\"description\":\"\",\"potentialAction\":[{\"@type\":\"SearchAction\",\"target\":{\"@type\":\"EntryPoint\",\"urlTemplate\":\"https:\/\/b2b.mvgd.pl\/?s={search_term_string}\"},\"query-input\":{\"@type\":\"PropertyValueSpecification\",\"valueRequired\":true,\"valueName\":\"search_term_string\"}}],\"inLanguage\":\"pl-PL\"}]}<\/script>\n<!-- \/ Yoast SEO plugin. -->","yoast_head_json":{"title":"Angostura 1919 + 2 szklanki 0,7l 40% - B2B MVGD PL","robots":{"index":"index","follow":"follow","max-snippet":"max-snippet:-1","max-image-preview":"max-image-preview:large","max-video-preview":"max-video-preview:-1"},"canonical":"https:\/\/b2b.mvgd.pl\/index.php\/produkt\/angostura-1919-2-szklanki-07l-40\/","og_locale":"pl_PL","og_type":"article","og_title":"Angostura 1919 + 2 szklanki 0,7l 40% - B2B MVGD PL","og_description":"Ten zachwycaj\u0105cy lekki z\u0142oty rum o niepor\u00f3wnywalnym smaku jest jednym z najbardziej cenionych rum\u00f3w z The House of Angostura\u00ae. Sw\u00f3j unikalny charakter Angostura\u00ae1919 zawdzi\u0119cza \u2026 historii! Rum stworzony w ho\u0142dzie pami\u0119ci wielkiego po\u017caru na Trinidadzie, jest produkowany za pomoc\u0105 unikanych technik \u0142\u0105cznia i opracowywania przez r\u00f3d Fernandes od XIX wieku. Receptura i proces produkcji Angostura\u00ae 1919 zosta\u0142y idealnie odtworzone z beczek ocala\u0142ych w po\u017carze w latach 30 ubieg\u0142ego wieku. Na pr\u00f3\u017cno szuka\u0107 drugiego rumu z tak\u0105 przesz\u0142o\u015bci\u0105 \u2013 urzekaj\u0105ca opowie\u015b\u0107 o rodzinnej pasji, kt\u00f3ra przez pokolenia rozwin\u0119\u0142a sztuk\u0119 wytwarzania rum\u00f3w z Trinidadu i Tobago do perfekcji. Nadzwyczajno\u015b\u0107 tego rumu wychodzi z mieszkanki pi\u0119ciu trynidadzkich rum\u00f3w dojrzewaj\u0105cych od 5 do 14 lat w opalonych beczkach. Dzi\u0119ki temu mo\u017cemy posmakowa\u0107 palet\u0119 d\u0119bowych, egzotycznych, s\u0142odko-miodowych aromat\u00f3w. \u00a0Idealnie sprawdza si\u0119 do picia bez dodatk\u00f3w oraz w kompozycji z deserami i czekolad\u0105.","og_url":"https:\/\/b2b.mvgd.pl\/index.php\/produkt\/angostura-1919-2-szklanki-07l-40\/","og_site_name":"B2B MVGD PL","article_modified_time":"2026-02-16T18:33:05+00:00","twitter_card":"summary_large_image","schema":{"@context":"https:\/\/schema.org","@graph":[{"@type":"WebPage","@id":"https:\/\/b2b.mvgd.pl\/index.php\/produkt\/angostura-1919-2-szklanki-07l-40\/","url":"https:\/\/b2b.mvgd.pl\/index.php\/produkt\/angostura-1919-2-szklanki-07l-40\/","name":"Angostura 1919 + 2 szklanki 0,7l 40% - B2B MVGD PL","isPartOf":{"@id":"https:\/\/b2b.mvgd.pl\/#website"},"primaryImageOfPage":{"@id":"https:\/\/b2b.mvgd.pl\/index.php\/produkt\/angostura-1919-2-szklanki-07l-40\/#primaryimage"},"image":{"@id":"https:\/\/b2b.mvgd.pl\/index.php\/produkt\/angostura-1919-2-szklanki-07l-40\/#primaryimage"},"thumbnailUrl":"https:\/\/b2b.mvgd.pl\/wp-content\/uploads\/2026\/02\/PROANG0863_2.png","datePublished":"2026-02-16T18:31:32+00:00","dateModified":"2026-02-16T18:33:05+00:00","breadcrumb":{"@id":"https:\/\/b2b.mvgd.pl\/index.php\/produkt\/angostura-1919-2-szklanki-07l-40\/#breadcrumb"},"inLanguage":"pl-PL","potentialAction":[{"@type":"ReadAction","target":["https:\/\/b2b.mvgd.pl\/index.php\/produkt\/angostura-1919-2-szklanki-07l-40\/"]}]},{"@type":"ImageObject","inLanguage":"pl-PL","@id":"https:\/\/b2b.mvgd.pl\/index.php\/produkt\/angostura-1919-2-szklanki-07l-40\/#primaryimage","url":"https:\/\/b2b.mvgd.pl\/wp-content\/uploads\/2026\/02\/PROANG0863_2.png","contentUrl":"https:\/\/b2b.mvgd.pl\/wp-content\/uploads\/2026\/02\/PROANG0863_2.png","width":900,"height":1200},{"@type":"BreadcrumbList","@id":"https:\/\/b2b.mvgd.pl\/index.php\/produkt\/angostura-1919-2-szklanki-07l-40\/#breadcrumb","itemListElement":[{"@type":"ListItem","position":1,"name":"Strona g\u0142\u00f3wna","item":"https:\/\/b2b.mvgd.pl\/"},{"@type":"ListItem","position":2,"name":"Shop","item":"https:\/\/b2b.mvgd.pl\/index.php\/shop\/"},{"@type":"ListItem","position":3,"name":"Angostura 1919 + 2 szklanki 0,7l 40%"}]},{"@type":"WebSite","@id":"https:\/\/b2b.mvgd.pl\/#website","url":"https:\/\/b2b.mvgd.pl\/","name":"B2B MVGD PL","description":"","potentialAction":[{"@type":"SearchAction","target":{"@type":"EntryPoint","urlTemplate":"https:\/\/b2b.mvgd.pl\/?s={search_term_string}"},"query-input":{"@type":"PropertyValueSpecification","valueRequired":true,"valueName":"search_term_string"}}],"inLanguage":"pl-PL"}]}},"jetpack_sharing_enabled":true,"_links":{"self":[{"href":"https:\/\/b2b.mvgd.pl\/index.php\/wp-json\/wp\/v2\/product\/53","targetHints":{"allow":["GET"]}}],"collection":[{"href":"https:\/\/b2b.mvgd.pl\/index.php\/wp-json\/wp\/v2\/product"}],"about":[{"href":"https:\/\/b2b.mvgd.pl\/index.php\/wp-json\/wp\/v2\/types\/product"}],"replies":[{"embeddable":true,"href":"https:\/\/b2b.mvgd.pl\/index.php\/wp-json\/wp\/v2\/comments?post=53"}],"version-history":[{"count":0,"href":"https:\/\/b2b.mvgd.pl\/index.php\/wp-json\/wp\/v2\/product\/53\/revisions"}],"wp:featuredmedia":[{"embeddable":true,"href":"https:\/\/b2b.mvgd.pl\/index.php\/wp-json\/wp\/v2\/media\/110"}],"wp:attachment":[{"href":"https:\/\/b2b.mvgd.pl\/index.php\/wp-json\/wp\/v2\/media?parent=53"}],"wp:term":[{"taxonomy":"product_brand","embeddable":true,"href":"https:\/\/b2b.mvgd.pl\/index.php\/wp-json\/wp\/v2\/product_brand?post=53"},{"taxonomy":"product_cat","embeddable":true,"href":"https:\/\/b2b.mvgd.pl\/index.php\/wp-json\/wp\/v2\/product_cat?post=53"},{"taxonomy":"product_tag","embeddable":true,"href":"https:\/\/b2b.mvgd.pl\/index.php\/wp-json\/wp\/v2\/product_tag?post=53"}],"curies":[{"name":"wp","href":"https:\/\/api.w.org\/{rel}","templated":true}]}}