{"id":521,"date":"2026-02-16T18:44:49","date_gmt":"2026-02-16T18:44:49","guid":{"rendered":"https:\/\/b2b.mvgd.pl\/?post_type=product&#038;p=521"},"modified":"2026-02-16T18:46:47","modified_gmt":"2026-02-16T18:46:47","slug":"laperitivo-spritz","status":"publish","type":"product","link":"https:\/\/b2b.mvgd.pl\/index.php\/produkt\/laperitivo-spritz\/","title":{"rendered":"L&#8217;APERITIVO SPRITZ"},"content":{"rendered":"<p>Najpopularniejszy wenecki koktajl na bazie w\u0142oskiego wina musuj\u0105cego i likieru z pomara\u0144czy i zi\u00f3\u0142 gotowy do picia.<\/p>\n","protected":false},"excerpt":{"rendered":"<p>Najpopularniejszy wenecki koktajl na bazie w\u0142oskiego wina musuj\u0105cego i likieru z pomara\u0144czy i zi\u00f3\u0142 gotowy do picia.<\/p>\n<p>&nbsp;<\/p>\n","protected":false},"featured_media":0,"comment_status":"open","ping_status":"closed","template":"","meta":[],"product_brand":[],"product_cat":[203],"product_tag":[617,205,618,206,619],"class_list":{"0":"post-521","1":"product","2":"type-product","3":"status-publish","5":"product_cat-rtd","6":"product_tag-aperol","7":"product_tag-koktajl","8":"product_tag-laperitivo","9":"product_tag-rtd","10":"product_tag-spritz","12":"first","13":"instock","14":"shipping-taxable","15":"purchasable","16":"product-type-simple"},"yoast_head":"<!-- This site is optimized with the Yoast SEO plugin v26.9 - https:\/\/yoast.com\/product\/yoast-seo-wordpress\/ -->\n<title>L&#039;APERITIVO SPRITZ - B2B MVGD PL<\/title>\n<meta name=\"robots\" content=\"index, follow, max-snippet:-1, max-image-preview:large, max-video-preview:-1\" \/>\n<link rel=\"canonical\" href=\"https:\/\/b2b.mvgd.pl\/index.php\/produkt\/laperitivo-spritz\/\" \/>\n<meta property=\"og:locale\" content=\"pl_PL\" \/>\n<meta property=\"og:type\" content=\"article\" \/>\n<meta property=\"og:title\" content=\"L&#039;APERITIVO SPRITZ - B2B MVGD PL\" \/>\n<meta property=\"og:description\" content=\"Najpopularniejszy wenecki koktajl na bazie w\u0142oskiego wina musuj\u0105cego i likieru z pomara\u0144czy i zi\u00f3\u0142 gotowy do picia.  &nbsp;\" \/>\n<meta property=\"og:url\" content=\"https:\/\/b2b.mvgd.pl\/index.php\/produkt\/laperitivo-spritz\/\" \/>\n<meta property=\"og:site_name\" content=\"B2B MVGD PL\" \/>\n<meta property=\"article:modified_time\" content=\"2026-02-16T18:46:47+00:00\" \/>\n<meta name=\"twitter:card\" content=\"summary_large_image\" \/>\n<script type=\"application\/ld+json\" class=\"yoast-schema-graph\">{\"@context\":\"https:\/\/schema.org\",\"@graph\":[{\"@type\":\"WebPage\",\"@id\":\"https:\/\/b2b.mvgd.pl\/index.php\/produkt\/laperitivo-spritz\/\",\"url\":\"https:\/\/b2b.mvgd.pl\/index.php\/produkt\/laperitivo-spritz\/\",\"name\":\"L'APERITIVO SPRITZ - B2B MVGD PL\",\"isPartOf\":{\"@id\":\"https:\/\/b2b.mvgd.pl\/#website\"},\"datePublished\":\"2026-02-16T18:44:49+00:00\",\"dateModified\":\"2026-02-16T18:46:47+00:00\",\"breadcrumb\":{\"@id\":\"https:\/\/b2b.mvgd.pl\/index.php\/produkt\/laperitivo-spritz\/#breadcrumb\"},\"inLanguage\":\"pl-PL\",\"potentialAction\":[{\"@type\":\"ReadAction\",\"target\":[\"https:\/\/b2b.mvgd.pl\/index.php\/produkt\/laperitivo-spritz\/\"]}]},{\"@type\":\"BreadcrumbList\",\"@id\":\"https:\/\/b2b.mvgd.pl\/index.php\/produkt\/laperitivo-spritz\/#breadcrumb\",\"itemListElement\":[{\"@type\":\"ListItem\",\"position\":1,\"name\":\"Strona g\u0142\u00f3wna\",\"item\":\"https:\/\/b2b.mvgd.pl\/\"},{\"@type\":\"ListItem\",\"position\":2,\"name\":\"Shop\",\"item\":\"https:\/\/b2b.mvgd.pl\/index.php\/shop\/\"},{\"@type\":\"ListItem\",\"position\":3,\"name\":\"L&#8217;APERITIVO SPRITZ\"}]},{\"@type\":\"WebSite\",\"@id\":\"https:\/\/b2b.mvgd.pl\/#website\",\"url\":\"https:\/\/b2b.mvgd.pl\/\",\"name\":\"B2B MVGD PL\",\"description\":\"\",\"potentialAction\":[{\"@type\":\"SearchAction\",\"target\":{\"@type\":\"EntryPoint\",\"urlTemplate\":\"https:\/\/b2b.mvgd.pl\/?s={search_term_string}\"},\"query-input\":{\"@type\":\"PropertyValueSpecification\",\"valueRequired\":true,\"valueName\":\"search_term_string\"}}],\"inLanguage\":\"pl-PL\"}]}<\/script>\n<!-- \/ Yoast SEO plugin. -->","yoast_head_json":{"title":"L'APERITIVO SPRITZ - B2B MVGD PL","robots":{"index":"index","follow":"follow","max-snippet":"max-snippet:-1","max-image-preview":"max-image-preview:large","max-video-preview":"max-video-preview:-1"},"canonical":"https:\/\/b2b.mvgd.pl\/index.php\/produkt\/laperitivo-spritz\/","og_locale":"pl_PL","og_type":"article","og_title":"L'APERITIVO SPRITZ - B2B MVGD PL","og_description":"Najpopularniejszy wenecki koktajl na bazie w\u0142oskiego wina musuj\u0105cego i likieru z pomara\u0144czy i zi\u00f3\u0142 gotowy do picia.  &nbsp;","og_url":"https:\/\/b2b.mvgd.pl\/index.php\/produkt\/laperitivo-spritz\/","og_site_name":"B2B MVGD PL","article_modified_time":"2026-02-16T18:46:47+00:00","twitter_card":"summary_large_image","schema":{"@context":"https:\/\/schema.org","@graph":[{"@type":"WebPage","@id":"https:\/\/b2b.mvgd.pl\/index.php\/produkt\/laperitivo-spritz\/","url":"https:\/\/b2b.mvgd.pl\/index.php\/produkt\/laperitivo-spritz\/","name":"L'APERITIVO SPRITZ - B2B MVGD PL","isPartOf":{"@id":"https:\/\/b2b.mvgd.pl\/#website"},"datePublished":"2026-02-16T18:44:49+00:00","dateModified":"2026-02-16T18:46:47+00:00","breadcrumb":{"@id":"https:\/\/b2b.mvgd.pl\/index.php\/produkt\/laperitivo-spritz\/#breadcrumb"},"inLanguage":"pl-PL","potentialAction":[{"@type":"ReadAction","target":["https:\/\/b2b.mvgd.pl\/index.php\/produkt\/laperitivo-spritz\/"]}]},{"@type":"BreadcrumbList","@id":"https:\/\/b2b.mvgd.pl\/index.php\/produkt\/laperitivo-spritz\/#breadcrumb","itemListElement":[{"@type":"ListItem","position":1,"name":"Strona g\u0142\u00f3wna","item":"https:\/\/b2b.mvgd.pl\/"},{"@type":"ListItem","position":2,"name":"Shop","item":"https:\/\/b2b.mvgd.pl\/index.php\/shop\/"},{"@type":"ListItem","position":3,"name":"L&#8217;APERITIVO SPRITZ"}]},{"@type":"WebSite","@id":"https:\/\/b2b.mvgd.pl\/#website","url":"https:\/\/b2b.mvgd.pl\/","name":"B2B MVGD PL","description":"","potentialAction":[{"@type":"SearchAction","target":{"@type":"EntryPoint","urlTemplate":"https:\/\/b2b.mvgd.pl\/?s={search_term_string}"},"query-input":{"@type":"PropertyValueSpecification","valueRequired":true,"valueName":"search_term_string"}}],"inLanguage":"pl-PL"}]}},"jetpack_sharing_enabled":true,"_links":{"self":[{"href":"https:\/\/b2b.mvgd.pl\/index.php\/wp-json\/wp\/v2\/product\/521","targetHints":{"allow":["GET"]}}],"collection":[{"href":"https:\/\/b2b.mvgd.pl\/index.php\/wp-json\/wp\/v2\/product"}],"about":[{"href":"https:\/\/b2b.mvgd.pl\/index.php\/wp-json\/wp\/v2\/types\/product"}],"replies":[{"embeddable":true,"href":"https:\/\/b2b.mvgd.pl\/index.php\/wp-json\/wp\/v2\/comments?post=521"}],"version-history":[{"count":0,"href":"https:\/\/b2b.mvgd.pl\/index.php\/wp-json\/wp\/v2\/product\/521\/revisions"}],"wp:attachment":[{"href":"https:\/\/b2b.mvgd.pl\/index.php\/wp-json\/wp\/v2\/media?parent=521"}],"wp:term":[{"taxonomy":"product_brand","embeddable":true,"href":"https:\/\/b2b.mvgd.pl\/index.php\/wp-json\/wp\/v2\/product_brand?post=521"},{"taxonomy":"product_cat","embeddable":true,"href":"https:\/\/b2b.mvgd.pl\/index.php\/wp-json\/wp\/v2\/product_cat?post=521"},{"taxonomy":"product_tag","embeddable":true,"href":"https:\/\/b2b.mvgd.pl\/index.php\/wp-json\/wp\/v2\/product_tag?post=521"}],"curies":[{"name":"wp","href":"https:\/\/api.w.org\/{rel}","templated":true}]}}