{"id":488,"date":"2026-02-16T18:44:00","date_gmt":"2026-02-16T18:44:00","guid":{"rendered":"https:\/\/b2b.mvgd.pl\/?post_type=product&#038;p=488"},"modified":"2026-02-16T18:45:58","modified_gmt":"2026-02-16T18:45:58","slug":"sandeman-founders-reserve","status":"publish","type":"product","link":"https:\/\/b2b.mvgd.pl\/index.php\/produkt\/sandeman-founders-reserve\/","title":{"rendered":"Sandeman Founders Reserve"},"content":{"rendered":"<p>Serwowanie: Znakomite solo, serwowane w du\u017cych kieliszkach, Sandeman Porto Founder&#8217;s Reserve idealnie komponuje si\u0119 z serami lub bogatymi czekoladowymi deserami. Temperatura podania: 12 &#8211; 16 \u00b0C<\/p>\n<p>Szczep: Tinta Roriz; Tinta Amarela; Tinta Barroca; Tinto C\u00e3o; Touriga Franca<br \/>\nDojrzewanie: mi\u0119dzy 3-5 lat<\/p>\n","protected":false},"excerpt":{"rendered":"<p>To intensywnie rubinowe, b\u0142yszcz\u0105ce wino oferuje bogate aromaty czerwonych owoc\u00f3w z nut\u0105 starzenia. W smaku \u0142\u0105czy owocowo\u015b\u0107 i \u017cywio\u0142owo\u015b\u0107 m\u0142odego Porto z finezj\u0105 starzenia. Znakomite solo, serwowane w du\u017cych kieliszkach, doskonale komponuje si\u0119 z serami i bogatymi czekoladowymi deserami. Podawa\u0107 w temperaturze 12-16\u00b0C<\/p>\n","protected":false},"featured_media":546,"comment_status":"open","ping_status":"closed","template":"","meta":[],"product_brand":[],"product_cat":[546,547,545],"product_tag":[548,549,550,551,552,554],"class_list":{"0":"post-488","1":"product","2":"type-product","3":"status-publish","4":"has-post-thumbnail","6":"product_cat-doc-porto","7":"product_cat-douro-doc-porto","8":"product_cat-wina-wzmacniane","9":"product_tag-douro","10":"product_tag-porto","11":"product_tag-porto-doc","12":"product_tag-portugalia","13":"product_tag-sandeman","14":"product_tag-wino-wzmacniane","16":"first","17":"instock","18":"shipping-taxable","19":"purchasable","20":"product-type-simple"},"yoast_head":"<!-- This site is optimized with the Yoast SEO plugin v26.9 - https:\/\/yoast.com\/product\/yoast-seo-wordpress\/ -->\n<title>Sandeman Founders Reserve - B2B MVGD PL<\/title>\n<meta name=\"robots\" content=\"index, follow, max-snippet:-1, max-image-preview:large, max-video-preview:-1\" \/>\n<link rel=\"canonical\" href=\"https:\/\/b2b.mvgd.pl\/index.php\/produkt\/sandeman-founders-reserve\/\" \/>\n<meta property=\"og:locale\" content=\"pl_PL\" \/>\n<meta property=\"og:type\" content=\"article\" \/>\n<meta property=\"og:title\" content=\"Sandeman Founders Reserve - B2B MVGD PL\" \/>\n<meta property=\"og:description\" content=\"To intensywnie rubinowe, b\u0142yszcz\u0105ce wino oferuje bogate aromaty czerwonych owoc\u00f3w z nut\u0105 starzenia. W smaku \u0142\u0105czy owocowo\u015b\u0107 i \u017cywio\u0142owo\u015b\u0107 m\u0142odego Porto z finezj\u0105 starzenia. Znakomite solo, serwowane w du\u017cych kieliszkach, doskonale komponuje si\u0119 z serami i bogatymi czekoladowymi deserami. Podawa\u0107 w temperaturze 12-16\u00b0C\" \/>\n<meta property=\"og:url\" content=\"https:\/\/b2b.mvgd.pl\/index.php\/produkt\/sandeman-founders-reserve\/\" \/>\n<meta property=\"og:site_name\" content=\"B2B MVGD PL\" \/>\n<meta property=\"article:modified_time\" content=\"2026-02-16T18:45:58+00:00\" \/>\n<meta name=\"twitter:card\" content=\"summary_large_image\" \/>\n<script type=\"application\/ld+json\" class=\"yoast-schema-graph\">{\"@context\":\"https:\/\/schema.org\",\"@graph\":[{\"@type\":\"WebPage\",\"@id\":\"https:\/\/b2b.mvgd.pl\/index.php\/produkt\/sandeman-founders-reserve\/\",\"url\":\"https:\/\/b2b.mvgd.pl\/index.php\/produkt\/sandeman-founders-reserve\/\",\"name\":\"Sandeman Founders Reserve - B2B MVGD PL\",\"isPartOf\":{\"@id\":\"https:\/\/b2b.mvgd.pl\/#website\"},\"primaryImageOfPage\":{\"@id\":\"https:\/\/b2b.mvgd.pl\/index.php\/produkt\/sandeman-founders-reserve\/#primaryimage\"},\"image\":{\"@id\":\"https:\/\/b2b.mvgd.pl\/index.php\/produkt\/sandeman-founders-reserve\/#primaryimage\"},\"thumbnailUrl\":\"https:\/\/b2b.mvgd.pl\/wp-content\/uploads\/2026\/02\/41610121.png\",\"datePublished\":\"2026-02-16T18:44:00+00:00\",\"dateModified\":\"2026-02-16T18:45:58+00:00\",\"breadcrumb\":{\"@id\":\"https:\/\/b2b.mvgd.pl\/index.php\/produkt\/sandeman-founders-reserve\/#breadcrumb\"},\"inLanguage\":\"pl-PL\",\"potentialAction\":[{\"@type\":\"ReadAction\",\"target\":[\"https:\/\/b2b.mvgd.pl\/index.php\/produkt\/sandeman-founders-reserve\/\"]}]},{\"@type\":\"ImageObject\",\"inLanguage\":\"pl-PL\",\"@id\":\"https:\/\/b2b.mvgd.pl\/index.php\/produkt\/sandeman-founders-reserve\/#primaryimage\",\"url\":\"https:\/\/b2b.mvgd.pl\/wp-content\/uploads\/2026\/02\/41610121.png\",\"contentUrl\":\"https:\/\/b2b.mvgd.pl\/wp-content\/uploads\/2026\/02\/41610121.png\",\"width\":900,\"height\":1200},{\"@type\":\"BreadcrumbList\",\"@id\":\"https:\/\/b2b.mvgd.pl\/index.php\/produkt\/sandeman-founders-reserve\/#breadcrumb\",\"itemListElement\":[{\"@type\":\"ListItem\",\"position\":1,\"name\":\"Strona g\u0142\u00f3wna\",\"item\":\"https:\/\/b2b.mvgd.pl\/\"},{\"@type\":\"ListItem\",\"position\":2,\"name\":\"Shop\",\"item\":\"https:\/\/b2b.mvgd.pl\/index.php\/shop\/\"},{\"@type\":\"ListItem\",\"position\":3,\"name\":\"Sandeman Founders Reserve\"}]},{\"@type\":\"WebSite\",\"@id\":\"https:\/\/b2b.mvgd.pl\/#website\",\"url\":\"https:\/\/b2b.mvgd.pl\/\",\"name\":\"B2B MVGD PL\",\"description\":\"\",\"potentialAction\":[{\"@type\":\"SearchAction\",\"target\":{\"@type\":\"EntryPoint\",\"urlTemplate\":\"https:\/\/b2b.mvgd.pl\/?s={search_term_string}\"},\"query-input\":{\"@type\":\"PropertyValueSpecification\",\"valueRequired\":true,\"valueName\":\"search_term_string\"}}],\"inLanguage\":\"pl-PL\"}]}<\/script>\n<!-- \/ Yoast SEO plugin. -->","yoast_head_json":{"title":"Sandeman Founders Reserve - B2B MVGD PL","robots":{"index":"index","follow":"follow","max-snippet":"max-snippet:-1","max-image-preview":"max-image-preview:large","max-video-preview":"max-video-preview:-1"},"canonical":"https:\/\/b2b.mvgd.pl\/index.php\/produkt\/sandeman-founders-reserve\/","og_locale":"pl_PL","og_type":"article","og_title":"Sandeman Founders Reserve - B2B MVGD PL","og_description":"To intensywnie rubinowe, b\u0142yszcz\u0105ce wino oferuje bogate aromaty czerwonych owoc\u00f3w z nut\u0105 starzenia. W smaku \u0142\u0105czy owocowo\u015b\u0107 i \u017cywio\u0142owo\u015b\u0107 m\u0142odego Porto z finezj\u0105 starzenia. Znakomite solo, serwowane w du\u017cych kieliszkach, doskonale komponuje si\u0119 z serami i bogatymi czekoladowymi deserami. Podawa\u0107 w temperaturze 12-16\u00b0C","og_url":"https:\/\/b2b.mvgd.pl\/index.php\/produkt\/sandeman-founders-reserve\/","og_site_name":"B2B MVGD PL","article_modified_time":"2026-02-16T18:45:58+00:00","twitter_card":"summary_large_image","schema":{"@context":"https:\/\/schema.org","@graph":[{"@type":"WebPage","@id":"https:\/\/b2b.mvgd.pl\/index.php\/produkt\/sandeman-founders-reserve\/","url":"https:\/\/b2b.mvgd.pl\/index.php\/produkt\/sandeman-founders-reserve\/","name":"Sandeman Founders Reserve - B2B MVGD PL","isPartOf":{"@id":"https:\/\/b2b.mvgd.pl\/#website"},"primaryImageOfPage":{"@id":"https:\/\/b2b.mvgd.pl\/index.php\/produkt\/sandeman-founders-reserve\/#primaryimage"},"image":{"@id":"https:\/\/b2b.mvgd.pl\/index.php\/produkt\/sandeman-founders-reserve\/#primaryimage"},"thumbnailUrl":"https:\/\/b2b.mvgd.pl\/wp-content\/uploads\/2026\/02\/41610121.png","datePublished":"2026-02-16T18:44:00+00:00","dateModified":"2026-02-16T18:45:58+00:00","breadcrumb":{"@id":"https:\/\/b2b.mvgd.pl\/index.php\/produkt\/sandeman-founders-reserve\/#breadcrumb"},"inLanguage":"pl-PL","potentialAction":[{"@type":"ReadAction","target":["https:\/\/b2b.mvgd.pl\/index.php\/produkt\/sandeman-founders-reserve\/"]}]},{"@type":"ImageObject","inLanguage":"pl-PL","@id":"https:\/\/b2b.mvgd.pl\/index.php\/produkt\/sandeman-founders-reserve\/#primaryimage","url":"https:\/\/b2b.mvgd.pl\/wp-content\/uploads\/2026\/02\/41610121.png","contentUrl":"https:\/\/b2b.mvgd.pl\/wp-content\/uploads\/2026\/02\/41610121.png","width":900,"height":1200},{"@type":"BreadcrumbList","@id":"https:\/\/b2b.mvgd.pl\/index.php\/produkt\/sandeman-founders-reserve\/#breadcrumb","itemListElement":[{"@type":"ListItem","position":1,"name":"Strona g\u0142\u00f3wna","item":"https:\/\/b2b.mvgd.pl\/"},{"@type":"ListItem","position":2,"name":"Shop","item":"https:\/\/b2b.mvgd.pl\/index.php\/shop\/"},{"@type":"ListItem","position":3,"name":"Sandeman Founders Reserve"}]},{"@type":"WebSite","@id":"https:\/\/b2b.mvgd.pl\/#website","url":"https:\/\/b2b.mvgd.pl\/","name":"B2B MVGD PL","description":"","potentialAction":[{"@type":"SearchAction","target":{"@type":"EntryPoint","urlTemplate":"https:\/\/b2b.mvgd.pl\/?s={search_term_string}"},"query-input":{"@type":"PropertyValueSpecification","valueRequired":true,"valueName":"search_term_string"}}],"inLanguage":"pl-PL"}]}},"jetpack_sharing_enabled":true,"_links":{"self":[{"href":"https:\/\/b2b.mvgd.pl\/index.php\/wp-json\/wp\/v2\/product\/488","targetHints":{"allow":["GET"]}}],"collection":[{"href":"https:\/\/b2b.mvgd.pl\/index.php\/wp-json\/wp\/v2\/product"}],"about":[{"href":"https:\/\/b2b.mvgd.pl\/index.php\/wp-json\/wp\/v2\/types\/product"}],"replies":[{"embeddable":true,"href":"https:\/\/b2b.mvgd.pl\/index.php\/wp-json\/wp\/v2\/comments?post=488"}],"version-history":[{"count":0,"href":"https:\/\/b2b.mvgd.pl\/index.php\/wp-json\/wp\/v2\/product\/488\/revisions"}],"wp:featuredmedia":[{"embeddable":true,"href":"https:\/\/b2b.mvgd.pl\/index.php\/wp-json\/wp\/v2\/media\/546"}],"wp:attachment":[{"href":"https:\/\/b2b.mvgd.pl\/index.php\/wp-json\/wp\/v2\/media?parent=488"}],"wp:term":[{"taxonomy":"product_brand","embeddable":true,"href":"https:\/\/b2b.mvgd.pl\/index.php\/wp-json\/wp\/v2\/product_brand?post=488"},{"taxonomy":"product_cat","embeddable":true,"href":"https:\/\/b2b.mvgd.pl\/index.php\/wp-json\/wp\/v2\/product_cat?post=488"},{"taxonomy":"product_tag","embeddable":true,"href":"https:\/\/b2b.mvgd.pl\/index.php\/wp-json\/wp\/v2\/product_tag?post=488"}],"curies":[{"name":"wp","href":"https:\/\/api.w.org\/{rel}","templated":true}]}}