{"id":458,"date":"2026-02-16T18:43:14","date_gmt":"2026-02-16T18:43:14","guid":{"rendered":"https:\/\/b2b.mvgd.pl\/?post_type=product&#038;p=458"},"modified":"2026-02-16T18:44:38","modified_gmt":"2026-02-16T18:44:38","slug":"langleys-old-tom-gin-07l-47","status":"publish","type":"product","link":"https:\/\/b2b.mvgd.pl\/index.php\/produkt\/langleys-old-tom-gin-07l-47\/","title":{"rendered":"Langley&#8217;s Old Tom Gin 0,7l 47%"},"content":{"rendered":"","protected":false},"excerpt":{"rendered":"<p><span class=\"OYPEnA font-feature-liga-off font-feature-clig-off font-feature-calt-off text-decoration-none text-strikethrough-none\">Gin Old Tom to klasyczny styl ginu i niezb\u0119dny sk\u0142adnik ka\u017cdego baru koktajlowego, zw\u0142aszcza tych serwuj\u0105cych klasyczne drinki. Jego historyczne znaczenie stanowi doskona\u0142y temat do rozm\u00f3w zar\u00f3wno dla barman\u00f3w, jak i mi\u0142o\u015bnik\u00f3w koktajli. Jest to idealny produkt do rozpocz\u0119cia rozm\u00f3w z presti\u017cowymi lub premium klientami, poniewa\u017c Old Tom Langley plasuje si\u0119 jako jedno z najlepszych na \u015bwiecie, bez wysi\u0142ku prezentuj\u0105c wysok\u0105 jako\u015b\u0107 i autentyczno\u015b\u0107 marki.<\/span><\/p>\n","protected":false},"featured_media":512,"comment_status":"open","ping_status":"closed","template":"","meta":[],"product_brand":[],"product_cat":[87],"product_tag":[88],"class_list":{"0":"post-458","1":"product","2":"type-product","3":"status-publish","4":"has-post-thumbnail","6":"product_cat-gin","7":"product_tag-gin","9":"first","10":"instock","11":"shipping-taxable","12":"purchasable","13":"product-type-simple"},"yoast_head":"<!-- This site is optimized with the Yoast SEO plugin v26.9 - https:\/\/yoast.com\/product\/yoast-seo-wordpress\/ -->\n<title>Langley&#039;s Old Tom Gin 0,7l 47% - B2B MVGD PL<\/title>\n<meta name=\"robots\" content=\"index, follow, max-snippet:-1, max-image-preview:large, max-video-preview:-1\" \/>\n<link rel=\"canonical\" href=\"https:\/\/b2b.mvgd.pl\/index.php\/produkt\/langleys-old-tom-gin-07l-47\/\" \/>\n<meta property=\"og:locale\" content=\"pl_PL\" \/>\n<meta property=\"og:type\" content=\"article\" \/>\n<meta property=\"og:title\" content=\"Langley&#039;s Old Tom Gin 0,7l 47% - B2B MVGD PL\" \/>\n<meta property=\"og:description\" content=\"Gin Old Tom to klasyczny styl ginu i niezb\u0119dny sk\u0142adnik ka\u017cdego baru koktajlowego, zw\u0142aszcza tych serwuj\u0105cych klasyczne drinki. Jego historyczne znaczenie stanowi doskona\u0142y temat do rozm\u00f3w zar\u00f3wno dla barman\u00f3w, jak i mi\u0142o\u015bnik\u00f3w koktajli. Jest to idealny produkt do rozpocz\u0119cia rozm\u00f3w z presti\u017cowymi lub premium klientami, poniewa\u017c Old Tom Langley plasuje si\u0119 jako jedno z najlepszych na \u015bwiecie, bez wysi\u0142ku prezentuj\u0105c wysok\u0105 jako\u015b\u0107 i autentyczno\u015b\u0107 marki.\" \/>\n<meta property=\"og:url\" content=\"https:\/\/b2b.mvgd.pl\/index.php\/produkt\/langleys-old-tom-gin-07l-47\/\" \/>\n<meta property=\"og:site_name\" content=\"B2B MVGD PL\" \/>\n<meta property=\"article:modified_time\" content=\"2026-02-16T18:44:38+00:00\" \/>\n<meta name=\"twitter:card\" content=\"summary_large_image\" \/>\n<script type=\"application\/ld+json\" class=\"yoast-schema-graph\">{\"@context\":\"https:\/\/schema.org\",\"@graph\":[{\"@type\":\"WebPage\",\"@id\":\"https:\/\/b2b.mvgd.pl\/index.php\/produkt\/langleys-old-tom-gin-07l-47\/\",\"url\":\"https:\/\/b2b.mvgd.pl\/index.php\/produkt\/langleys-old-tom-gin-07l-47\/\",\"name\":\"Langley's Old Tom Gin 0,7l 47% - B2B MVGD PL\",\"isPartOf\":{\"@id\":\"https:\/\/b2b.mvgd.pl\/#website\"},\"primaryImageOfPage\":{\"@id\":\"https:\/\/b2b.mvgd.pl\/index.php\/produkt\/langleys-old-tom-gin-07l-47\/#primaryimage\"},\"image\":{\"@id\":\"https:\/\/b2b.mvgd.pl\/index.php\/produkt\/langleys-old-tom-gin-07l-47\/#primaryimage\"},\"thumbnailUrl\":\"https:\/\/b2b.mvgd.pl\/wp-content\/uploads\/2026\/02\/Langleys-Old-Tom.png\",\"datePublished\":\"2026-02-16T18:43:14+00:00\",\"dateModified\":\"2026-02-16T18:44:38+00:00\",\"breadcrumb\":{\"@id\":\"https:\/\/b2b.mvgd.pl\/index.php\/produkt\/langleys-old-tom-gin-07l-47\/#breadcrumb\"},\"inLanguage\":\"pl-PL\",\"potentialAction\":[{\"@type\":\"ReadAction\",\"target\":[\"https:\/\/b2b.mvgd.pl\/index.php\/produkt\/langleys-old-tom-gin-07l-47\/\"]}]},{\"@type\":\"ImageObject\",\"inLanguage\":\"pl-PL\",\"@id\":\"https:\/\/b2b.mvgd.pl\/index.php\/produkt\/langleys-old-tom-gin-07l-47\/#primaryimage\",\"url\":\"https:\/\/b2b.mvgd.pl\/wp-content\/uploads\/2026\/02\/Langleys-Old-Tom.png\",\"contentUrl\":\"https:\/\/b2b.mvgd.pl\/wp-content\/uploads\/2026\/02\/Langleys-Old-Tom.png\",\"width\":900,\"height\":1200},{\"@type\":\"BreadcrumbList\",\"@id\":\"https:\/\/b2b.mvgd.pl\/index.php\/produkt\/langleys-old-tom-gin-07l-47\/#breadcrumb\",\"itemListElement\":[{\"@type\":\"ListItem\",\"position\":1,\"name\":\"Strona g\u0142\u00f3wna\",\"item\":\"https:\/\/b2b.mvgd.pl\/\"},{\"@type\":\"ListItem\",\"position\":2,\"name\":\"Shop\",\"item\":\"https:\/\/b2b.mvgd.pl\/index.php\/shop\/\"},{\"@type\":\"ListItem\",\"position\":3,\"name\":\"Langley&#8217;s Old Tom Gin 0,7l 47%\"}]},{\"@type\":\"WebSite\",\"@id\":\"https:\/\/b2b.mvgd.pl\/#website\",\"url\":\"https:\/\/b2b.mvgd.pl\/\",\"name\":\"B2B MVGD PL\",\"description\":\"\",\"potentialAction\":[{\"@type\":\"SearchAction\",\"target\":{\"@type\":\"EntryPoint\",\"urlTemplate\":\"https:\/\/b2b.mvgd.pl\/?s={search_term_string}\"},\"query-input\":{\"@type\":\"PropertyValueSpecification\",\"valueRequired\":true,\"valueName\":\"search_term_string\"}}],\"inLanguage\":\"pl-PL\"}]}<\/script>\n<!-- \/ Yoast SEO plugin. -->","yoast_head_json":{"title":"Langley's Old Tom Gin 0,7l 47% - B2B MVGD PL","robots":{"index":"index","follow":"follow","max-snippet":"max-snippet:-1","max-image-preview":"max-image-preview:large","max-video-preview":"max-video-preview:-1"},"canonical":"https:\/\/b2b.mvgd.pl\/index.php\/produkt\/langleys-old-tom-gin-07l-47\/","og_locale":"pl_PL","og_type":"article","og_title":"Langley's Old Tom Gin 0,7l 47% - B2B MVGD PL","og_description":"Gin Old Tom to klasyczny styl ginu i niezb\u0119dny sk\u0142adnik ka\u017cdego baru koktajlowego, zw\u0142aszcza tych serwuj\u0105cych klasyczne drinki. Jego historyczne znaczenie stanowi doskona\u0142y temat do rozm\u00f3w zar\u00f3wno dla barman\u00f3w, jak i mi\u0142o\u015bnik\u00f3w koktajli. Jest to idealny produkt do rozpocz\u0119cia rozm\u00f3w z presti\u017cowymi lub premium klientami, poniewa\u017c Old Tom Langley plasuje si\u0119 jako jedno z najlepszych na \u015bwiecie, bez wysi\u0142ku prezentuj\u0105c wysok\u0105 jako\u015b\u0107 i autentyczno\u015b\u0107 marki.","og_url":"https:\/\/b2b.mvgd.pl\/index.php\/produkt\/langleys-old-tom-gin-07l-47\/","og_site_name":"B2B MVGD PL","article_modified_time":"2026-02-16T18:44:38+00:00","twitter_card":"summary_large_image","schema":{"@context":"https:\/\/schema.org","@graph":[{"@type":"WebPage","@id":"https:\/\/b2b.mvgd.pl\/index.php\/produkt\/langleys-old-tom-gin-07l-47\/","url":"https:\/\/b2b.mvgd.pl\/index.php\/produkt\/langleys-old-tom-gin-07l-47\/","name":"Langley's Old Tom Gin 0,7l 47% - B2B MVGD PL","isPartOf":{"@id":"https:\/\/b2b.mvgd.pl\/#website"},"primaryImageOfPage":{"@id":"https:\/\/b2b.mvgd.pl\/index.php\/produkt\/langleys-old-tom-gin-07l-47\/#primaryimage"},"image":{"@id":"https:\/\/b2b.mvgd.pl\/index.php\/produkt\/langleys-old-tom-gin-07l-47\/#primaryimage"},"thumbnailUrl":"https:\/\/b2b.mvgd.pl\/wp-content\/uploads\/2026\/02\/Langleys-Old-Tom.png","datePublished":"2026-02-16T18:43:14+00:00","dateModified":"2026-02-16T18:44:38+00:00","breadcrumb":{"@id":"https:\/\/b2b.mvgd.pl\/index.php\/produkt\/langleys-old-tom-gin-07l-47\/#breadcrumb"},"inLanguage":"pl-PL","potentialAction":[{"@type":"ReadAction","target":["https:\/\/b2b.mvgd.pl\/index.php\/produkt\/langleys-old-tom-gin-07l-47\/"]}]},{"@type":"ImageObject","inLanguage":"pl-PL","@id":"https:\/\/b2b.mvgd.pl\/index.php\/produkt\/langleys-old-tom-gin-07l-47\/#primaryimage","url":"https:\/\/b2b.mvgd.pl\/wp-content\/uploads\/2026\/02\/Langleys-Old-Tom.png","contentUrl":"https:\/\/b2b.mvgd.pl\/wp-content\/uploads\/2026\/02\/Langleys-Old-Tom.png","width":900,"height":1200},{"@type":"BreadcrumbList","@id":"https:\/\/b2b.mvgd.pl\/index.php\/produkt\/langleys-old-tom-gin-07l-47\/#breadcrumb","itemListElement":[{"@type":"ListItem","position":1,"name":"Strona g\u0142\u00f3wna","item":"https:\/\/b2b.mvgd.pl\/"},{"@type":"ListItem","position":2,"name":"Shop","item":"https:\/\/b2b.mvgd.pl\/index.php\/shop\/"},{"@type":"ListItem","position":3,"name":"Langley&#8217;s Old Tom Gin 0,7l 47%"}]},{"@type":"WebSite","@id":"https:\/\/b2b.mvgd.pl\/#website","url":"https:\/\/b2b.mvgd.pl\/","name":"B2B MVGD PL","description":"","potentialAction":[{"@type":"SearchAction","target":{"@type":"EntryPoint","urlTemplate":"https:\/\/b2b.mvgd.pl\/?s={search_term_string}"},"query-input":{"@type":"PropertyValueSpecification","valueRequired":true,"valueName":"search_term_string"}}],"inLanguage":"pl-PL"}]}},"jetpack_sharing_enabled":true,"_links":{"self":[{"href":"https:\/\/b2b.mvgd.pl\/index.php\/wp-json\/wp\/v2\/product\/458","targetHints":{"allow":["GET"]}}],"collection":[{"href":"https:\/\/b2b.mvgd.pl\/index.php\/wp-json\/wp\/v2\/product"}],"about":[{"href":"https:\/\/b2b.mvgd.pl\/index.php\/wp-json\/wp\/v2\/types\/product"}],"replies":[{"embeddable":true,"href":"https:\/\/b2b.mvgd.pl\/index.php\/wp-json\/wp\/v2\/comments?post=458"}],"version-history":[{"count":0,"href":"https:\/\/b2b.mvgd.pl\/index.php\/wp-json\/wp\/v2\/product\/458\/revisions"}],"wp:featuredmedia":[{"embeddable":true,"href":"https:\/\/b2b.mvgd.pl\/index.php\/wp-json\/wp\/v2\/media\/512"}],"wp:attachment":[{"href":"https:\/\/b2b.mvgd.pl\/index.php\/wp-json\/wp\/v2\/media?parent=458"}],"wp:term":[{"taxonomy":"product_brand","embeddable":true,"href":"https:\/\/b2b.mvgd.pl\/index.php\/wp-json\/wp\/v2\/product_brand?post=458"},{"taxonomy":"product_cat","embeddable":true,"href":"https:\/\/b2b.mvgd.pl\/index.php\/wp-json\/wp\/v2\/product_cat?post=458"},{"taxonomy":"product_tag","embeddable":true,"href":"https:\/\/b2b.mvgd.pl\/index.php\/wp-json\/wp\/v2\/product_tag?post=458"}],"curies":[{"name":"wp","href":"https:\/\/api.w.org\/{rel}","templated":true}]}}