{"id":38,"date":"2026-02-16T18:31:04","date_gmt":"2026-02-16T18:31:04","guid":{"rendered":"https:\/\/b2b.mvgd.pl\/?post_type=product&#038;p=38"},"modified":"2026-02-16T18:32:16","modified_gmt":"2026-02-16T18:32:16","slug":"angostura-tamboo-spiced-07l-40","status":"publish","type":"product","link":"https:\/\/b2b.mvgd.pl\/index.php\/produkt\/angostura-tamboo-spiced-07l-40\/","title":{"rendered":"Angostura Tamboo Spiced 0,7l 40%"},"content":{"rendered":"<p><strong>NOTY SMAKOWE<\/strong><\/p>\n<p>KOLOR: bursztyn<\/p>\n<p>AROMAT: Bogate nuty wanilii i przypraw korzennych z dodatkiem jab\u0142ek w karmelu z akcentem kardamonu i cynamonu.<\/p>\n<p>SMAK: Rozgrzewaj\u0105cy i cynamonowy z nut\u0105 piernika. Po czasie rozwijaj\u0105ce si\u0119 nuty ga\u0142ki muszkato\u0142owej i czarnego kardamonu. Finisz \u015brednio d\u0142ugi z wyra\u017anymi nutami marcepanu.<\/p>\n","protected":false},"excerpt":{"rendered":"<p>Witajcie w \u015bwiecie Angostura Tamboo!<\/p>\n<p>Stworzona przez zesp\u00f3\u0142 The House of Angostura nowo\u015b\u0107 to unikalna kompozycja pe\u0142na zabawy, energii i egzotyki. Inspiracj\u0105 dla niej jest ponadczasowy duch karnawa\u0142u w Trynidadzie i Tobago, sk\u0105d wywodzi si\u0119 marka i jeden z najs\u0142ynniejszych karnawa\u0142\u00f3w na \u015bwiecie! Nazwa pochodzi od r\u0119cznie robionych instrument\u00f3w z bambusa, kt\u00f3re stworzy\u0142y \u015bcie\u017ck\u0119 d\u017awi\u0119kow\u0105 karnawa\u0142u, jeszcze zanim powsta\u0142y karaibskie b\u0119bny stalowe. Przygotujcie si\u0119 na niezapomniane doznania smakowe i muzyczne podr\u00f3\u017cowanie z Angostura Tamboo!<\/p>\n","protected":false},"featured_media":86,"comment_status":"open","ping_status":"closed","template":"","meta":[],"product_brand":[],"product_cat":[35,36],"product_tag":[33,37,38],"class_list":{"0":"post-38","1":"product","2":"type-product","3":"status-publish","4":"has-post-thumbnail","6":"product_cat-rum","7":"product_cat-spiced-rum","8":"product_tag-angostura","9":"product_tag-rum","10":"product_tag-spiced-rum","12":"first","13":"instock","14":"shipping-taxable","15":"purchasable","16":"product-type-simple"},"yoast_head":"<!-- This site is optimized with the Yoast SEO plugin v26.9 - https:\/\/yoast.com\/product\/yoast-seo-wordpress\/ -->\n<title>Angostura Tamboo Spiced 0,7l 40% - B2B MVGD PL<\/title>\n<meta name=\"robots\" content=\"index, follow, max-snippet:-1, max-image-preview:large, max-video-preview:-1\" \/>\n<link rel=\"canonical\" href=\"https:\/\/b2b.mvgd.pl\/index.php\/produkt\/angostura-tamboo-spiced-07l-40\/\" \/>\n<meta property=\"og:locale\" content=\"pl_PL\" \/>\n<meta property=\"og:type\" content=\"article\" \/>\n<meta property=\"og:title\" content=\"Angostura Tamboo Spiced 0,7l 40% - B2B MVGD PL\" \/>\n<meta property=\"og:description\" content=\"Witajcie w \u015bwiecie Angostura Tamboo!  Stworzona przez zesp\u00f3\u0142 The House of Angostura nowo\u015b\u0107 to unikalna kompozycja pe\u0142na zabawy, energii i egzotyki. Inspiracj\u0105 dla niej jest ponadczasowy duch karnawa\u0142u w Trynidadzie i Tobago, sk\u0105d wywodzi si\u0119 marka i jeden z najs\u0142ynniejszych karnawa\u0142\u00f3w na \u015bwiecie! Nazwa pochodzi od r\u0119cznie robionych instrument\u00f3w z bambusa, kt\u00f3re stworzy\u0142y \u015bcie\u017ck\u0119 d\u017awi\u0119kow\u0105 karnawa\u0142u, jeszcze zanim powsta\u0142y karaibskie b\u0119bny stalowe. Przygotujcie si\u0119 na niezapomniane doznania smakowe i muzyczne podr\u00f3\u017cowanie z Angostura Tamboo!\" \/>\n<meta property=\"og:url\" content=\"https:\/\/b2b.mvgd.pl\/index.php\/produkt\/angostura-tamboo-spiced-07l-40\/\" \/>\n<meta property=\"og:site_name\" content=\"B2B MVGD PL\" \/>\n<meta property=\"article:modified_time\" content=\"2026-02-16T18:32:16+00:00\" \/>\n<meta name=\"twitter:card\" content=\"summary_large_image\" \/>\n<script type=\"application\/ld+json\" class=\"yoast-schema-graph\">{\"@context\":\"https:\/\/schema.org\",\"@graph\":[{\"@type\":\"WebPage\",\"@id\":\"https:\/\/b2b.mvgd.pl\/index.php\/produkt\/angostura-tamboo-spiced-07l-40\/\",\"url\":\"https:\/\/b2b.mvgd.pl\/index.php\/produkt\/angostura-tamboo-spiced-07l-40\/\",\"name\":\"Angostura Tamboo Spiced 0,7l 40% - B2B MVGD PL\",\"isPartOf\":{\"@id\":\"https:\/\/b2b.mvgd.pl\/#website\"},\"primaryImageOfPage\":{\"@id\":\"https:\/\/b2b.mvgd.pl\/index.php\/produkt\/angostura-tamboo-spiced-07l-40\/#primaryimage\"},\"image\":{\"@id\":\"https:\/\/b2b.mvgd.pl\/index.php\/produkt\/angostura-tamboo-spiced-07l-40\/#primaryimage\"},\"thumbnailUrl\":\"https:\/\/b2b.mvgd.pl\/wp-content\/uploads\/2026\/02\/PROANG1346.png\",\"datePublished\":\"2026-02-16T18:31:04+00:00\",\"dateModified\":\"2026-02-16T18:32:16+00:00\",\"breadcrumb\":{\"@id\":\"https:\/\/b2b.mvgd.pl\/index.php\/produkt\/angostura-tamboo-spiced-07l-40\/#breadcrumb\"},\"inLanguage\":\"pl-PL\",\"potentialAction\":[{\"@type\":\"ReadAction\",\"target\":[\"https:\/\/b2b.mvgd.pl\/index.php\/produkt\/angostura-tamboo-spiced-07l-40\/\"]}]},{\"@type\":\"ImageObject\",\"inLanguage\":\"pl-PL\",\"@id\":\"https:\/\/b2b.mvgd.pl\/index.php\/produkt\/angostura-tamboo-spiced-07l-40\/#primaryimage\",\"url\":\"https:\/\/b2b.mvgd.pl\/wp-content\/uploads\/2026\/02\/PROANG1346.png\",\"contentUrl\":\"https:\/\/b2b.mvgd.pl\/wp-content\/uploads\/2026\/02\/PROANG1346.png\",\"width\":900,\"height\":1200},{\"@type\":\"BreadcrumbList\",\"@id\":\"https:\/\/b2b.mvgd.pl\/index.php\/produkt\/angostura-tamboo-spiced-07l-40\/#breadcrumb\",\"itemListElement\":[{\"@type\":\"ListItem\",\"position\":1,\"name\":\"Strona g\u0142\u00f3wna\",\"item\":\"https:\/\/b2b.mvgd.pl\/\"},{\"@type\":\"ListItem\",\"position\":2,\"name\":\"Shop\",\"item\":\"https:\/\/b2b.mvgd.pl\/index.php\/shop\/\"},{\"@type\":\"ListItem\",\"position\":3,\"name\":\"Angostura Tamboo Spiced 0,7l 40%\"}]},{\"@type\":\"WebSite\",\"@id\":\"https:\/\/b2b.mvgd.pl\/#website\",\"url\":\"https:\/\/b2b.mvgd.pl\/\",\"name\":\"B2B MVGD PL\",\"description\":\"\",\"potentialAction\":[{\"@type\":\"SearchAction\",\"target\":{\"@type\":\"EntryPoint\",\"urlTemplate\":\"https:\/\/b2b.mvgd.pl\/?s={search_term_string}\"},\"query-input\":{\"@type\":\"PropertyValueSpecification\",\"valueRequired\":true,\"valueName\":\"search_term_string\"}}],\"inLanguage\":\"pl-PL\"}]}<\/script>\n<!-- \/ Yoast SEO plugin. -->","yoast_head_json":{"title":"Angostura Tamboo Spiced 0,7l 40% - B2B MVGD PL","robots":{"index":"index","follow":"follow","max-snippet":"max-snippet:-1","max-image-preview":"max-image-preview:large","max-video-preview":"max-video-preview:-1"},"canonical":"https:\/\/b2b.mvgd.pl\/index.php\/produkt\/angostura-tamboo-spiced-07l-40\/","og_locale":"pl_PL","og_type":"article","og_title":"Angostura Tamboo Spiced 0,7l 40% - B2B MVGD PL","og_description":"Witajcie w \u015bwiecie Angostura Tamboo!  Stworzona przez zesp\u00f3\u0142 The House of Angostura nowo\u015b\u0107 to unikalna kompozycja pe\u0142na zabawy, energii i egzotyki. Inspiracj\u0105 dla niej jest ponadczasowy duch karnawa\u0142u w Trynidadzie i Tobago, sk\u0105d wywodzi si\u0119 marka i jeden z najs\u0142ynniejszych karnawa\u0142\u00f3w na \u015bwiecie! Nazwa pochodzi od r\u0119cznie robionych instrument\u00f3w z bambusa, kt\u00f3re stworzy\u0142y \u015bcie\u017ck\u0119 d\u017awi\u0119kow\u0105 karnawa\u0142u, jeszcze zanim powsta\u0142y karaibskie b\u0119bny stalowe. Przygotujcie si\u0119 na niezapomniane doznania smakowe i muzyczne podr\u00f3\u017cowanie z Angostura Tamboo!","og_url":"https:\/\/b2b.mvgd.pl\/index.php\/produkt\/angostura-tamboo-spiced-07l-40\/","og_site_name":"B2B MVGD PL","article_modified_time":"2026-02-16T18:32:16+00:00","twitter_card":"summary_large_image","schema":{"@context":"https:\/\/schema.org","@graph":[{"@type":"WebPage","@id":"https:\/\/b2b.mvgd.pl\/index.php\/produkt\/angostura-tamboo-spiced-07l-40\/","url":"https:\/\/b2b.mvgd.pl\/index.php\/produkt\/angostura-tamboo-spiced-07l-40\/","name":"Angostura Tamboo Spiced 0,7l 40% - B2B MVGD PL","isPartOf":{"@id":"https:\/\/b2b.mvgd.pl\/#website"},"primaryImageOfPage":{"@id":"https:\/\/b2b.mvgd.pl\/index.php\/produkt\/angostura-tamboo-spiced-07l-40\/#primaryimage"},"image":{"@id":"https:\/\/b2b.mvgd.pl\/index.php\/produkt\/angostura-tamboo-spiced-07l-40\/#primaryimage"},"thumbnailUrl":"https:\/\/b2b.mvgd.pl\/wp-content\/uploads\/2026\/02\/PROANG1346.png","datePublished":"2026-02-16T18:31:04+00:00","dateModified":"2026-02-16T18:32:16+00:00","breadcrumb":{"@id":"https:\/\/b2b.mvgd.pl\/index.php\/produkt\/angostura-tamboo-spiced-07l-40\/#breadcrumb"},"inLanguage":"pl-PL","potentialAction":[{"@type":"ReadAction","target":["https:\/\/b2b.mvgd.pl\/index.php\/produkt\/angostura-tamboo-spiced-07l-40\/"]}]},{"@type":"ImageObject","inLanguage":"pl-PL","@id":"https:\/\/b2b.mvgd.pl\/index.php\/produkt\/angostura-tamboo-spiced-07l-40\/#primaryimage","url":"https:\/\/b2b.mvgd.pl\/wp-content\/uploads\/2026\/02\/PROANG1346.png","contentUrl":"https:\/\/b2b.mvgd.pl\/wp-content\/uploads\/2026\/02\/PROANG1346.png","width":900,"height":1200},{"@type":"BreadcrumbList","@id":"https:\/\/b2b.mvgd.pl\/index.php\/produkt\/angostura-tamboo-spiced-07l-40\/#breadcrumb","itemListElement":[{"@type":"ListItem","position":1,"name":"Strona g\u0142\u00f3wna","item":"https:\/\/b2b.mvgd.pl\/"},{"@type":"ListItem","position":2,"name":"Shop","item":"https:\/\/b2b.mvgd.pl\/index.php\/shop\/"},{"@type":"ListItem","position":3,"name":"Angostura Tamboo Spiced 0,7l 40%"}]},{"@type":"WebSite","@id":"https:\/\/b2b.mvgd.pl\/#website","url":"https:\/\/b2b.mvgd.pl\/","name":"B2B MVGD PL","description":"","potentialAction":[{"@type":"SearchAction","target":{"@type":"EntryPoint","urlTemplate":"https:\/\/b2b.mvgd.pl\/?s={search_term_string}"},"query-input":{"@type":"PropertyValueSpecification","valueRequired":true,"valueName":"search_term_string"}}],"inLanguage":"pl-PL"}]}},"jetpack_sharing_enabled":true,"_links":{"self":[{"href":"https:\/\/b2b.mvgd.pl\/index.php\/wp-json\/wp\/v2\/product\/38","targetHints":{"allow":["GET"]}}],"collection":[{"href":"https:\/\/b2b.mvgd.pl\/index.php\/wp-json\/wp\/v2\/product"}],"about":[{"href":"https:\/\/b2b.mvgd.pl\/index.php\/wp-json\/wp\/v2\/types\/product"}],"replies":[{"embeddable":true,"href":"https:\/\/b2b.mvgd.pl\/index.php\/wp-json\/wp\/v2\/comments?post=38"}],"version-history":[{"count":0,"href":"https:\/\/b2b.mvgd.pl\/index.php\/wp-json\/wp\/v2\/product\/38\/revisions"}],"wp:featuredmedia":[{"embeddable":true,"href":"https:\/\/b2b.mvgd.pl\/index.php\/wp-json\/wp\/v2\/media\/86"}],"wp:attachment":[{"href":"https:\/\/b2b.mvgd.pl\/index.php\/wp-json\/wp\/v2\/media?parent=38"}],"wp:term":[{"taxonomy":"product_brand","embeddable":true,"href":"https:\/\/b2b.mvgd.pl\/index.php\/wp-json\/wp\/v2\/product_brand?post=38"},{"taxonomy":"product_cat","embeddable":true,"href":"https:\/\/b2b.mvgd.pl\/index.php\/wp-json\/wp\/v2\/product_cat?post=38"},{"taxonomy":"product_tag","embeddable":true,"href":"https:\/\/b2b.mvgd.pl\/index.php\/wp-json\/wp\/v2\/product_tag?post=38"}],"curies":[{"name":"wp","href":"https:\/\/api.w.org\/{rel}","templated":true}]}}