{"id":327,"date":"2026-02-16T18:38:28","date_gmt":"2026-02-16T18:38:28","guid":{"rendered":"https:\/\/b2b.mvgd.pl\/?post_type=product&#038;p=327"},"modified":"2026-02-16T18:40:31","modified_gmt":"2026-02-16T18:40:31","slug":"gubernija-radler-grejpfrut-i-pomarancza-00","status":"publish","type":"product","link":"https:\/\/b2b.mvgd.pl\/index.php\/produkt\/gubernija-radler-grejpfrut-i-pomarancza-00\/","title":{"rendered":"Gubernija Radler Grejpfrut i Pomara\u0144cza 0,0 %"},"content":{"rendered":"<p><strong>Dodatkowe informacje:<\/strong><\/p>\n<p><strong>Kolor:<\/strong> z\u0142oto Tahiti<br \/>\n<strong>Aromat:<\/strong> pomara\u0144czowo-grejpfrutowy<br \/>\n<strong>Smak:<\/strong> rze\u015bki, orze\u017awiaj\u0105cy, dobrze zbalansowany, owocowy, soczysty<br \/>\n<strong>Zawarto\u015b\u0107 alkoholu: &lt;0,5%<\/strong><\/p>\n<p>&nbsp;<\/p>\n","protected":false},"excerpt":{"rendered":"<p>Bezalkoholowa wersja orze\u017awiaj\u0105cego radlera grejpfutowo-pomara\u0144czowego z witaminami. Podobnie jak w wersji alkoholowej, r\u00f3wnie\u017c w tym piwie wyra\u017anie wyczuwalne s\u0105 nuty cytrus\u00f3w po\u0142\u0105czone z piwem. \u0141agodny smak piwa bezalkoholowego uzupe\u0142niaj\u0105 soki pomara\u0144czowe i grejpfrutowe oraz przyjemnie \u0142agodna goryczka, czyni\u0105c z niego \u015bwietn\u0105 propozycj\u0119 na letni wiecz\u00f3r lub wakacyjny chill na le\u017caku. Wzbogacony witaminami B3, B6, B7, B12, \u015bwietnie orze\u017awia, dzi\u0119ki czemu b\u0119dzie idealnym wyborem dla ka\u017cdego mi\u0142o\u015bnika aktywnego sp\u0119dzania letnich dni.<\/p>\n","protected":false},"featured_media":387,"comment_status":"open","ping_status":"closed","template":"","meta":[],"product_brand":[],"product_cat":[380],"product_tag":[],"class_list":{"0":"post-327","1":"product","2":"type-product","3":"status-publish","4":"has-post-thumbnail","6":"product_cat-piwo","8":"first","9":"instock","10":"shipping-taxable","11":"purchasable","12":"product-type-simple"},"yoast_head":"<!-- This site is optimized with the Yoast SEO plugin v26.9 - https:\/\/yoast.com\/product\/yoast-seo-wordpress\/ -->\n<title>Gubernija Radler Grejpfrut i Pomara\u0144cza 0,0 % - B2B MVGD PL<\/title>\n<meta name=\"robots\" content=\"index, follow, max-snippet:-1, max-image-preview:large, max-video-preview:-1\" \/>\n<link rel=\"canonical\" href=\"https:\/\/b2b.mvgd.pl\/index.php\/produkt\/gubernija-radler-grejpfrut-i-pomarancza-00\/\" \/>\n<meta property=\"og:locale\" content=\"pl_PL\" \/>\n<meta property=\"og:type\" content=\"article\" \/>\n<meta property=\"og:title\" content=\"Gubernija Radler Grejpfrut i Pomara\u0144cza 0,0 % - B2B MVGD PL\" \/>\n<meta property=\"og:description\" content=\"Bezalkoholowa wersja orze\u017awiaj\u0105cego radlera grejpfutowo-pomara\u0144czowego z witaminami. Podobnie jak w wersji alkoholowej, r\u00f3wnie\u017c w tym piwie wyra\u017anie wyczuwalne s\u0105 nuty cytrus\u00f3w po\u0142\u0105czone z piwem. \u0141agodny smak piwa bezalkoholowego uzupe\u0142niaj\u0105 soki pomara\u0144czowe i grejpfrutowe oraz przyjemnie \u0142agodna goryczka, czyni\u0105c z niego \u015bwietn\u0105 propozycj\u0119 na letni wiecz\u00f3r lub wakacyjny chill na le\u017caku. Wzbogacony witaminami B3, B6, B7, B12, \u015bwietnie orze\u017awia, dzi\u0119ki czemu b\u0119dzie idealnym wyborem dla ka\u017cdego mi\u0142o\u015bnika aktywnego sp\u0119dzania letnich dni.\" \/>\n<meta property=\"og:url\" content=\"https:\/\/b2b.mvgd.pl\/index.php\/produkt\/gubernija-radler-grejpfrut-i-pomarancza-00\/\" \/>\n<meta property=\"og:site_name\" content=\"B2B MVGD PL\" \/>\n<meta property=\"article:modified_time\" content=\"2026-02-16T18:40:31+00:00\" \/>\n<meta name=\"twitter:card\" content=\"summary_large_image\" \/>\n<script type=\"application\/ld+json\" class=\"yoast-schema-graph\">{\"@context\":\"https:\/\/schema.org\",\"@graph\":[{\"@type\":\"WebPage\",\"@id\":\"https:\/\/b2b.mvgd.pl\/index.php\/produkt\/gubernija-radler-grejpfrut-i-pomarancza-00\/\",\"url\":\"https:\/\/b2b.mvgd.pl\/index.php\/produkt\/gubernija-radler-grejpfrut-i-pomarancza-00\/\",\"name\":\"Gubernija Radler Grejpfrut i Pomara\u0144cza 0,0 % - B2B MVGD PL\",\"isPartOf\":{\"@id\":\"https:\/\/b2b.mvgd.pl\/#website\"},\"primaryImageOfPage\":{\"@id\":\"https:\/\/b2b.mvgd.pl\/index.php\/produkt\/gubernija-radler-grejpfrut-i-pomarancza-00\/#primaryimage\"},\"image\":{\"@id\":\"https:\/\/b2b.mvgd.pl\/index.php\/produkt\/gubernija-radler-grejpfrut-i-pomarancza-00\/#primaryimage\"},\"thumbnailUrl\":\"https:\/\/b2b.mvgd.pl\/wp-content\/uploads\/2026\/02\/Gubernija-Radler-0.png\",\"datePublished\":\"2026-02-16T18:38:28+00:00\",\"dateModified\":\"2026-02-16T18:40:31+00:00\",\"breadcrumb\":{\"@id\":\"https:\/\/b2b.mvgd.pl\/index.php\/produkt\/gubernija-radler-grejpfrut-i-pomarancza-00\/#breadcrumb\"},\"inLanguage\":\"pl-PL\",\"potentialAction\":[{\"@type\":\"ReadAction\",\"target\":[\"https:\/\/b2b.mvgd.pl\/index.php\/produkt\/gubernija-radler-grejpfrut-i-pomarancza-00\/\"]}]},{\"@type\":\"ImageObject\",\"inLanguage\":\"pl-PL\",\"@id\":\"https:\/\/b2b.mvgd.pl\/index.php\/produkt\/gubernija-radler-grejpfrut-i-pomarancza-00\/#primaryimage\",\"url\":\"https:\/\/b2b.mvgd.pl\/wp-content\/uploads\/2026\/02\/Gubernija-Radler-0.png\",\"contentUrl\":\"https:\/\/b2b.mvgd.pl\/wp-content\/uploads\/2026\/02\/Gubernija-Radler-0.png\",\"width\":900,\"height\":1200},{\"@type\":\"BreadcrumbList\",\"@id\":\"https:\/\/b2b.mvgd.pl\/index.php\/produkt\/gubernija-radler-grejpfrut-i-pomarancza-00\/#breadcrumb\",\"itemListElement\":[{\"@type\":\"ListItem\",\"position\":1,\"name\":\"Strona g\u0142\u00f3wna\",\"item\":\"https:\/\/b2b.mvgd.pl\/\"},{\"@type\":\"ListItem\",\"position\":2,\"name\":\"Shop\",\"item\":\"https:\/\/b2b.mvgd.pl\/index.php\/shop\/\"},{\"@type\":\"ListItem\",\"position\":3,\"name\":\"Gubernija Radler Grejpfrut i Pomara\u0144cza 0,0 %\"}]},{\"@type\":\"WebSite\",\"@id\":\"https:\/\/b2b.mvgd.pl\/#website\",\"url\":\"https:\/\/b2b.mvgd.pl\/\",\"name\":\"B2B MVGD PL\",\"description\":\"\",\"potentialAction\":[{\"@type\":\"SearchAction\",\"target\":{\"@type\":\"EntryPoint\",\"urlTemplate\":\"https:\/\/b2b.mvgd.pl\/?s={search_term_string}\"},\"query-input\":{\"@type\":\"PropertyValueSpecification\",\"valueRequired\":true,\"valueName\":\"search_term_string\"}}],\"inLanguage\":\"pl-PL\"}]}<\/script>\n<!-- \/ Yoast SEO plugin. -->","yoast_head_json":{"title":"Gubernija Radler Grejpfrut i Pomara\u0144cza 0,0 % - B2B MVGD PL","robots":{"index":"index","follow":"follow","max-snippet":"max-snippet:-1","max-image-preview":"max-image-preview:large","max-video-preview":"max-video-preview:-1"},"canonical":"https:\/\/b2b.mvgd.pl\/index.php\/produkt\/gubernija-radler-grejpfrut-i-pomarancza-00\/","og_locale":"pl_PL","og_type":"article","og_title":"Gubernija Radler Grejpfrut i Pomara\u0144cza 0,0 % - B2B MVGD PL","og_description":"Bezalkoholowa wersja orze\u017awiaj\u0105cego radlera grejpfutowo-pomara\u0144czowego z witaminami. Podobnie jak w wersji alkoholowej, r\u00f3wnie\u017c w tym piwie wyra\u017anie wyczuwalne s\u0105 nuty cytrus\u00f3w po\u0142\u0105czone z piwem. \u0141agodny smak piwa bezalkoholowego uzupe\u0142niaj\u0105 soki pomara\u0144czowe i grejpfrutowe oraz przyjemnie \u0142agodna goryczka, czyni\u0105c z niego \u015bwietn\u0105 propozycj\u0119 na letni wiecz\u00f3r lub wakacyjny chill na le\u017caku. Wzbogacony witaminami B3, B6, B7, B12, \u015bwietnie orze\u017awia, dzi\u0119ki czemu b\u0119dzie idealnym wyborem dla ka\u017cdego mi\u0142o\u015bnika aktywnego sp\u0119dzania letnich dni.","og_url":"https:\/\/b2b.mvgd.pl\/index.php\/produkt\/gubernija-radler-grejpfrut-i-pomarancza-00\/","og_site_name":"B2B MVGD PL","article_modified_time":"2026-02-16T18:40:31+00:00","twitter_card":"summary_large_image","schema":{"@context":"https:\/\/schema.org","@graph":[{"@type":"WebPage","@id":"https:\/\/b2b.mvgd.pl\/index.php\/produkt\/gubernija-radler-grejpfrut-i-pomarancza-00\/","url":"https:\/\/b2b.mvgd.pl\/index.php\/produkt\/gubernija-radler-grejpfrut-i-pomarancza-00\/","name":"Gubernija Radler Grejpfrut i Pomara\u0144cza 0,0 % - B2B MVGD PL","isPartOf":{"@id":"https:\/\/b2b.mvgd.pl\/#website"},"primaryImageOfPage":{"@id":"https:\/\/b2b.mvgd.pl\/index.php\/produkt\/gubernija-radler-grejpfrut-i-pomarancza-00\/#primaryimage"},"image":{"@id":"https:\/\/b2b.mvgd.pl\/index.php\/produkt\/gubernija-radler-grejpfrut-i-pomarancza-00\/#primaryimage"},"thumbnailUrl":"https:\/\/b2b.mvgd.pl\/wp-content\/uploads\/2026\/02\/Gubernija-Radler-0.png","datePublished":"2026-02-16T18:38:28+00:00","dateModified":"2026-02-16T18:40:31+00:00","breadcrumb":{"@id":"https:\/\/b2b.mvgd.pl\/index.php\/produkt\/gubernija-radler-grejpfrut-i-pomarancza-00\/#breadcrumb"},"inLanguage":"pl-PL","potentialAction":[{"@type":"ReadAction","target":["https:\/\/b2b.mvgd.pl\/index.php\/produkt\/gubernija-radler-grejpfrut-i-pomarancza-00\/"]}]},{"@type":"ImageObject","inLanguage":"pl-PL","@id":"https:\/\/b2b.mvgd.pl\/index.php\/produkt\/gubernija-radler-grejpfrut-i-pomarancza-00\/#primaryimage","url":"https:\/\/b2b.mvgd.pl\/wp-content\/uploads\/2026\/02\/Gubernija-Radler-0.png","contentUrl":"https:\/\/b2b.mvgd.pl\/wp-content\/uploads\/2026\/02\/Gubernija-Radler-0.png","width":900,"height":1200},{"@type":"BreadcrumbList","@id":"https:\/\/b2b.mvgd.pl\/index.php\/produkt\/gubernija-radler-grejpfrut-i-pomarancza-00\/#breadcrumb","itemListElement":[{"@type":"ListItem","position":1,"name":"Strona g\u0142\u00f3wna","item":"https:\/\/b2b.mvgd.pl\/"},{"@type":"ListItem","position":2,"name":"Shop","item":"https:\/\/b2b.mvgd.pl\/index.php\/shop\/"},{"@type":"ListItem","position":3,"name":"Gubernija Radler Grejpfrut i Pomara\u0144cza 0,0 %"}]},{"@type":"WebSite","@id":"https:\/\/b2b.mvgd.pl\/#website","url":"https:\/\/b2b.mvgd.pl\/","name":"B2B MVGD PL","description":"","potentialAction":[{"@type":"SearchAction","target":{"@type":"EntryPoint","urlTemplate":"https:\/\/b2b.mvgd.pl\/?s={search_term_string}"},"query-input":{"@type":"PropertyValueSpecification","valueRequired":true,"valueName":"search_term_string"}}],"inLanguage":"pl-PL"}]}},"jetpack_sharing_enabled":true,"_links":{"self":[{"href":"https:\/\/b2b.mvgd.pl\/index.php\/wp-json\/wp\/v2\/product\/327","targetHints":{"allow":["GET"]}}],"collection":[{"href":"https:\/\/b2b.mvgd.pl\/index.php\/wp-json\/wp\/v2\/product"}],"about":[{"href":"https:\/\/b2b.mvgd.pl\/index.php\/wp-json\/wp\/v2\/types\/product"}],"replies":[{"embeddable":true,"href":"https:\/\/b2b.mvgd.pl\/index.php\/wp-json\/wp\/v2\/comments?post=327"}],"version-history":[{"count":0,"href":"https:\/\/b2b.mvgd.pl\/index.php\/wp-json\/wp\/v2\/product\/327\/revisions"}],"wp:featuredmedia":[{"embeddable":true,"href":"https:\/\/b2b.mvgd.pl\/index.php\/wp-json\/wp\/v2\/media\/387"}],"wp:attachment":[{"href":"https:\/\/b2b.mvgd.pl\/index.php\/wp-json\/wp\/v2\/media?parent=327"}],"wp:term":[{"taxonomy":"product_brand","embeddable":true,"href":"https:\/\/b2b.mvgd.pl\/index.php\/wp-json\/wp\/v2\/product_brand?post=327"},{"taxonomy":"product_cat","embeddable":true,"href":"https:\/\/b2b.mvgd.pl\/index.php\/wp-json\/wp\/v2\/product_cat?post=327"},{"taxonomy":"product_tag","embeddable":true,"href":"https:\/\/b2b.mvgd.pl\/index.php\/wp-json\/wp\/v2\/product_tag?post=327"}],"curies":[{"name":"wp","href":"https:\/\/api.w.org\/{rel}","templated":true}]}}