{"id":1126,"date":"2026-02-16T19:04:23","date_gmt":"2026-02-16T19:04:23","guid":{"rendered":"https:\/\/b2b.mvgd.pl\/?post_type=product&#038;p=1126"},"modified":"2026-02-16T19:06:00","modified_gmt":"2026-02-16T19:06:00","slug":"nello-coro-viognier-terre-sicilliane-igp","status":"publish","type":"product","link":"https:\/\/b2b.mvgd.pl\/index.php\/produkt\/nello-coro-viognier-terre-sicilliane-igp\/","title":{"rendered":"Nello Coro Viognier Terre Sicilliane IGP"},"content":{"rendered":"<p data-start=\"334\" data-end=\"407\">Rodzaj wina: bia\u0142e<\/p>\n<p data-start=\"334\" data-end=\"407\">Odmiana winogron: Viognier<\/p>\n<p data-start=\"334\" data-end=\"407\">Nazwa pochodzenia: IGP Terre Siciliane<\/p>\n<p data-start=\"334\" data-end=\"407\">Obszar produkcji: zachodnia Sycylia<\/p>\n<p data-start=\"334\" data-end=\"407\">Okres zbior\u00f3w: koniec sierpnia<\/p>\n<p data-start=\"334\" data-end=\"407\">Rodzaj gleby: gliniasto-ilasta<\/p>\n<p data-start=\"334\" data-end=\"407\">Le\u017cakowanie: trzy miesi\u0105ce w zbiornikach stalowych.<\/p>\n<p data-start=\"334\" data-end=\"407\">Zawarto\u015b\u0107 alkoholu: 12,5%<\/p>\n<p data-start=\"334\" data-end=\"407\">Viognier o \u017c\u00f3\u0142tej barwie ze z\u0142otymi odbiciami. Posiada nuty dojrza\u0142ych owoc\u00f3w, takich jak nieszpu\u0142ka, \u017c\u00f3\u0142ta brzoskwinia i morela. Na podniebieniu jest pe\u0142ne, z owocowymi aromatami i dyskretn\u0105 mineralno\u015bci\u0105 oraz nutami gorzkich migda\u0142\u00f3w w finiszu. Viognier jest przyjemne jako aperitif, w po\u0142\u0105czeniu z bia\u0142ym mi\u0119sem i idealne do da\u0144 rybnych .<\/p>\n","protected":false},"excerpt":{"rendered":"<p data-start=\"334\" data-end=\"407\">Viognier o \u017c\u00f3\u0142tej barwie ze z\u0142otymi odbiciami. Posiada nuty dojrza\u0142ych owoc\u00f3w, takich jak nieszpu\u0142ka, \u017c\u00f3\u0142ta brzoskwinia i morela. Na podniebieniu jest pe\u0142ne, z owocowymi aromatami i dyskretn\u0105 mineralno\u015bci\u0105 oraz nutami gorzkich migda\u0142\u00f3w w finiszu. Viognier jest przyjemne jako aperitif, w po\u0142\u0105czeniu z bia\u0142ym mi\u0119sem i idealne do da\u0144 rybnych .<\/p>\n","protected":false},"featured_media":1177,"comment_status":"closed","ping_status":"closed","template":"","meta":[],"product_brand":[],"product_cat":[20,1208,18,19],"product_tag":[757,1359,649,577,499,321],"class_list":{"0":"post-1126","1":"product","2":"type-product","3":"status-publish","4":"has-post-thumbnail","6":"product_cat-veneto","7":"product_cat-wenecja","8":"product_cat-wina","9":"product_cat-wlochy-wina","10":"product_tag-biale","11":"product_tag-nello-coro","12":"product_tag-sycylia","13":"product_tag-wino-biale","14":"product_tag-wlochy","15":"product_tag-wytrawne","17":"first","18":"instock","19":"shipping-taxable","20":"purchasable","21":"product-type-simple"},"yoast_head":"<!-- This site is optimized with the Yoast SEO plugin v26.9 - https:\/\/yoast.com\/product\/yoast-seo-wordpress\/ -->\n<title>Nello Coro Viognier Terre Sicilliane IGP - B2B MVGD PL<\/title>\n<meta name=\"robots\" content=\"index, follow, max-snippet:-1, max-image-preview:large, max-video-preview:-1\" \/>\n<link rel=\"canonical\" href=\"https:\/\/b2b.mvgd.pl\/index.php\/produkt\/nello-coro-viognier-terre-sicilliane-igp\/\" \/>\n<meta property=\"og:locale\" content=\"pl_PL\" \/>\n<meta property=\"og:type\" content=\"article\" \/>\n<meta property=\"og:title\" content=\"Nello Coro Viognier Terre Sicilliane IGP - B2B MVGD PL\" \/>\n<meta property=\"og:description\" content=\"Viognier o \u017c\u00f3\u0142tej barwie ze z\u0142otymi odbiciami. Posiada nuty dojrza\u0142ych owoc\u00f3w, takich jak nieszpu\u0142ka, \u017c\u00f3\u0142ta brzoskwinia i morela. Na podniebieniu jest pe\u0142ne, z owocowymi aromatami i dyskretn\u0105 mineralno\u015bci\u0105 oraz nutami gorzkich migda\u0142\u00f3w w finiszu. Viognier jest przyjemne jako aperitif, w po\u0142\u0105czeniu z bia\u0142ym mi\u0119sem i idealne do da\u0144 rybnych .\" \/>\n<meta property=\"og:url\" content=\"https:\/\/b2b.mvgd.pl\/index.php\/produkt\/nello-coro-viognier-terre-sicilliane-igp\/\" \/>\n<meta property=\"og:site_name\" content=\"B2B MVGD PL\" \/>\n<meta property=\"article:modified_time\" content=\"2026-02-16T19:06:00+00:00\" \/>\n<meta name=\"twitter:card\" content=\"summary_large_image\" \/>\n<script type=\"application\/ld+json\" class=\"yoast-schema-graph\">{\"@context\":\"https:\/\/schema.org\",\"@graph\":[{\"@type\":\"WebPage\",\"@id\":\"https:\/\/b2b.mvgd.pl\/index.php\/produkt\/nello-coro-viognier-terre-sicilliane-igp\/\",\"url\":\"https:\/\/b2b.mvgd.pl\/index.php\/produkt\/nello-coro-viognier-terre-sicilliane-igp\/\",\"name\":\"Nello Coro Viognier Terre Sicilliane IGP - B2B MVGD PL\",\"isPartOf\":{\"@id\":\"https:\/\/b2b.mvgd.pl\/#website\"},\"primaryImageOfPage\":{\"@id\":\"https:\/\/b2b.mvgd.pl\/index.php\/produkt\/nello-coro-viognier-terre-sicilliane-igp\/#primaryimage\"},\"image\":{\"@id\":\"https:\/\/b2b.mvgd.pl\/index.php\/produkt\/nello-coro-viognier-terre-sicilliane-igp\/#primaryimage\"},\"thumbnailUrl\":\"https:\/\/b2b.mvgd.pl\/wp-content\/uploads\/2026\/02\/Nello-Coro-Viognier-Terre-Sicilliane-IGP.png\",\"datePublished\":\"2026-02-16T19:04:23+00:00\",\"dateModified\":\"2026-02-16T19:06:00+00:00\",\"breadcrumb\":{\"@id\":\"https:\/\/b2b.mvgd.pl\/index.php\/produkt\/nello-coro-viognier-terre-sicilliane-igp\/#breadcrumb\"},\"inLanguage\":\"pl-PL\",\"potentialAction\":[{\"@type\":\"ReadAction\",\"target\":[\"https:\/\/b2b.mvgd.pl\/index.php\/produkt\/nello-coro-viognier-terre-sicilliane-igp\/\"]}]},{\"@type\":\"ImageObject\",\"inLanguage\":\"pl-PL\",\"@id\":\"https:\/\/b2b.mvgd.pl\/index.php\/produkt\/nello-coro-viognier-terre-sicilliane-igp\/#primaryimage\",\"url\":\"https:\/\/b2b.mvgd.pl\/wp-content\/uploads\/2026\/02\/Nello-Coro-Viognier-Terre-Sicilliane-IGP.png\",\"contentUrl\":\"https:\/\/b2b.mvgd.pl\/wp-content\/uploads\/2026\/02\/Nello-Coro-Viognier-Terre-Sicilliane-IGP.png\",\"width\":900,\"height\":1200},{\"@type\":\"BreadcrumbList\",\"@id\":\"https:\/\/b2b.mvgd.pl\/index.php\/produkt\/nello-coro-viognier-terre-sicilliane-igp\/#breadcrumb\",\"itemListElement\":[{\"@type\":\"ListItem\",\"position\":1,\"name\":\"Strona g\u0142\u00f3wna\",\"item\":\"https:\/\/b2b.mvgd.pl\/\"},{\"@type\":\"ListItem\",\"position\":2,\"name\":\"Shop\",\"item\":\"https:\/\/b2b.mvgd.pl\/index.php\/shop\/\"},{\"@type\":\"ListItem\",\"position\":3,\"name\":\"Nello Coro Viognier Terre Sicilliane IGP\"}]},{\"@type\":\"WebSite\",\"@id\":\"https:\/\/b2b.mvgd.pl\/#website\",\"url\":\"https:\/\/b2b.mvgd.pl\/\",\"name\":\"B2B MVGD PL\",\"description\":\"\",\"potentialAction\":[{\"@type\":\"SearchAction\",\"target\":{\"@type\":\"EntryPoint\",\"urlTemplate\":\"https:\/\/b2b.mvgd.pl\/?s={search_term_string}\"},\"query-input\":{\"@type\":\"PropertyValueSpecification\",\"valueRequired\":true,\"valueName\":\"search_term_string\"}}],\"inLanguage\":\"pl-PL\"}]}<\/script>\n<!-- \/ Yoast SEO plugin. -->","yoast_head_json":{"title":"Nello Coro Viognier Terre Sicilliane IGP - B2B MVGD PL","robots":{"index":"index","follow":"follow","max-snippet":"max-snippet:-1","max-image-preview":"max-image-preview:large","max-video-preview":"max-video-preview:-1"},"canonical":"https:\/\/b2b.mvgd.pl\/index.php\/produkt\/nello-coro-viognier-terre-sicilliane-igp\/","og_locale":"pl_PL","og_type":"article","og_title":"Nello Coro Viognier Terre Sicilliane IGP - B2B MVGD PL","og_description":"Viognier o \u017c\u00f3\u0142tej barwie ze z\u0142otymi odbiciami. Posiada nuty dojrza\u0142ych owoc\u00f3w, takich jak nieszpu\u0142ka, \u017c\u00f3\u0142ta brzoskwinia i morela. Na podniebieniu jest pe\u0142ne, z owocowymi aromatami i dyskretn\u0105 mineralno\u015bci\u0105 oraz nutami gorzkich migda\u0142\u00f3w w finiszu. Viognier jest przyjemne jako aperitif, w po\u0142\u0105czeniu z bia\u0142ym mi\u0119sem i idealne do da\u0144 rybnych .","og_url":"https:\/\/b2b.mvgd.pl\/index.php\/produkt\/nello-coro-viognier-terre-sicilliane-igp\/","og_site_name":"B2B MVGD PL","article_modified_time":"2026-02-16T19:06:00+00:00","twitter_card":"summary_large_image","schema":{"@context":"https:\/\/schema.org","@graph":[{"@type":"WebPage","@id":"https:\/\/b2b.mvgd.pl\/index.php\/produkt\/nello-coro-viognier-terre-sicilliane-igp\/","url":"https:\/\/b2b.mvgd.pl\/index.php\/produkt\/nello-coro-viognier-terre-sicilliane-igp\/","name":"Nello Coro Viognier Terre Sicilliane IGP - B2B MVGD PL","isPartOf":{"@id":"https:\/\/b2b.mvgd.pl\/#website"},"primaryImageOfPage":{"@id":"https:\/\/b2b.mvgd.pl\/index.php\/produkt\/nello-coro-viognier-terre-sicilliane-igp\/#primaryimage"},"image":{"@id":"https:\/\/b2b.mvgd.pl\/index.php\/produkt\/nello-coro-viognier-terre-sicilliane-igp\/#primaryimage"},"thumbnailUrl":"https:\/\/b2b.mvgd.pl\/wp-content\/uploads\/2026\/02\/Nello-Coro-Viognier-Terre-Sicilliane-IGP.png","datePublished":"2026-02-16T19:04:23+00:00","dateModified":"2026-02-16T19:06:00+00:00","breadcrumb":{"@id":"https:\/\/b2b.mvgd.pl\/index.php\/produkt\/nello-coro-viognier-terre-sicilliane-igp\/#breadcrumb"},"inLanguage":"pl-PL","potentialAction":[{"@type":"ReadAction","target":["https:\/\/b2b.mvgd.pl\/index.php\/produkt\/nello-coro-viognier-terre-sicilliane-igp\/"]}]},{"@type":"ImageObject","inLanguage":"pl-PL","@id":"https:\/\/b2b.mvgd.pl\/index.php\/produkt\/nello-coro-viognier-terre-sicilliane-igp\/#primaryimage","url":"https:\/\/b2b.mvgd.pl\/wp-content\/uploads\/2026\/02\/Nello-Coro-Viognier-Terre-Sicilliane-IGP.png","contentUrl":"https:\/\/b2b.mvgd.pl\/wp-content\/uploads\/2026\/02\/Nello-Coro-Viognier-Terre-Sicilliane-IGP.png","width":900,"height":1200},{"@type":"BreadcrumbList","@id":"https:\/\/b2b.mvgd.pl\/index.php\/produkt\/nello-coro-viognier-terre-sicilliane-igp\/#breadcrumb","itemListElement":[{"@type":"ListItem","position":1,"name":"Strona g\u0142\u00f3wna","item":"https:\/\/b2b.mvgd.pl\/"},{"@type":"ListItem","position":2,"name":"Shop","item":"https:\/\/b2b.mvgd.pl\/index.php\/shop\/"},{"@type":"ListItem","position":3,"name":"Nello Coro Viognier Terre Sicilliane IGP"}]},{"@type":"WebSite","@id":"https:\/\/b2b.mvgd.pl\/#website","url":"https:\/\/b2b.mvgd.pl\/","name":"B2B MVGD PL","description":"","potentialAction":[{"@type":"SearchAction","target":{"@type":"EntryPoint","urlTemplate":"https:\/\/b2b.mvgd.pl\/?s={search_term_string}"},"query-input":{"@type":"PropertyValueSpecification","valueRequired":true,"valueName":"search_term_string"}}],"inLanguage":"pl-PL"}]}},"jetpack_sharing_enabled":true,"_links":{"self":[{"href":"https:\/\/b2b.mvgd.pl\/index.php\/wp-json\/wp\/v2\/product\/1126","targetHints":{"allow":["GET"]}}],"collection":[{"href":"https:\/\/b2b.mvgd.pl\/index.php\/wp-json\/wp\/v2\/product"}],"about":[{"href":"https:\/\/b2b.mvgd.pl\/index.php\/wp-json\/wp\/v2\/types\/product"}],"replies":[{"embeddable":true,"href":"https:\/\/b2b.mvgd.pl\/index.php\/wp-json\/wp\/v2\/comments?post=1126"}],"version-history":[{"count":0,"href":"https:\/\/b2b.mvgd.pl\/index.php\/wp-json\/wp\/v2\/product\/1126\/revisions"}],"wp:featuredmedia":[{"embeddable":true,"href":"https:\/\/b2b.mvgd.pl\/index.php\/wp-json\/wp\/v2\/media\/1177"}],"wp:attachment":[{"href":"https:\/\/b2b.mvgd.pl\/index.php\/wp-json\/wp\/v2\/media?parent=1126"}],"wp:term":[{"taxonomy":"product_brand","embeddable":true,"href":"https:\/\/b2b.mvgd.pl\/index.php\/wp-json\/wp\/v2\/product_brand?post=1126"},{"taxonomy":"product_cat","embeddable":true,"href":"https:\/\/b2b.mvgd.pl\/index.php\/wp-json\/wp\/v2\/product_cat?post=1126"},{"taxonomy":"product_tag","embeddable":true,"href":"https:\/\/b2b.mvgd.pl\/index.php\/wp-json\/wp\/v2\/product_tag?post=1126"}],"curies":[{"name":"wp","href":"https:\/\/api.w.org\/{rel}","templated":true}]}}