{"id":1029,"date":"2026-02-16T19:01:30","date_gmt":"2026-02-16T19:01:30","guid":{"rendered":"https:\/\/b2b.mvgd.pl\/?post_type=product&#038;p=1029"},"modified":"2026-02-16T19:02:58","modified_gmt":"2026-02-16T19:02:58","slug":"madame-2022-2023-aoc-bordeaux-075l","status":"publish","type":"product","link":"https:\/\/b2b.mvgd.pl\/index.php\/produkt\/madame-2022-2023-aoc-bordeaux-075l\/","title":{"rendered":"Madame 2022\/2023 AOC Bordeaux 0,75l"},"content":{"rendered":"<article class=\"text-token-text-primary w-full focus:outline-none scroll-mt-[calc(var(--header-height)+min(200px,max(70px,20svh)))]\" dir=\"auto\" data-testid=\"conversation-turn-302\" data-scroll-anchor=\"true\" data-turn=\"assistant\">\n<div class=\"text-base my-auto mx-auto pb-10 [--thread-content-margin:--spacing(4)] @[37rem]:[--thread-content-margin:--spacing(6)] @[72rem]:[--thread-content-margin:--spacing(16)] px-(--thread-content-margin)\">\n<div class=\"[--thread-content-max-width:32rem] @[34rem]:[--thread-content-max-width:40rem] @[64rem]:[--thread-content-max-width:48rem] mx-auto max-w-(--thread-content-max-width) flex-1 group\/turn-messages focus-visible:outline-hidden relative flex w-full min-w-0 flex-col agent-turn\">\n<div class=\"flex max-w-full flex-col grow\">\n<div class=\"min-h-8 text-message relative flex w-full flex-col items-end gap-2 text-start break-words whitespace-normal [.text-message+&amp;]:mt-5\" dir=\"auto\" data-message-author-role=\"assistant\" data-message-id=\"020de48d-4bf9-4c57-864d-2d0b023c83c4\" data-message-model-slug=\"gpt-4o\">\n<div class=\"flex w-full flex-col gap-1 empty:hidden first:pt-[3px]\">\n<div class=\"markdown prose dark:prose-invert w-full break-words dark\">\n<p data-start=\"5917\" data-end=\"6096\">Madame 2022\/2023 AOC Bordeaux to z\u0142o\u017cone, czerwone wino z regionu Bordeaux, wykonane w 100% z odmiany Merlot. Charakteryzuje si\u0119 eleganckim profilem i dobr\u0105 struktur\u0105.<\/p>\n<p data-start=\"6098\" data-end=\"6223\"><strong data-start=\"6098\" data-end=\"6109\">Aromat: <\/strong>Intensywne nuty czarnych owoc\u00f3w, takich jak czarna porzeczka i jagoda, z delikatnymi akcentami przypraw i d\u0119bu.<\/p>\n<p data-start=\"6225\" data-end=\"6311\"><strong data-start=\"6225\" data-end=\"6234\">Smak: <\/strong>Dobrze zbalansowana kwasowo\u015b\u0107, aksamitne taniny i d\u0142ugi, elegancki finisz.<\/p>\n<p data-start=\"6313\" data-end=\"6408\"><strong data-start=\"6313\" data-end=\"6339\">Dopasowanie kulinarne: <\/strong>Idealne do pieczonych mi\u0119s, dziczyzny, gulaszy i dojrza\u0142ych ser\u00f3w.<\/p>\n<p data-start=\"6410\" data-end=\"6476\"><strong data-start=\"6410\" data-end=\"6437\">Temperatura serwowania:<\/strong> 16\u201318\u00b0C<br data-start=\"6445\" data-end=\"6448\" \/><strong data-start=\"6448\" data-end=\"6467\">Napowietrzanie:<\/strong> Zalecane<\/p>\n<p data-start=\"6478\" data-end=\"6550\"><strong data-start=\"6478\" data-end=\"6492\">Charakter: <\/strong>Z\u0142o\u017cone, eleganckie wino czerwone o klasycznym profilu.<\/p>\n<\/div>\n<\/div>\n<\/div>\n<\/div>\n<\/div>\n<\/div>\n<\/article>\n","protected":false},"excerpt":{"rendered":"<p data-start=\"1174\" data-end=\"1314\">Czerwone wino z Francji, wykonane w 100% z odmiany Merlot. Z\u0142o\u017cone, eleganckie, idealne do da\u0144 mi\u0119snych.<\/p>\n","protected":false},"featured_media":1080,"comment_status":"closed","ping_status":"closed","template":"","meta":[],"product_brand":[],"product_cat":[950,676],"product_tag":[1238,737,681,1239,1226],"class_list":{"0":"post-1029","1":"product","2":"type-product","3":"status-publish","4":"has-post-thumbnail","6":"product_cat-bordeaux","7":"product_cat-francja","8":"product_tag-bordeaux","9":"product_tag-czerwone","10":"product_tag-francja","11":"product_tag-madame","12":"product_tag-spokojne","14":"first","15":"instock","16":"shipping-taxable","17":"purchasable","18":"product-type-simple"},"yoast_head":"<!-- This site is optimized with the Yoast SEO plugin v26.9 - https:\/\/yoast.com\/product\/yoast-seo-wordpress\/ -->\n<title>Madame 2022\/2023 AOC Bordeaux 0,75l - B2B MVGD PL<\/title>\n<meta name=\"robots\" content=\"index, follow, max-snippet:-1, max-image-preview:large, max-video-preview:-1\" \/>\n<link rel=\"canonical\" href=\"https:\/\/b2b.mvgd.pl\/index.php\/produkt\/madame-2022-2023-aoc-bordeaux-075l\/\" \/>\n<meta property=\"og:locale\" content=\"pl_PL\" \/>\n<meta property=\"og:type\" content=\"article\" \/>\n<meta property=\"og:title\" content=\"Madame 2022\/2023 AOC Bordeaux 0,75l - B2B MVGD PL\" \/>\n<meta property=\"og:description\" content=\"Czerwone wino z Francji, wykonane w 100% z odmiany Merlot. Z\u0142o\u017cone, eleganckie, idealne do da\u0144 mi\u0119snych.\" \/>\n<meta property=\"og:url\" content=\"https:\/\/b2b.mvgd.pl\/index.php\/produkt\/madame-2022-2023-aoc-bordeaux-075l\/\" \/>\n<meta property=\"og:site_name\" content=\"B2B MVGD PL\" \/>\n<meta property=\"article:modified_time\" content=\"2026-02-16T19:02:58+00:00\" \/>\n<meta name=\"twitter:card\" content=\"summary_large_image\" \/>\n<script type=\"application\/ld+json\" class=\"yoast-schema-graph\">{\"@context\":\"https:\/\/schema.org\",\"@graph\":[{\"@type\":\"WebPage\",\"@id\":\"https:\/\/b2b.mvgd.pl\/index.php\/produkt\/madame-2022-2023-aoc-bordeaux-075l\/\",\"url\":\"https:\/\/b2b.mvgd.pl\/index.php\/produkt\/madame-2022-2023-aoc-bordeaux-075l\/\",\"name\":\"Madame 2022\/2023 AOC Bordeaux 0,75l - B2B MVGD PL\",\"isPartOf\":{\"@id\":\"https:\/\/b2b.mvgd.pl\/#website\"},\"primaryImageOfPage\":{\"@id\":\"https:\/\/b2b.mvgd.pl\/index.php\/produkt\/madame-2022-2023-aoc-bordeaux-075l\/#primaryimage\"},\"image\":{\"@id\":\"https:\/\/b2b.mvgd.pl\/index.php\/produkt\/madame-2022-2023-aoc-bordeaux-075l\/#primaryimage\"},\"thumbnailUrl\":\"https:\/\/b2b.mvgd.pl\/wp-content\/uploads\/2026\/02\/Madame-20222023-AOC-Bordeaux.png\",\"datePublished\":\"2026-02-16T19:01:30+00:00\",\"dateModified\":\"2026-02-16T19:02:58+00:00\",\"breadcrumb\":{\"@id\":\"https:\/\/b2b.mvgd.pl\/index.php\/produkt\/madame-2022-2023-aoc-bordeaux-075l\/#breadcrumb\"},\"inLanguage\":\"pl-PL\",\"potentialAction\":[{\"@type\":\"ReadAction\",\"target\":[\"https:\/\/b2b.mvgd.pl\/index.php\/produkt\/madame-2022-2023-aoc-bordeaux-075l\/\"]}]},{\"@type\":\"ImageObject\",\"inLanguage\":\"pl-PL\",\"@id\":\"https:\/\/b2b.mvgd.pl\/index.php\/produkt\/madame-2022-2023-aoc-bordeaux-075l\/#primaryimage\",\"url\":\"https:\/\/b2b.mvgd.pl\/wp-content\/uploads\/2026\/02\/Madame-20222023-AOC-Bordeaux.png\",\"contentUrl\":\"https:\/\/b2b.mvgd.pl\/wp-content\/uploads\/2026\/02\/Madame-20222023-AOC-Bordeaux.png\",\"width\":900,\"height\":1200},{\"@type\":\"BreadcrumbList\",\"@id\":\"https:\/\/b2b.mvgd.pl\/index.php\/produkt\/madame-2022-2023-aoc-bordeaux-075l\/#breadcrumb\",\"itemListElement\":[{\"@type\":\"ListItem\",\"position\":1,\"name\":\"Strona g\u0142\u00f3wna\",\"item\":\"https:\/\/b2b.mvgd.pl\/\"},{\"@type\":\"ListItem\",\"position\":2,\"name\":\"Shop\",\"item\":\"https:\/\/b2b.mvgd.pl\/index.php\/shop\/\"},{\"@type\":\"ListItem\",\"position\":3,\"name\":\"Madame 2022\/2023 AOC Bordeaux 0,75l\"}]},{\"@type\":\"WebSite\",\"@id\":\"https:\/\/b2b.mvgd.pl\/#website\",\"url\":\"https:\/\/b2b.mvgd.pl\/\",\"name\":\"B2B MVGD PL\",\"description\":\"\",\"potentialAction\":[{\"@type\":\"SearchAction\",\"target\":{\"@type\":\"EntryPoint\",\"urlTemplate\":\"https:\/\/b2b.mvgd.pl\/?s={search_term_string}\"},\"query-input\":{\"@type\":\"PropertyValueSpecification\",\"valueRequired\":true,\"valueName\":\"search_term_string\"}}],\"inLanguage\":\"pl-PL\"}]}<\/script>\n<!-- \/ Yoast SEO plugin. -->","yoast_head_json":{"title":"Madame 2022\/2023 AOC Bordeaux 0,75l - B2B MVGD PL","robots":{"index":"index","follow":"follow","max-snippet":"max-snippet:-1","max-image-preview":"max-image-preview:large","max-video-preview":"max-video-preview:-1"},"canonical":"https:\/\/b2b.mvgd.pl\/index.php\/produkt\/madame-2022-2023-aoc-bordeaux-075l\/","og_locale":"pl_PL","og_type":"article","og_title":"Madame 2022\/2023 AOC Bordeaux 0,75l - B2B MVGD PL","og_description":"Czerwone wino z Francji, wykonane w 100% z odmiany Merlot. Z\u0142o\u017cone, eleganckie, idealne do da\u0144 mi\u0119snych.","og_url":"https:\/\/b2b.mvgd.pl\/index.php\/produkt\/madame-2022-2023-aoc-bordeaux-075l\/","og_site_name":"B2B MVGD PL","article_modified_time":"2026-02-16T19:02:58+00:00","twitter_card":"summary_large_image","schema":{"@context":"https:\/\/schema.org","@graph":[{"@type":"WebPage","@id":"https:\/\/b2b.mvgd.pl\/index.php\/produkt\/madame-2022-2023-aoc-bordeaux-075l\/","url":"https:\/\/b2b.mvgd.pl\/index.php\/produkt\/madame-2022-2023-aoc-bordeaux-075l\/","name":"Madame 2022\/2023 AOC Bordeaux 0,75l - B2B MVGD PL","isPartOf":{"@id":"https:\/\/b2b.mvgd.pl\/#website"},"primaryImageOfPage":{"@id":"https:\/\/b2b.mvgd.pl\/index.php\/produkt\/madame-2022-2023-aoc-bordeaux-075l\/#primaryimage"},"image":{"@id":"https:\/\/b2b.mvgd.pl\/index.php\/produkt\/madame-2022-2023-aoc-bordeaux-075l\/#primaryimage"},"thumbnailUrl":"https:\/\/b2b.mvgd.pl\/wp-content\/uploads\/2026\/02\/Madame-20222023-AOC-Bordeaux.png","datePublished":"2026-02-16T19:01:30+00:00","dateModified":"2026-02-16T19:02:58+00:00","breadcrumb":{"@id":"https:\/\/b2b.mvgd.pl\/index.php\/produkt\/madame-2022-2023-aoc-bordeaux-075l\/#breadcrumb"},"inLanguage":"pl-PL","potentialAction":[{"@type":"ReadAction","target":["https:\/\/b2b.mvgd.pl\/index.php\/produkt\/madame-2022-2023-aoc-bordeaux-075l\/"]}]},{"@type":"ImageObject","inLanguage":"pl-PL","@id":"https:\/\/b2b.mvgd.pl\/index.php\/produkt\/madame-2022-2023-aoc-bordeaux-075l\/#primaryimage","url":"https:\/\/b2b.mvgd.pl\/wp-content\/uploads\/2026\/02\/Madame-20222023-AOC-Bordeaux.png","contentUrl":"https:\/\/b2b.mvgd.pl\/wp-content\/uploads\/2026\/02\/Madame-20222023-AOC-Bordeaux.png","width":900,"height":1200},{"@type":"BreadcrumbList","@id":"https:\/\/b2b.mvgd.pl\/index.php\/produkt\/madame-2022-2023-aoc-bordeaux-075l\/#breadcrumb","itemListElement":[{"@type":"ListItem","position":1,"name":"Strona g\u0142\u00f3wna","item":"https:\/\/b2b.mvgd.pl\/"},{"@type":"ListItem","position":2,"name":"Shop","item":"https:\/\/b2b.mvgd.pl\/index.php\/shop\/"},{"@type":"ListItem","position":3,"name":"Madame 2022\/2023 AOC Bordeaux 0,75l"}]},{"@type":"WebSite","@id":"https:\/\/b2b.mvgd.pl\/#website","url":"https:\/\/b2b.mvgd.pl\/","name":"B2B MVGD PL","description":"","potentialAction":[{"@type":"SearchAction","target":{"@type":"EntryPoint","urlTemplate":"https:\/\/b2b.mvgd.pl\/?s={search_term_string}"},"query-input":{"@type":"PropertyValueSpecification","valueRequired":true,"valueName":"search_term_string"}}],"inLanguage":"pl-PL"}]}},"jetpack_sharing_enabled":true,"_links":{"self":[{"href":"https:\/\/b2b.mvgd.pl\/index.php\/wp-json\/wp\/v2\/product\/1029","targetHints":{"allow":["GET"]}}],"collection":[{"href":"https:\/\/b2b.mvgd.pl\/index.php\/wp-json\/wp\/v2\/product"}],"about":[{"href":"https:\/\/b2b.mvgd.pl\/index.php\/wp-json\/wp\/v2\/types\/product"}],"replies":[{"embeddable":true,"href":"https:\/\/b2b.mvgd.pl\/index.php\/wp-json\/wp\/v2\/comments?post=1029"}],"version-history":[{"count":0,"href":"https:\/\/b2b.mvgd.pl\/index.php\/wp-json\/wp\/v2\/product\/1029\/revisions"}],"wp:featuredmedia":[{"embeddable":true,"href":"https:\/\/b2b.mvgd.pl\/index.php\/wp-json\/wp\/v2\/media\/1080"}],"wp:attachment":[{"href":"https:\/\/b2b.mvgd.pl\/index.php\/wp-json\/wp\/v2\/media?parent=1029"}],"wp:term":[{"taxonomy":"product_brand","embeddable":true,"href":"https:\/\/b2b.mvgd.pl\/index.php\/wp-json\/wp\/v2\/product_brand?post=1029"},{"taxonomy":"product_cat","embeddable":true,"href":"https:\/\/b2b.mvgd.pl\/index.php\/wp-json\/wp\/v2\/product_cat?post=1029"},{"taxonomy":"product_tag","embeddable":true,"href":"https:\/\/b2b.mvgd.pl\/index.php\/wp-json\/wp\/v2\/product_tag?post=1029"}],"curies":[{"name":"wp","href":"https:\/\/api.w.org\/{rel}","templated":true}]}}